000
CDUS46 KPDT 040034 RRC
CLIYKM

CLIMATE REPORT
NATIONAL WEATHER SERVICE PENDLETON OR
533 PM PDT TUE MAY 3 2016


...................................

...THE YAKIMA WA CLIMATE SUMMARY FOR MAY 3 2016...
VALID TODAY AS OF 0500 PM LOCAL TIME.

CLIMATE NORMAL PERIOD 1981 TO 2010
CLIMATE RECORD PERIOD 1946 TO 2016


WEATHER ITEM   OBSERVED TIME   RECORD YEAR NORMAL DEPARTURE LAST
                VALUE   (LST)  VALUE       VALUE  FROM      YEAR
                                                  NORMAL
..................................................................
TEMPERATURE (F)
 TODAY
  MAXIMUM         86    321 PM  87    1971  69     17       78
                                      1966
  MINIMUM         46    507 AM  27    2007  38      8       41
                                      1996
                                      1988
  AVERAGE         66                        53     13       60

PRECIPITATION (IN)
  TODAY            0.00          0.11 1960   0.01  -0.01     0.00
  MONTH TO DATE    0.00                      0.05  -0.05     0.00
  SINCE OCT 1      9.46                      6.26   3.20     4.52
  SINCE JAN 1      4.81                      3.14   1.67     2.42

SNOWFALL (IN)
  TODAY            0.0           0.0  2002   0.0    0.0      0.0
                                      2001
                                      2000
  MONTH TO DATE    0.0                       0.0    0.0      0.0
  SINCE JAN 1     12.5                       8.6    3.9      1.6
  SINCE JUL 1     31.4                      21.6    9.8      1.6
  SNOW DEPTH       0

DEGREE DAYS
 HEATING
  TODAY            0                        12    -12        5
  MONTH TO DATE    2                        36    -34        9
  SINCE MAR 1    757                      1191   -434      848
  SINCE JUL 1   4507                      5718  -1211     4430

 COOLING
  TODAY            1                         0      1        0
  MONTH TO DATE    1                         0      1        2
  SINCE MAR 1      7                         1      6        2
  SINCE JAN 1      7                         1      6        2
..................................................................


WIND (MPH)
  HIGHEST WIND SPEED    10   HIGHEST WIND DIRECTION     W (280)
  HIGHEST GUST SPEED    11   HIGHEST GUST DIRECTION     W (280)
  AVERAGE WIND SPEED     3.9


SKY COVER
  POSSIBLE SUNSHINE  MM
  AVERAGE SKY COVER 0.2


WEATHER CONDITIONS
 THE FOLLOWING WEATHER WAS RECORDED TODAY.
  NO SIGNIFICANT WEATHER WAS OBSERVED.


RELATIVE HUMIDITY (PERCENT)
 HIGHEST    76           500 AM
 LOWEST     22           100 PM
 AVERAGE    49

..........................................................


THE YAKIMA WA CLIMATE NORMALS FOR TOMORROW
                         NORMAL    RECORD    YEAR
 MAXIMUM TEMPERATURE (F)   69        90      1966
 MINIMUM TEMPERATURE (F)   38        26      1975


SUNRISE AND SUNSET
MAY  3 2016...........SUNRISE   544 AM PDT   SUNSET   815 PM PDT
MAY  4 2016...........SUNRISE   542 AM PDT   SUNSET   816 PM PDT


-  INDICATES NEGATIVE NUMBERS.
R  INDICATES RECORD WAS SET OR TIED.
MM INDICATES DATA IS MISSING.
T  INDICATES TRACE AMOUNT.




$$
