000
CDUS46 KPDT 060837 RRB
CLIYKM

CLIMATE REPORT
NATIONAL WEATHER SERVICE PENDLETON OR
1235 AM PST SAT FEB 6 2016


...................................

...THE YAKIMA WA CLIMATE SUMMARY FOR FEBRUARY 5 2016...

CLIMATE NORMAL PERIOD 1981 TO 2010
CLIMATE RECORD PERIOD 1946 TO 2016


WEATHER ITEM   OBSERVED TIME   RECORD YEAR NORMAL DEPARTURE LAST
                VALUE   (LST)  VALUE       VALUE  FROM      YEAR
                                                  NORMAL
..................................................................
TEMPERATURE (F)
 YESTERDAY
  MAXIMUM         51    804 PM  58    1991  44      7       48
  MINIMUM         30    733 AM  -7    1949  25      5       40
  AVERAGE         41                        34      7       44

PRECIPITATION (IN)
  YESTERDAY        0.00          0.24 1996   0.03  -0.03     0.14
  MONTH TO DATE    0.03                      0.14  -0.11     0.31
  SINCE OCT 1      6.99                      4.40   2.59     3.11
  SINCE JAN 1      2.34                      1.28   1.06     1.01

SNOWFALL (IN)
  YESTERDAY        0.0           1.6  1996   0.1   -0.1      0.0
  MONTH TO DATE    0.8                       0.6    0.2      0.0
  SINCE JAN 1     12.5                       5.9    6.6      1.6
  SINCE JUL 1     31.4                      18.9   12.5      1.6
  SNOW DEPTH       0

DEGREE DAYS
 HEATING
  YESTERDAY       24                        31     -7       21
  MONTH TO DATE  143                       155    -12      130
  SINCE DEC 1   2141                      2340   -199     1954
  SINCE JUL 1   3255                      3873   -618     3138

 COOLING
  YESTERDAY        0                         0      0        0
  MONTH TO DATE    0                         0      0        0
  SINCE DEC 1      0                         0      0        0
  SINCE JAN 1      0                         0      0        0
..................................................................


WIND (MPH)
  HIGHEST WIND SPEED    22   HIGHEST WIND DIRECTION     S (190)
  HIGHEST GUST SPEED    28   HIGHEST GUST DIRECTION     S (190)
  AVERAGE WIND SPEED     4.6


SKY COVER
  POSSIBLE SUNSHINE  MM
  AVERAGE SKY COVER 0.2


WEATHER CONDITIONS
 THE FOLLOWING WEATHER WAS RECORDED YESTERDAY.
  NO SIGNIFICANT WEATHER WAS OBSERVED.


RELATIVE HUMIDITY (PERCENT)
 HIGHEST    89           100 AM
 LOWEST     53          1100 PM
 AVERAGE    71

..........................................................


THE YAKIMA WA CLIMATE NORMALS FOR TODAY
                         NORMAL    RECORD    YEAR
 MAXIMUM TEMPERATURE (F)   44        60      2015
                                             1967
 MINIMUM TEMPERATURE (F)   25         0      1985


SUNRISE AND SUNSET
FEBRUARY  6 2016......SUNRISE   720 AM PST   SUNSET   513 PM PST
FEBRUARY  7 2016......SUNRISE   718 AM PST   SUNSET   515 PM PST


-  INDICATES NEGATIVE NUMBERS.
R  INDICATES RECORD WAS SET OR TIED.
MM INDICATES DATA IS MISSING.
T  INDICATES TRACE AMOUNT.




$$
