000
CDUS46 KPDT 200029
CLIYKM

CLIMATE REPORT
NATIONAL WEATHER SERVICE PENDLETON OR
428 PM PST THU JAN 19 2017


...................................

...THE YAKIMA WA CLIMATE SUMMARY FOR JANUARY 19 2017...
VALID TODAY AS OF 0400 PM LOCAL TIME.

CLIMATE NORMAL PERIOD 1981 TO 2010
CLIMATE RECORD PERIOD 1946 TO 2017


WEATHER ITEM   OBSERVED TIME   RECORD YEAR NORMAL DEPARTURE LAST
                VALUE   (LST)  VALUE       VALUE  FROM      YEAR
                                                  NORMAL
..................................................................
TEMPERATURE (F)
 TODAY
  MAXIMUM         36    354 PM  59    1968  39     -3       36
  MINIMUM         30    740 AM  -9    1954  24      6       34
  AVERAGE         33                        32      1       35

PRECIPITATION (IN)
  TODAY            0.00          0.50 2016   0.03  -0.03     0.50
  MONTH TO DATE    1.37                      0.76   0.61     1.64
  SINCE OCT 1      5.29                      3.88   1.41     6.29
  SINCE JAN 1      1.37                      0.76   0.61     1.64

SNOWFALL (IN)
  TODAY            0.0           6.5  1957   0.1   -0.1      1.0
  MONTH TO DATE   13.5                       3.8    9.7     11.7
  SINCE JAN 1     13.5                       3.8    9.7     11.7
  SINCE JUL 1     20.9                      16.8    4.1     30.6
  SNOW DEPTH      MM

DEGREE DAYS
 HEATING
  TODAY           32                        33     -1       30
  MONTH TO DATE  889                       669    220      641
  SINCE DEC 1   2090                      1799    291     1676
  SINCE JUL 1   3109                      3332   -223     2790

 COOLING
  TODAY            0                         0      0        0
  MONTH TO DATE    0                         0      0        0
  SINCE DEC 1      0                         0      0        0
  SINCE JAN 1      0                         0      0        0
..................................................................


WIND (MPH)
  HIGHEST WIND SPEED     9   HIGHEST WIND DIRECTION     N (20)
  HIGHEST GUST SPEED    10   HIGHEST GUST DIRECTION     E (80)
  AVERAGE WIND SPEED     2.2


SKY COVER
  POSSIBLE SUNSHINE  MM
  AVERAGE SKY COVER 1.0


WEATHER CONDITIONS
 THE FOLLOWING WEATHER WAS RECORDED TODAY.
  FOG
  FOG W/VISIBILITY <= 1/4 MILE


RELATIVE HUMIDITY (PERCENT)
 HIGHEST    96          1000 AM
 LOWEST     85          1200 AM
 AVERAGE    91

..........................................................


THE YAKIMA WA CLIMATE NORMALS FOR TOMORROW
                         NORMAL    RECORD    YEAR
 MAXIMUM TEMPERATURE (F)   40        58      1972
 MINIMUM TEMPERATURE (F)   24       -19      1954


SUNRISE AND SUNSET
JANUARY 19 2017.......SUNRISE   739 AM PST   SUNSET   448 PM PST
JANUARY 20 2017.......SUNRISE   738 AM PST   SUNSET   449 PM PST


-  INDICATES NEGATIVE NUMBERS.
R  INDICATES RECORD WAS SET OR TIED.
MM INDICATES DATA IS MISSING.
T  INDICATES TRACE AMOUNT.




$$
