000
CDUS46 KPDT 180028
CLIYKM

CLIMATE REPORT
NATIONAL WEATHER SERVICE PENDLETON OR
428 PM PST WED DEC 17 2014


...................................

...THE YAKIMA WA CLIMATE SUMMARY FOR DECEMBER 17 2014...
VALID TODAY AS OF 0400 PM LOCAL TIME.

CLIMATE NORMAL PERIOD 1981 TO 2010
CLIMATE RECORD PERIOD 1946 TO 2014


WEATHER ITEM   OBSERVED TIME   RECORD YEAR NORMAL DEPARTURE LAST
                VALUE   (LST)  VALUE       VALUE  FROM      YEAR
                                                  NORMAL
..................................................................
TEMPERATURE (F)
 TODAY
  MAXIMUM         43    359 PM  56    1990  35      8       46
  MINIMUM         37    839 AM -17    1964  21     16       19
  AVERAGE         40                        28     12       33

PRECIPITATION (IN)
  TODAY            0.02          0.20 1977   0.06  -0.04     0.00
  MONTH TO DATE    0.57                      0.83  -0.26     0.32
  SINCE OCT 1      1.75                      2.42  -0.67     0.83
  SINCE JAN 1      6.17                      7.55  -1.38     5.49

SNOWFALL (IN)
  TODAY            0.0           2.0  1984   0.3   -0.3      0.0
  MONTH TO DATE    0.0                       5.0   -5.0       T
  SINCE JAN 1     19.9                      17.2    2.7      1.1
  SINCE JUL 1      T                         8.6   -8.6       T
  SNOW DEPTH       0

DEGREE DAYS
 HEATING
  TODAY           25                        37    -12       32
  MONTH TO DATE  493                       606   -113      671
  SINCE DEC 1    493                       606   -113      671
  SINCE JUL 1   1677                      2139   -462     2087

 COOLING
  TODAY            0                         0      0        0
  MONTH TO DATE    0                         0      0        0
  SINCE DEC 1      0                         0      0        0
  SINCE JAN 1    871                       472    399      970
..................................................................


WIND (MPH)
  HIGHEST WIND SPEED     9   HIGHEST WIND DIRECTION     W (250)
  HIGHEST GUST SPEED    11   HIGHEST GUST DIRECTION     W (250)
  AVERAGE WIND SPEED     2.1


SKY COVER
  POSSIBLE SUNSHINE  MM
  AVERAGE SKY COVER 1.0


WEATHER CONDITIONS
 THE FOLLOWING WEATHER WAS RECORDED TODAY.
  LIGHT RAIN
  FOG


RELATIVE HUMIDITY (PERCENT)
 HIGHEST    85          1200 AM
 LOWEST     76           100 PM
 AVERAGE    81

..........................................................


THE YAKIMA WA CLIMATE NORMALS FOR TOMORROW
                         NORMAL    RECORD    YEAR
 MAXIMUM TEMPERATURE (F)   35        55      1974
 MINIMUM TEMPERATURE (F)   21       -10      1984


SUNRISE AND SUNSET
DECEMBER 17 2014......SUNRISE   741 AM PST   SUNSET   416 PM PST
DECEMBER 18 2014......SUNRISE   742 AM PST   SUNSET   416 PM PST


-  INDICATES NEGATIVE NUMBERS.
R  INDICATES RECORD WAS SET OR TIED.
MM INDICATES DATA IS MISSING.
T  INDICATES TRACE AMOUNT.




$$
