000
CDUS46 KPDT 200840
CLIYKM

CLIMATE REPORT
NATIONAL WEATHER SERVICE PENDLETON OR
1240 AM PST MON FEB 20 2017


...................................

...THE YAKIMA WA CLIMATE SUMMARY FOR FEBRUARY 19 2017...

CLIMATE NORMAL PERIOD 1981 TO 2010
CLIMATE RECORD PERIOD 1946 TO 2017


WEATHER ITEM   OBSERVED TIME   RECORD YEAR NORMAL DEPARTURE LAST
                VALUE   (LST)  VALUE       VALUE  FROM      YEAR
                                                  NORMAL
..................................................................
TEMPERATURE (F)
 YESTERDAY
  MAXIMUM         47    323 PM  66    1991  48     -1       51
  MINIMUM         34   1141 PM   7    2006  26      8       35
  AVERAGE         41                        37      4       43

PRECIPITATION (IN)
  YESTERDAY        T             0.37 1993   0.03  -0.03     0.08
  MONTH TO DATE    1.80                      0.54   1.26     0.39
  SINCE OCT 1      7.88                      4.80   3.08     7.35
  SINCE JAN 1      3.96                      1.68   2.28     2.70

SNOWFALL (IN)
  YESTERDAY        0.0           4.4  1993   0.0    0.0      0.0
  MONTH TO DATE    9.9                       1.9    8.0      0.8
  SINCE JAN 1     29.0                       7.2   21.8     12.5
  SINCE JUL 1     36.4                      20.2   16.2     31.4
  SNOW DEPTH      MM

DEGREE DAYS
 HEATING
  YESTERDAY       24                        28     -4       22
  MONTH TO DATE  644                       566     78      424
  SINCE DEC 1   3134                      2751    383     2422
  SINCE JUL 1   4153                      4284   -131     3536

 COOLING
  YESTERDAY        0                         0      0        0
  MONTH TO DATE    0                         0      0        0
  SINCE DEC 1      0                         0      0        0
  SINCE JAN 1      0                         0      0        0
..................................................................


WIND (MPH)
  HIGHEST WIND SPEED     9   HIGHEST WIND DIRECTION    SE (140)
  HIGHEST GUST SPEED    13   HIGHEST GUST DIRECTION    SE (140)
  AVERAGE WIND SPEED     3.0


SKY COVER
  POSSIBLE SUNSHINE  MM
  AVERAGE SKY COVER 0.7


WEATHER CONDITIONS
 THE FOLLOWING WEATHER WAS RECORDED YESTERDAY.
  LIGHT RAIN
  FOG
  FOG W/VISIBILITY <= 1/4 MILE


RELATIVE HUMIDITY (PERCENT)
 HIGHEST   100           100 AM
 LOWEST     70           500 PM
 AVERAGE    85

..........................................................


THE YAKIMA WA CLIMATE NORMALS FOR TODAY
                         NORMAL    RECORD    YEAR
 MAXIMUM TEMPERATURE (F)   48        63      1995
                                             1982
 MINIMUM TEMPERATURE (F)   26         8      1986


SUNRISE AND SUNSET
FEBRUARY 20 2017......SUNRISE   657 AM PST   SUNSET   535 PM PST
FEBRUARY 21 2017......SUNRISE   655 AM PST   SUNSET   537 PM PST


-  INDICATES NEGATIVE NUMBERS.
R  INDICATES RECORD WAS SET OR TIED.
MM INDICATES DATA IS MISSING.
T  INDICATES TRACE AMOUNT.


$$
