000
CDUS46 KPDT 200836
CLIYKM

CLIMATE REPORT
NATIONAL WEATHER SERVICE PENDLETON OR
126 AM PDT WED AUG 20 2014


...................................

...THE YAKIMA WA CLIMATE SUMMARY FOR AUGUST 19 2014...

CLIMATE NORMAL PERIOD 1981 TO 2010
CLIMATE RECORD PERIOD 1946 TO 2014


WEATHER ITEM   OBSERVED TIME   RECORD YEAR NORMAL DEPARTURE LAST
                VALUE   (LST)  VALUE       VALUE  FROM      YEAR
                                                  NORMAL
..................................................................
TEMPERATURE (F)
 YESTERDAY
  MAXIMUM         95    139 PM  99    1967  86      9       91
  MINIMUM         63   1159 PM  38    1947  51     12       54
  AVERAGE         79                        69     10       73

PRECIPITATION (IN)
  YESTERDAY        0.18          0.23 1953   0.01   0.17     0.00
  MONTH TO DATE    0.26                      0.15   0.11     0.01
  SINCE OCT 1      4.15                      7.78  -3.63     7.98
  SINCE JAN 1      3.32                      4.66  -1.34     4.18

SNOWFALL (IN)
  YESTERDAY        0.0           0.0  2002   0.0    0.0      0.0
                                      2001
                                      1999
  MONTH TO DATE    0.0                       0.0    0.0      0.0
  SINCE JAN 1     19.9                       8.6   11.3      1.1
  SINCE JUL 1      0.0                       0.0    0.0      0.0
  SNOW DEPTH       0

DEGREE DAYS
 HEATING
  YESTERDAY        0                         1     -1        0
  MONTH TO DATE    0                        12    -12        0
  SINCE JUN 1     35                       131    -96       39
  SINCE JUL 1      5                        33    -28        0

 COOLING
  YESTERDAY       14                         5      9        8
  MONTH TO DATE  235                       118    117      203
  SINCE JUN 1    745                       378    367      714
  SINCE JAN 1    768                       398    370      766
..................................................................


WIND (MPH)
  HIGHEST WIND SPEED    20   HIGHEST WIND DIRECTION    NW (310)
  HIGHEST GUST SPEED    31   HIGHEST GUST DIRECTION     W (290)
  AVERAGE WIND SPEED     8.6


SKY COVER
  POSSIBLE SUNSHINE  MM
  AVERAGE SKY COVER 0.1


WEATHER CONDITIONS
 THE FOLLOWING WEATHER WAS RECORDED YESTERDAY.
  RAIN


RELATIVE HUMIDITY (PERCENT)
 HIGHEST    68           300 AM
 LOWEST     21           200 PM
 AVERAGE    45

..........................................................


THE YAKIMA WA CLIMATE NORMALS FOR TODAY
                         NORMAL    RECORD    YEAR
 MAXIMUM TEMPERATURE (F)   86       101      2009
 MINIMUM TEMPERATURE (F)   51        41      2000


SUNRISE AND SUNSET
AUGUST 20 2014........SUNRISE   607 AM PDT   SUNSET   803 PM PDT
AUGUST 21 2014........SUNRISE   608 AM PDT   SUNSET   801 PM PDT


-  INDICATES NEGATIVE NUMBERS.
R  INDICATES RECORD WAS SET OR TIED.
MM INDICATES DATA IS MISSING.
T  INDICATES TRACE AMOUNT.




$$
