000
CDUS46 KPDT 280844 RRA
CLIYKM

CLIMATE REPORT
NATIONAL WEATHER SERVICE PENDLETON OR
143 AM PDT THU JUL 28 2016


...................................

...THE YAKIMA WA CLIMATE SUMMARY FOR JULY 27 2016...

CLIMATE NORMAL PERIOD 1981 TO 2010
CLIMATE RECORD PERIOD 1946 TO 2016


WEATHER ITEM   OBSERVED TIME   RECORD YEAR NORMAL DEPARTURE LAST
                VALUE   (LST)  VALUE       VALUE  FROM      YEAR
                                                  NORMAL
..................................................................
TEMPERATURE (F)
 YESTERDAY
  MAXIMUM         98    536 PM 106    1998  90      8       82
  MINIMUM         66    442 AM  45    1986  55     11       54
                                      1955
  AVERAGE         82                        72     10       68

PRECIPITATION (IN)
  YESTERDAY        0.00          0.16 1947   0.01  -0.01     0.00
  MONTH TO DATE    0.22                      0.20   0.02     0.06
  SINCE OCT 1     10.54                      7.61   2.93     6.39
  SINCE JAN 1      5.89                      4.49   1.40     4.29

SNOWFALL (IN)
  YESTERDAY        0.0           0.0  2002   0.0    0.0      0.0
                                      2001
                                      2000
  MONTH TO DATE    0.0                       0.0    0.0      0.0
  SINCE JAN 1     12.5                       8.6    3.9      1.6
  SINCE JUL 1      0.0                       0.0    0.0      0.0
  SNOW DEPTH       0

DEGREE DAYS
 HEATING
  YESTERDAY        0                         0      0        0
  MONTH TO DATE    0                        19    -19        0
  SINCE JUN 1     68                       117    -49        3
  SINCE JUL 1      0                        19    -19        0

 COOLING
  YESTERDAY       17                         7     10        3
  MONTH TO DATE  202                       162     40      338
  SINCE JUN 1    387                       227    160      645
  SINCE JAN 1    426                       247    179      737
..................................................................


WIND (MPH)
  HIGHEST WIND SPEED    14   HIGHEST WIND DIRECTION    NW (320)
  HIGHEST GUST SPEED    18   HIGHEST GUST DIRECTION    NW (310)
  AVERAGE WIND SPEED     5.6


SKY COVER
  POSSIBLE SUNSHINE  MM
  AVERAGE SKY COVER 0.0


WEATHER CONDITIONS
 THE FOLLOWING WEATHER WAS RECORDED YESTERDAY.
  NO SIGNIFICANT WEATHER WAS OBSERVED.


RELATIVE HUMIDITY (PERCENT)
 HIGHEST    63           500 AM
 LOWEST     18           500 PM
 AVERAGE    41

..........................................................


THE YAKIMA WA CLIMATE NORMALS FOR TODAY
                         NORMAL    RECORD    YEAR
 MAXIMUM TEMPERATURE (F)   90       105      1998
                                             1971
 MINIMUM TEMPERATURE (F)   55        42      1955
                                             1954


SUNRISE AND SUNSET
JULY 28 2016..........SUNRISE   539 AM PDT   SUNSET   838 PM PDT
JULY 29 2016..........SUNRISE   540 AM PDT   SUNSET   836 PM PDT


-  INDICATES NEGATIVE NUMBERS.
R  INDICATES RECORD WAS SET OR TIED.
MM INDICATES DATA IS MISSING.
T  INDICATES TRACE AMOUNT.




$$
