000
CDUS46 KPDT 040920
CLIYKM

CLIMATE REPORT
NATIONAL WEATHER SERVICE PENDLETON OR
120 AM PST WED MAR 4 2015


...................................

...THE YAKIMA WA CLIMATE SUMMARY FOR MARCH 3 2015...

CLIMATE NORMAL PERIOD 1981 TO 2010
CLIMATE RECORD PERIOD 1946 TO 2015


WEATHER ITEM   OBSERVED TIME   RECORD YEAR NORMAL DEPARTURE LAST
                VALUE   (LST)  VALUE       VALUE  FROM      YEAR
                                                  NORMAL
..................................................................
TEMPERATURE (F)
 YESTERDAY
  MAXIMUM         50    353 PM  66    1994  52     -2       41
  MINIMUM         26   1153 PM   6    1960  28     -2       21
  AVERAGE         38                        40     -2       31

PRECIPITATION (IN)
  YESTERDAY        0.00          0.42 1991   0.02  -0.02     0.02
  MONTH TO DATE    T                         0.08  -0.08     0.14
  SINCE OCT 1      3.79                      5.12  -1.33     2.70
  SINCE JAN 1      1.69                      2.00  -0.31     1.87

SNOWFALL (IN)
  YESTERDAY        0.0           3.5  1960   0.1   -0.1      0.0
  MONTH TO DATE    0.0                       0.2   -0.2      1.7
  SINCE JAN 1      1.6                       8.1   -6.5     19.9
  SINCE JUL 1      1.6                      21.1  -19.5     19.9
  SNOW DEPTH       0

DEGREE DAYS
 HEATING
  YESTERDAY       27                        25      2       34
  MONTH TO DATE   76                        76      0      107
  SINCE MAR 1     76                        76      0      107
  SINCE JUL 1   3658                      4603   -945     4509

 COOLING
  YESTERDAY        0                         0      0        0
  MONTH TO DATE    0                         0      0        0
  SINCE MAR 1      0                         0      0        0
  SINCE JAN 1      0                         0      0        0
..................................................................


WIND (MPH)
  HIGHEST WIND SPEED     9   HIGHEST WIND DIRECTION    SE (140)
  HIGHEST GUST SPEED    14   HIGHEST GUST DIRECTION     S (180)
  AVERAGE WIND SPEED     3.7


SKY COVER
  POSSIBLE SUNSHINE  MM
  AVERAGE SKY COVER 0.4


WEATHER CONDITIONS
THE FOLLOWING WEATHER WAS RECORDED YESTERDAY.
  NO SIGNIFICANT WEATHER WAS OBSERVED.


RELATIVE HUMIDITY (PERCENT)
 HIGHEST    82          1200 AM
 LOWEST     22           400 PM
 AVERAGE    52

..........................................................


THE YAKIMA WA CLIMATE NORMALS FOR TODAY
                         NORMAL    RECORD    YEAR
 MAXIMUM TEMPERATURE (F)   52        67      1986
 MINIMUM TEMPERATURE (F)   28        -1      1960


SUNRISE AND SUNSET
MARCH  4 2015.........SUNRISE   636 AM PST   SUNSET   552 PM PST
MARCH  5 2015.........SUNRISE   634 AM PST   SUNSET   554 PM PST


-  INDICATES NEGATIVE NUMBERS.
R  INDICATES RECORD WAS SET OR TIED.
MM INDICATES DATA IS MISSING.
T  INDICATES TRACE AMOUNT.

$$
