000
CDUS46 KPDT 210029
CLIYKM

CLIMATE REPORT
NATIONAL WEATHER SERVICE PENDLETON OR
527 PM PDT SAT SEP 20 2014


...................................

...THE YAKIMA WA CLIMATE SUMMARY FOR SEPTEMBER 20 2014...
VALID TODAY AS OF 0500 PM LOCAL TIME.

CLIMATE NORMAL PERIOD 1981 TO 2010
CLIMATE RECORD PERIOD 1946 TO 2014


WEATHER ITEM   OBSERVED TIME   RECORD YEAR NORMAL DEPARTURE LAST
                VALUE   (LST)  VALUE       VALUE  FROM      YEAR
                                                  NORMAL
..................................................................
TEMPERATURE (F)
 TODAY
  MAXIMUM         88    327 PM  90    2012  77     11       79
                                      1994
                                      1952
  MINIMUM         51    605 AM  30    1993  42      9       42
  AVERAGE         70                        59     11       61

PRECIPITATION (IN)
  TODAY            0.00          0.19 2008   0.01  -0.01      T
  MONTH TO DATE    T                         0.23  -0.23     0.11
  SINCE OCT 1      4.79                      8.12  -3.33     8.27
  SINCE JAN 1      3.96                      5.00  -1.04     4.47

SNOWFALL (IN)
  TODAY            0.0           0.0  2002   0.0    0.0      0.0
                                      2001
                                      1999
  MONTH TO DATE    0.0                       0.0    0.0      0.0
  SINCE JAN 1     19.9                       8.6   11.3      1.1
  SINCE JUL 1      0.0                       0.0    0.0      0.0
  SNOW DEPTH       0

DEGREE DAYS
 HEATING
  TODAY            0                         6     -6        4
  MONTH TO DATE   40                        78    -38       25
  SINCE SEP 1     40                        78    -38       25
  SINCE JUL 1     46                       126    -80       25

 COOLING
  TODAY            5                         1      4        0
  MONTH TO DATE   26                        29     -3      135
  SINCE SEP 1     26                        29     -3      135
  SINCE JAN 1    853                       469    384      970
..................................................................


WIND (MPH)
  HIGHEST WIND SPEED    10   HIGHEST WIND DIRECTION     W (260)
  HIGHEST GUST SPEED    13   HIGHEST GUST DIRECTION     W (260)
  AVERAGE WIND SPEED     6.0


SKY COVER
  POSSIBLE SUNSHINE  MM
  AVERAGE SKY COVER 0.0


WEATHER CONDITIONS
 THE FOLLOWING WEATHER WAS RECORDED TODAY.
  NO SIGNIFICANT WEATHER WAS OBSERVED.


RELATIVE HUMIDITY (PERCENT)
 HIGHEST    89           600 AM
 LOWEST     27           400 PM
 AVERAGE    58

..........................................................


THE YAKIMA WA CLIMATE NORMALS FOR TOMORROW
                         NORMAL    RECORD    YEAR
 MAXIMUM TEMPERATURE (F)   76        89      2012
                                             1967
                                             1962
 MINIMUM TEMPERATURE (F)   42        31      1971


SUNRISE AND SUNSET
SEPTEMBER 20 2014.....SUNRISE   647 AM PDT   SUNSET   704 PM PDT
SEPTEMBER 21 2014.....SUNRISE   648 AM PDT   SUNSET   702 PM PDT


-  INDICATES NEGATIVE NUMBERS.
R  INDICATES RECORD WAS SET OR TIED.
MM INDICATES DATA IS MISSING.
T  INDICATES TRACE AMOUNT.




$$
