000
CDUS46 KPDT 240906
CLIYKM

CLIMATE REPORT
NATIONAL WEATHER SERVICE PENDLETON OR
140 AM PDT THU JUL 24 2014


...................................

...THE YAKIMA WA CLIMATE SUMMARY FOR JULY 23 2014...

CLIMATE NORMAL PERIOD 1981 TO 2010
CLIMATE RECORD PERIOD 1946 TO 2014


WEATHER ITEM   OBSERVED TIME   RECORD YEAR NORMAL DEPARTURE LAST
                VALUE   (LST)  VALUE       VALUE  FROM      YEAR
                                                  NORMAL
..................................................................
TEMPERATURE (F)
 YESTERDAY
  MAXIMUM         76   1220 PM 109    2006  90    -14      101
  MINIMUM         50   1111 PM  39    1963  54     -4       65
  AVERAGE         63                        72     -9       83

PRECIPITATION (IN)
  YESTERDAY        0.03          0.27 1992   0.01   0.02     0.00
  MONTH TO DATE    0.06                      0.18  -0.12      T
  SINCE OCT 1      3.89                      7.59  -3.70     7.97
  SINCE JAN 1      3.06                      4.47  -1.41     4.17

SNOWFALL (IN)
  YESTERDAY        0.0           0.0  2002   0.0    0.0      0.0
                                      2001
                                      2000
  MONTH TO DATE    0.0                       0.0    0.0      0.0
  SINCE JAN 1     19.9                       8.6   11.3      1.1
  SINCE JUL 1      0.0                       0.0    0.0      0.0
  SNOW DEPTH       0

DEGREE DAYS
 HEATING
  YESTERDAY        2                         0      2        0
  MONTH TO DATE    2                        19    -17        0
  SINCE JUN 1     32                       117    -85       39
  SINCE JUL 1      2                        19    -17        0

 COOLING
  YESTERDAY        0                         7     -7       18
  MONTH TO DATE  312                       134    178      289
  SINCE JUN 1    414                       199    215      405
  SINCE JAN 1    437                       219    218      457
..................................................................


WIND (MPH)
  HIGHEST WIND SPEED    24   HIGHEST WIND DIRECTION    SW (220)
  HIGHEST GUST SPEED    33   HIGHEST GUST DIRECTION    SW (220)
  AVERAGE WIND SPEED     7.7


SKY COVER
  POSSIBLE SUNSHINE  MM
  AVERAGE SKY COVER 0.5


WEATHER CONDITIONS
 THE FOLLOWING WEATHER WAS RECORDED YESTERDAY.
  THUNDERSTORM
  LIGHT RAIN


RELATIVE HUMIDITY (PERCENT)
 HIGHEST    87           900 AM
 LOWEST     40           500 PM
 AVERAGE    64

..........................................................


THE YAKIMA WA CLIMATE NORMALS FOR TODAY
                         NORMAL    RECORD    YEAR
 MAXIMUM TEMPERATURE (F)   90       102      2006
                                             1994
 MINIMUM TEMPERATURE (F)   54        40      1948


SUNRISE AND SUNSET
JULY 24 2014..........SUNRISE   534 AM PDT   SUNSET   843 PM PDT
JULY 25 2014..........SUNRISE   535 AM PDT   SUNSET   842 PM PDT


-  INDICATES NEGATIVE NUMBERS.
R  INDICATES RECORD WAS SET OR TIED.
MM INDICATES DATA IS MISSING.
T  INDICATES TRACE AMOUNT.




$$
