000
CDUS46 KPDT 251224
CLIYKM

CLIMATE REPORT
NATIONAL WEATHER SERVICE PENDLETON OR
424 AM PST SUN JAN 25 2015


...................................

...THE YAKIMA WA CLIMATE SUMMARY FOR JANUARY 24 2015...

CLIMATE NORMAL PERIOD 1981 TO 2010
CLIMATE RECORD PERIOD 1946 TO 2015


WEATHER ITEM   OBSERVED TIME   RECORD YEAR NORMAL DEPARTURE LAST
                VALUE   (LST)  VALUE       VALUE  FROM      YEAR
                                                  NORMAL
..................................................................
TEMPERATURE (F)
 YESTERDAY
  MAXIMUM         57R   138 PM  57    2015  41     16       34
                                      1984
                                      1959
  MINIMUM         32   1159 PM -11    1949  24      8       31
  AVERAGE         45                        32     13       33

PRECIPITATION (IN)
  YESTERDAY        0.00          0.36 1959   0.03  -0.03     0.00
  MONTH TO DATE    0.70                      0.92  -0.22     0.10
  SINCE OCT 1      2.80                      4.04  -1.24     0.93
  SINCE JAN 1      0.70                      0.92  -0.22     0.10

SNOWFALL (IN)
  YESTERDAY        0.0           2.7  1972   0.1   -0.1      0.0
  MONTH TO DATE    1.6                       4.5   -2.9      0.5
  SINCE JAN 1      1.6                       4.5   -2.9      0.5
  SINCE JUL 1      1.6                      17.5  -15.9      0.5
  SNOW DEPTH       0

DEGREE DAYS
 HEATING
  YESTERDAY       20                        33    -13       32
  MONTH TO DATE  732                       834   -102      716
  SINCE DEC 1   1626                      1964   -338     1871
  SINCE JUL 1   2810                      3497   -687     3287

 COOLING
  YESTERDAY        0                         0      0        0
  MONTH TO DATE    0                         0      0        0
  SINCE DEC 1      0                         0      0        0
  SINCE JAN 1      0                         0      0        0
..................................................................


WIND (MPH)
  HIGHEST WIND SPEED     9   HIGHEST WIND DIRECTION     S (160)
  HIGHEST GUST SPEED    12   HIGHEST GUST DIRECTION     W (250)
  AVERAGE WIND SPEED     2.9


SKY COVER
  POSSIBLE SUNSHINE  MM
  AVERAGE SKY COVER  MM


WEATHER CONDITIONS
THE FOLLOWING WEATHER WAS RECORDED YESTERDAY.
  FOG
  HAZE


RELATIVE HUMIDITY (PERCENT)
 HIGHEST    MM
 LOWEST     MM
 AVERAGE    MM

..........................................................


THE YAKIMA WA CLIMATE NORMALS FOR TODAY
                         NORMAL    RECORD    YEAR
 MAXIMUM TEMPERATURE (F)   41        60      1962
 MINIMUM TEMPERATURE (F)   24       -13      1957


SUNRISE AND SUNSET
JANUARY 25 2015.......SUNRISE   734 AM PST   SUNSET   456 PM PST
JANUARY 26 2015.......SUNRISE   733 AM PST   SUNSET   457 PM PST


-  INDICATES NEGATIVE NUMBERS.
R  INDICATES RECORD WAS SET OR TIED.
MM INDICATES DATA IS MISSING.
T  INDICATES TRACE AMOUNT.

$$
