000
CDUS41 KCLE 010545
CLIYNG


CLIMATE REPORT
NATIONAL WEATHER SERVICE CLEVELAND OH
145 AM EDT SAT OCT 1 2016


...................................

...THE YOUNGSTOWN OH CLIMATE SUMMARY FOR SEPTEMBER 30 2016...

CLIMATE NORMAL PERIOD 1981 TO 2010
CLIMATE RECORD PERIOD 1897 TO 2016


WEATHER ITEM   OBSERVED TIME   RECORD YEAR NORMAL DEPARTURE LAST
                VALUE   (LST)  VALUE       VALUE  FROM      YEAR
                                                  NORMAL
..................................................................
TEMPERATURE (F)
 YESTERDAY
  MAXIMUM         64   1212 PM  86    1953  66     -2       61
                                      1939
                                      1898
  MINIMUM         56    813 AM  32    1942  46     10       52
  AVERAGE         60                        56      4       57

PRECIPITATION (IN)
  YESTERDAY        0.52                      0.12   0.40     0.17
  MONTH TO DATE    4.20                      3.75   0.45     3.18
  SINCE SEP 1      4.20                      3.75   0.45     3.18
  SINCE JAN 1     32.70                     29.97   2.73    34.08

SNOWFALL (IN)
  YESTERDAY        0.0                       0.0    0.0      0.0
  MONTH TO DATE    0.0                       0.0    0.0      0.0
  SINCE SEP 1      0.0                       0.0    0.0      0.0
  SINCE JUL 1      0.0                       0.0    0.0      0.0
  SNOW DEPTH       0

DEGREE DAYS
 HEATING
  YESTERDAY        5                         9     -4        8
  MONTH TO DATE   40                       146   -106       50
  SINCE SEP 1     40                       145   -105       50
  SINCE JUL 1     46                       183   -137       79

 COOLING
  YESTERDAY        0                         1     -1        0
  MONTH TO DATE  116                        52     64      119
  SINCE SEP 1    116                        52     64      119
  SINCE JAN 1    859                       538    321      679
..................................................................


WIND (MPH)
  HIGHEST WIND SPEED    23   HIGHEST WIND DIRECTION     E (110)
  HIGHEST GUST SPEED    29   HIGHEST GUST DIRECTION     E (100)
  AVERAGE WIND SPEED    14.0


SKY COVER
  POSSIBLE SUNSHINE  MM
  AVERAGE SKY COVER 1.0


WEATHER CONDITIONS
 THE FOLLOWING WEATHER WAS RECORDED YESTERDAY.
  RAIN
  LIGHT RAIN
  FOG


RELATIVE HUMIDITY (PERCENT)
 HIGHEST    93          1200 AM
 LOWEST     78          1200 PM
 AVERAGE    86

..........................................................


THE YOUNGSTOWN OH CLIMATE NORMALS FOR TODAY
                         NORMAL    RECORD    YEAR
 MAXIMUM TEMPERATURE (F)   66        85      1952
 MINIMUM TEMPERATURE (F)   46        30      1947


SUNRISE AND SUNSET
OCTOBER  1 2016.......SUNRISE   720 AM EDT   SUNSET   704 PM EDT
OCTOBER  2 2016.......SUNRISE   721 AM EDT   SUNSET   702 PM EDT


-  INDICATES NEGATIVE NUMBERS.
R  INDICATES RECORD WAS SET OR TIED.
MM INDICATES DATA IS MISSING.
T  INDICATES TRACE AMOUNT.




$$
