000
CDUS41 KCLE 220536
CLIYNG


CLIMATE REPORT
NATIONAL WEATHER SERVICE CLEVELAND OH
1235 AM EST MON JAN 22 2018


...................................

...THE YOUNGSTOWN OH CLIMATE SUMMARY FOR JANUARY 21 2018...

CLIMATE NORMAL PERIOD 1981 TO 2010
CLIMATE RECORD PERIOD 1897 TO 2018


WEATHER ITEM   OBSERVED TIME   RECORD YEAR NORMAL DEPARTURE LAST
                VALUE   (LST)  VALUE       VALUE  FROM      YEAR
                                                  NORMAL
..................................................................
TEMPERATURE (F)
 YESTERDAY
  MAXIMUM         46    517 PM  60    2017  32     14       60
  MINIMUM         37    832 AM -20    1985  19     18       37
  AVERAGE         42                        26     16       49

PRECIPITATION (IN)
  YESTERDAY        0.05                      0.08  -0.03     0.04
  MONTH TO DATE    2.35                      1.79   0.56     4.33
  SINCE DEC 1      4.46                      4.78  -0.32     7.90
  SINCE JAN 1      2.35                      1.79   0.56     4.33

SNOWFALL (IN)
  YESTERDAY        0.0                       0.6   -0.6      0.0
  MONTH TO DATE   17.9                      11.4    6.5      5.7
  SINCE DEC 1     36.9                      26.4   10.5     29.0
  SINCE JUL 1     37.9                      30.8    7.1     33.4
  SNOW DEPTH       3

DEGREE DAYS
 HEATING
  YESTERDAY       23                        39    -16       16
  MONTH TO DATE  943                       825    118      703
  SINCE DEC 1   2094                      1902    192     1782
  SINCE JUL 1   3192                      3231    -39     2754

 COOLING
  YESTERDAY        0                         0      0        0
  MONTH TO DATE    0                         0      0        0
  SINCE DEC 1      0                         0      0        0
  SINCE JAN 1      0                         0      0        0
..................................................................


WIND (MPH)
  HIGHEST WIND SPEED     9   HIGHEST WIND DIRECTION     S (170)
  HIGHEST GUST SPEED    14   HIGHEST GUST DIRECTION     S (170)
  AVERAGE WIND SPEED     5.2


SKY COVER
  POSSIBLE SUNSHINE  MM
  AVERAGE SKY COVER 1.0


WEATHER CONDITIONS
 THE FOLLOWING WEATHER WAS RECORDED YESTERDAY.
  LIGHT RAIN
  FOG
  FOG W/VISIBILITY <= 1/4 MILE


RELATIVE HUMIDITY (PERCENT)
 HIGHEST   100           900 AM
 LOWEST     70          1200 AM
 AVERAGE    85

..........................................................


THE YOUNGSTOWN OH CLIMATE NORMALS FOR TODAY
                         NORMAL    RECORD    YEAR
 MAXIMUM TEMPERATURE (F)   32        69      1933
 MINIMUM TEMPERATURE (F)   19        -6      2014
                                             1970


SUNRISE AND SUNSET
JANUARY 22 2018.......SUNRISE   742 AM EST   SUNSET   527 PM EST
JANUARY 23 2018.......SUNRISE   741 AM EST   SUNSET   528 PM EST


-  INDICATES NEGATIVE NUMBERS.
R  INDICATES RECORD WAS SET OR TIED.
MM INDICATES DATA IS MISSING.
T  INDICATES TRACE AMOUNT.




$$
