000
CDUS41 KCLE 062212
CLIYNG


CLIMATE REPORT
NATIONAL WEATHER SERVICE CLEVELAND OH
512 PM EST FRI MAR 6 2015


...................................

...THE YOUNGSTOWN OH CLIMATE SUMMARY FOR MARCH 6 2015...
VALID TODAY AS OF 0500 PM LOCAL TIME.

CLIMATE NORMAL PERIOD 1981 TO 2010
CLIMATE RECORD PERIOD 1897 TO 2015


WEATHER ITEM   OBSERVED TIME   RECORD YEAR NORMAL DEPARTURE LAST
                VALUE   (LST)  VALUE       VALUE  FROM      YEAR
                                                  NORMAL
..................................................................
TEMPERATURE (F)
 TODAY
  MAXIMUM         22    359 PM  69    1935  42    -20       36
  MINIMUM         -4R   444 AM   4    1978  25    -29       13
  AVERAGE          9                        33    -24       25

PRECIPITATION (IN)
  TODAY            0.00                      0.09  -0.09     0.00
  MONTH TO DATE    0.75                      0.51   0.24     0.09
  SINCE MAR 1      0.75                      0.51   0.24     0.09
  SINCE JAN 1      5.98                      5.21   0.77     4.78

SNOWFALL (IN)
  TODAY            0.0                       0.4   -0.4      0.0
  MONTH TO DATE    8.0                       2.6    5.4      1.9
  SINCE MAR 1      8.0                       2.6    5.4      1.9
  SINCE JUL 1     77.5                      51.4   26.1     82.9
  SNOW DEPTH       9

DEGREE DAYS
 HEATING
  TODAY           56                        32     24       40
  MONTH TO DATE  261                       196     65      282
  SINCE MAR 1    261                       196     65      282
  SINCE JUL 1   5379                      4844    535     5350

 COOLING
  TODAY            0                         0      0        0
  MONTH TO DATE    0                         0      0        0
  SINCE MAR 1      0                         0      0        0
  SINCE JAN 1      0                         0      0        0
..................................................................


WIND (MPH)
  HIGHEST WIND SPEED    16   HIGHEST WIND DIRECTION    SW (220)
  HIGHEST GUST SPEED    21   HIGHEST GUST DIRECTION    SW (220)


SKY COVER
  POSSIBLE SUNSHINE  MM
  AVERAGE SKY COVER 0.3


WEATHER CONDITIONS
 THE FOLLOWING WEATHER WAS RECORDED TODAY.
  NO SIGNIFICANT WEATHER WAS OBSERVED.


RELATIVE HUMIDITY (PERCENT)
 HIGHEST    88           900 AM
 LOWEST     45           300 PM
 AVERAGE    67

..........................................................


THE YOUNGSTOWN OH CLIMATE NORMALS FOR TOMORROW
                         NORMAL    RECORD    YEAR
 MAXIMUM TEMPERATURE (F)   42        75      1983
 MINIMUM TEMPERATURE (F)   25        -1      1986


SUNRISE AND SUNSET
MARCH  6 2015.........SUNRISE   650 AM EST   SUNSET   619 PM EST
MARCH  7 2015.........SUNRISE   648 AM EST   SUNSET   620 PM EST


-  INDICATES NEGATIVE NUMBERS.
R  INDICATES RECORD WAS SET OR TIED.
MM INDICATES DATA IS MISSING.
T  INDICATES TRACE AMOUNT.




$$
