000
CDUS41 KPBZ 292112
CLIZZV


CLIMATE REPORT
NATIONAL WEATHER SERVICE PITTSBURGH PA
512 PM EDT FRI APR 29 2016


...................................

...THE ZANESVILLE OH CLIMATE SUMMARY FOR APRIL 29 2016...
VALID TODAY AS OF 0500 PM LOCAL TIME.

CLIMATE NORMAL PERIOD 1981 TO 2010
CLIMATE RECORD PERIOD 1946 TO 2016


WEATHER ITEM   OBSERVED TIME   RECORD YEAR NORMAL DEPARTURE LAST
                VALUE   (LST)  VALUE       VALUE  FROM      YEAR
                                                  NORMAL
..................................................................
TEMPERATURE (F)
 TODAY
  MAXIMUM         62    341 PM  83    1991  68     -6       67
  MINIMUM         52    718 AM  28    1977  44      8       33
  AVERAGE         57                        56      1       50

PRECIPITATION (IN)
  TODAY            0.00         MM      MM   0.11  -0.11     0.00
  MONTH TO DATE    4.21                      3.33   0.88     5.99
  SINCE JUN 1     34.65                     33.56   1.09    35.73
  SINCE JAN 1     12.32                     11.16   1.16    13.32

DEGREE DAYS
 HEATING
  TODAY            8                        10     -2       15
  MONTH TO DATE  341                       403    -62      361
  SINCE MAR 1    804                      1156   -352     1231
  SINCE JUL 1   4150                      5347  -1197     5888

 COOLING
  TODAY            0                         0      0        0
  MONTH TO DATE    3                         0      3        1
  SINCE MAR 1      8                         1      7        1
  SINCE JAN 1      8                         1      7        1
..................................................................


WIND (MPH)
  HIGHEST WIND SPEED    13   HIGHEST WIND DIRECTION    NW (330)
  HIGHEST GUST SPEED    16   HIGHEST GUST DIRECTION    NW (320)
  AVERAGE WIND SPEED     4.2


SKY COVER
  POSSIBLE SUNSHINE  MM
  AVERAGE SKY COVER 0.9


WEATHER CONDITIONS
 THE FOLLOWING WEATHER WAS RECORDED TODAY.
  FOG
  HAZE


RELATIVE HUMIDITY (PERCENT)
 HIGHEST    89           100 AM
 LOWEST     64           300 PM
 AVERAGE    77

..........................................................


THE ZANESVILLE OH CLIMATE NORMALS FOR TOMORROW
                         NORMAL    RECORD    YEAR
 MAXIMUM TEMPERATURE (F)   68        88      1970
 MINIMUM TEMPERATURE (F)   44        28      1961


SUNRISE AND SUNSET
APRIL 29 2016.........SUNRISE   630 AM EDT   SUNSET   821 PM EDT
APRIL 30 2016.........SUNRISE   628 AM EDT   SUNSET   822 PM EDT


-  INDICATES NEGATIVE NUMBERS.
R  INDICATES RECORD WAS SET OR TIED.
MM INDICATES DATA IS MISSING.
T  INDICATES TRACE AMOUNT.




$$
