000
CDUS41 KPBZ 300716
CLIZZV


CLIMATE REPORT
NATIONAL WEATHER SERVICE PITTSBURGH PA
315 AM EDT WED JUL 30 2014


...................................

...THE ZANESVILLE OH CLIMATE SUMMARY FOR JULY 29 2014...

CLIMATE NORMAL PERIOD 1981 TO 2010
CLIMATE RECORD PERIOD 1946 TO 2014


WEATHER ITEM   OBSERVED TIME   RECORD YEAR NORMAL DEPARTURE LAST
                VALUE   (LST)  VALUE       VALUE  FROM      YEAR
                                                  NORMAL
..................................................................
TEMPERATURE (F)
 YESTERDAY
  MAXIMUM         70    454 PM  93    1988  84    -14       77
  MINIMUM         53    531 AM  50    1989  62     -9       52
  AVERAGE         62                        73    -11       65

PRECIPITATION (IN)
  YESTERDAY        0.00         MM      MM   0.10  -0.10     0.00
  MONTH TO DATE    3.24                      3.59  -0.35     6.42
  SINCE JUN 1      9.98                      7.63   2.35    12.67
  SINCE JAN 1     24.31                     23.09   1.22    23.26

DEGREE DAYS
 HEATING
  YESTERDAY        3                         0      3        0
  MONTH TO DATE   12                         0     12        0
  SINCE JUN 1     22                        32    -10       18
  SINCE JUL 1     12                         0     12        0

 COOLING
  YESTERDAY        0                         8     -8        0
  MONTH TO DATE  159                       232    -73      267
  SINCE JUN 1    355                       390    -35      423
  SINCE JAN 1    437                       444     -7      531
..................................................................


WIND (MPH)
  HIGHEST WIND SPEED    10   HIGHEST WIND DIRECTION    NW (300)
  HIGHEST GUST SPEED    13   HIGHEST GUST DIRECTION    NW (320)
  AVERAGE WIND SPEED     3.2


SKY COVER
  POSSIBLE SUNSHINE  MM
  AVERAGE SKY COVER 0.5


WEATHER CONDITIONS
 THE FOLLOWING WEATHER WAS RECORDED YESTERDAY.
  NO SIGNIFICANT WEATHER WAS OBSERVED.


RELATIVE HUMIDITY (PERCENT)
 HIGHEST    93           600 AM
 LOWEST     47           500 PM
 AVERAGE    70

..........................................................


THE ZANESVILLE OH CLIMATE NORMALS FOR TODAY
                         NORMAL    RECORD    YEAR
 MAXIMUM TEMPERATURE (F)   83        99      1999
 MINIMUM TEMPERATURE (F)   62        49      1981


SUNRISE AND SUNSET
JULY 30 2014..........SUNRISE   624 AM EDT   SUNSET   843 PM EDT
JULY 31 2014..........SUNRISE   625 AM EDT   SUNSET   842 PM EDT


-  INDICATES NEGATIVE NUMBERS.
R  INDICATES RECORD WAS SET OR TIED.
MM INDICATES DATA IS MISSING.
T  INDICATES TRACE AMOUNT.




$$
