000
CDUS41 KPBZ 230702
CLIZZV


CLIMATE REPORT
NATIONAL WEATHER SERVICE PITTSBURGH PA
302 AM EDT THU OCT 23 2014


...................................

...THE ZANESVILLE OH CLIMATE SUMMARY FOR OCTOBER 22 2014...

CLIMATE NORMAL PERIOD 1981 TO 2010
CLIMATE RECORD PERIOD 1946 TO 2014


WEATHER ITEM   OBSERVED TIME   RECORD YEAR NORMAL DEPARTURE LAST
                VALUE   (LST)  VALUE       VALUE  FROM      YEAR
                                                  NORMAL
..................................................................
TEMPERATURE (F)
 YESTERDAY
  MAXIMUM         50    349 PM  82    1979  63    -13       56
  MINIMUM         43   1156 PM  20    1952  40      3       37
  AVERAGE         47                        51     -4       47

PRECIPITATION (IN)
  YESTERDAY        T            MM      MM   0.08  -0.08     0.10
  MONTH TO DATE    2.35                      1.87   0.48     1.96
  SINCE JUN 1     17.30                     15.94   1.36    20.66
  SINCE JAN 1     31.63                     31.40   0.23    31.25

DEGREE DAYS
 HEATING
  YESTERDAY       18                        14      4       18
  MONTH TO DATE  233                       240     -7      146
  SINCE SEP 1    333                       338     -5      236
  SINCE JUL 1    354                       349      5      245

 COOLING
  YESTERDAY        0                         0      0        0
  MONTH TO DATE    4                         7     -3       33
  SINCE SEP 1     86                        89     -3      123
  SINCE JAN 1    727                       766    -39      856
..................................................................


WIND (MPH)
  HIGHEST WIND SPEED    14   HIGHEST WIND DIRECTION     N (360)
  HIGHEST GUST SPEED    20   HIGHEST GUST DIRECTION    NW (330)
  AVERAGE WIND SPEED     7.3


SKY COVER
  POSSIBLE SUNSHINE  MM
  AVERAGE SKY COVER 1.0


WEATHER CONDITIONS
 THE FOLLOWING WEATHER WAS RECORDED YESTERDAY.
  FOG


RELATIVE HUMIDITY (PERCENT)
 HIGHEST    92           200 AM
 LOWEST     71           300 PM
 AVERAGE    82

..........................................................


THE ZANESVILLE OH CLIMATE NORMALS FOR TODAY
                         NORMAL    RECORD    YEAR
 MAXIMUM TEMPERATURE (F)   62        83      1947
 MINIMUM TEMPERATURE (F)   40        22      1976


SUNRISE AND SUNSET
OCTOBER 23 2014.......SUNRISE   746 AM EDT   SUNSET   637 PM EDT
OCTOBER 24 2014.......SUNRISE   748 AM EDT   SUNSET   635 PM EDT


-  INDICATES NEGATIVE NUMBERS.
R  INDICATES RECORD WAS SET OR TIED.
MM INDICATES DATA IS MISSING.
T  INDICATES TRACE AMOUNT.




$$
