000
CDUS41 KPBZ 300809
CLIZZV


CLIMATE REPORT
NATIONAL WEATHER SERVICE PITTSBURGH PA
309 AM EST FRI JAN 30 2015


...................................

...THE ZANESVILLE OH CLIMATE SUMMARY FOR JANUARY 29 2015...

CLIMATE NORMAL PERIOD 1981 TO 2010
CLIMATE RECORD PERIOD 1946 TO 2015


WEATHER ITEM   OBSERVED TIME   RECORD YEAR NORMAL DEPARTURE LAST
                VALUE   (LST)  VALUE       VALUE  FROM      YEAR
                                                  NORMAL
..................................................................
TEMPERATURE (F)
 YESTERDAY
  MAXIMUM         39    500 PM  67    2013  38      1       18
                                      2002
  MINIMUM         22   1234 AM -20    2014  21      1      -20
  AVERAGE         31                        29      2       -1

PRECIPITATION (IN)
  YESTERDAY        0.20         MM      MM   0.08   0.12     0.00
  MONTH TO DATE    2.41                      2.50  -0.09     1.30
  SINCE JUN 1     24.82                     24.90  -0.08    29.61
  SINCE JAN 1      2.41                      2.50  -0.09     1.30

DEGREE DAYS
 HEATING
  YESTERDAY       34                        36     -2       66
  MONTH TO DATE 1106                      1044     62     1247
  SINCE DEC 1   2015                      2048    -33     2200
  SINCE JUL 1   3322                      3189    133     3376

 COOLING
  YESTERDAY        0                         0      0        0
  MONTH TO DATE    0                         0      0        0
  SINCE DEC 1      0                         0      0        0
  SINCE JAN 1      0                         0      0        0
..................................................................


WIND (MPH)
  HIGHEST WIND SPEED    23   HIGHEST WIND DIRECTION     W (280)
  HIGHEST GUST SPEED    32   HIGHEST GUST DIRECTION     W (280)
  AVERAGE WIND SPEED    10.5


SKY COVER
  POSSIBLE SUNSHINE  MM
  AVERAGE SKY COVER 0.8


WEATHER CONDITIONS
 THE FOLLOWING WEATHER WAS RECORDED YESTERDAY.
  LIGHT RAIN
  SNOW
  LIGHT SNOW
  FOG
  HAZE


RELATIVE HUMIDITY (PERCENT)
 HIGHEST    92          1100 PM
 LOWEST     57           600 AM
 AVERAGE    75

..........................................................


THE ZANESVILLE OH CLIMATE NORMALS FOR TODAY
                         NORMAL    RECORD    YEAR
 MAXIMUM TEMPERATURE (F)   38        65      2013
 MINIMUM TEMPERATURE (F)   21        -2      2014


SUNRISE AND SUNSET
JANUARY 30 2015.......SUNRISE   738 AM EST   SUNSET   544 PM EST
JANUARY 31 2015.......SUNRISE   737 AM EST   SUNSET   545 PM EST


-  INDICATES NEGATIVE NUMBERS.
R  INDICATES RECORD WAS SET OR TIED.
MM INDICATES DATA IS MISSING.
T  INDICATES TRACE AMOUNT.




$$
