000
CDUS41 KPBZ 290717
CLIZZV


CLIMATE REPORT
NATIONAL WEATHER SERVICE PITTSBURGH PA
317 AM EDT SUN MAR 29 2015


...................................

...THE ZANESVILLE OH CLIMATE SUMMARY FOR MARCH 28 2015...

CLIMATE NORMAL PERIOD 1981 TO 2010
CLIMATE RECORD PERIOD 1946 TO 2015


WEATHER ITEM   OBSERVED TIME   RECORD YEAR NORMAL DEPARTURE LAST
                VALUE   (LST)  VALUE       VALUE  FROM      YEAR
                                                  NORMAL
..................................................................
TEMPERATURE (F)
 YESTERDAY
  MAXIMUM         31    507 PM  83    1989  56    -25       62
  MINIMUM         13    548 AM  12    1982  34    -21       39
  AVERAGE         22                        45    -23       51

PRECIPITATION (IN)
  YESTERDAY        0.00         MM      MM   0.11  -0.11     0.02
  MONTH TO DATE    3.80                      2.66   1.14     1.17
  SINCE JUN 1     29.71                     29.89  -0.18    32.06
  SINCE JAN 1      7.30                      7.49  -0.19     3.75

DEGREE DAYS
 HEATING
  YESTERDAY       43                        20     23       14
  MONTH TO DATE  801                       693    108      826
  SINCE MAR 1    801                       693    108      826
  SINCE JUL 1   5458                      4884    574     5383

 COOLING
  YESTERDAY        0                         0      0        0
  MONTH TO DATE    0                         0      0        0
  SINCE MAR 1      0                         0      0        0
  SINCE JAN 1      0                         0      0        0
..................................................................


WIND (MPH)
  HIGHEST WIND SPEED    20   HIGHEST WIND DIRECTION    NW (330)
  HIGHEST GUST SPEED    23   HIGHEST GUST DIRECTION    NW (320)
  AVERAGE WIND SPEED     8.2


SKY COVER
  POSSIBLE SUNSHINE  MM
  AVERAGE SKY COVER 0.4


WEATHER CONDITIONS
 THE FOLLOWING WEATHER WAS RECORDED YESTERDAY.
  NO SIGNIFICANT WEATHER WAS OBSERVED.


RELATIVE HUMIDITY (PERCENT)
 HIGHEST    73           600 AM
 LOWEST     42           600 PM
 AVERAGE    58

..........................................................


THE ZANESVILLE OH CLIMATE NORMALS FOR TODAY
                         NORMAL    RECORD    YEAR
 MAXIMUM TEMPERATURE (F)   57        82      1998
 MINIMUM TEMPERATURE (F)   34        20      1982


SUNRISE AND SUNSET
MARCH 29 2015.........SUNRISE   717 AM EDT   SUNSET   749 PM EDT
MARCH 30 2015.........SUNRISE   715 AM EDT   SUNSET   750 PM EDT


-  INDICATES NEGATIVE NUMBERS.
R  INDICATES RECORD WAS SET OR TIED.
MM INDICATES DATA IS MISSING.
T  INDICATES TRACE AMOUNT.




$$
