000
CDUS41 KPBZ 212233
CLIZZV


CLIMATE REPORT
NATIONAL WEATHER SERVICE PITTSBURGH PA
533 PM EST FRI NOV 21 2014


...................................

...THE ZANESVILLE OH CLIMATE SUMMARY FOR NOVEMBER 21 2014...
VALID TODAY AS OF 0500 PM LOCAL TIME.

CLIMATE NORMAL PERIOD 1981 TO 2010
CLIMATE RECORD PERIOD 1946 TO 2014


WEATHER ITEM   OBSERVED TIME   RECORD YEAR NORMAL DEPARTURE LAST
                VALUE   (LST)  VALUE       VALUE  FROM      YEAR
                                                  NORMAL
..................................................................
TEMPERATURE (F)
 TODAY
  MAXIMUM         28    341 PM  71    1979  50    -22       57
  MINIMUM         13R   749 AM  13    1969  32    -19       37
  AVERAGE         21                        41    -20       47

PRECIPITATION (IN)
  TODAY            0.00         MM      MM   0.11  -0.11      T
  MONTH TO DATE    1.03                      2.17  -1.14     2.26
  SINCE JUN 1     18.70                     18.85  -0.15    23.37
  SINCE JAN 1     33.03                     34.31  -1.28    33.96

DEGREE DAYS
 HEATING
  TODAY           44                        24     20       18
  MONTH TO DATE  594                       422    172      441
  SINCE SEP 1   1062                       898    164      852
  SINCE JUL 1   1083                       909    174      861

 COOLING
  TODAY            0                         0      0        0
  MONTH TO DATE    0                         0      0        0
  SINCE SEP 1     86                        91     -5      123
  SINCE JAN 1    727                       768    -41      856
..................................................................


WIND (MPH)
  HIGHEST WIND SPEED    12   HIGHEST WIND DIRECTION     W (260)
  HIGHEST GUST SPEED    14   HIGHEST GUST DIRECTION     W (260)
  AVERAGE WIND SPEED     4.6


SKY COVER
  POSSIBLE SUNSHINE  MM
  AVERAGE SKY COVER 0.0


WEATHER CONDITIONS
 THE FOLLOWING WEATHER WAS RECORDED TODAY.
  NO SIGNIFICANT WEATHER WAS OBSERVED.


RELATIVE HUMIDITY (PERCENT)
 HIGHEST    80           800 AM
 LOWEST     42           300 PM
 AVERAGE    61

..........................................................


THE ZANESVILLE OH CLIMATE NORMALS FOR TOMORROW
                         NORMAL    RECORD    YEAR
 MAXIMUM TEMPERATURE (F)   50        71      2010
 MINIMUM TEMPERATURE (F)   32        10      1964


SUNRISE AND SUNSET
NOVEMBER 21 2014......SUNRISE   719 AM EST   SUNSET   507 PM EST
NOVEMBER 22 2014......SUNRISE   720 AM EST   SUNSET   507 PM EST


-  INDICATES NEGATIVE NUMBERS.
R  INDICATES RECORD WAS SET OR TIED.
MM INDICATES DATA IS MISSING.
T  INDICATES TRACE AMOUNT.




$$
