000
CDUS41 KPBZ 272224
CLIZZV


CLIMATE REPORT
NATIONAL WEATHER SERVICE PITTSBURGH PA
524 PM EST FRI FEB 27 2015


...................................

...THE ZANESVILLE OH CLIMATE SUMMARY FOR FEBRUARY 27 2015...
VALID TODAY AS OF 0500 PM LOCAL TIME.

CLIMATE NORMAL PERIOD 1981 TO 2010
CLIMATE RECORD PERIOD 1946 TO 2015


WEATHER ITEM   OBSERVED TIME   RECORD YEAR NORMAL DEPARTURE LAST
                VALUE   (LST)  VALUE       VALUE  FROM      YEAR
                                                  NORMAL
..................................................................
TEMPERATURE (F)
 TODAY
  MAXIMUM         17    359 PM  70    1996  45    -28       25
  MINIMUM          0    655 AM -11    1963  25    -25        8
  AVERAGE          9                        35    -26       17

PRECIPITATION (IN)
  TODAY            0.00         MM      MM   0.08  -0.08      T
  MONTH TO DATE    1.05                      2.09  -1.04     1.28
  SINCE JUN 1     25.91                     27.15  -1.24    30.89
  SINCE JAN 1      3.50                      4.75  -1.25     2.58

DEGREE DAYS
 HEATING
  TODAY           56                        30     26       48
  MONTH TO DATE 1191                       893    298     1052
  SINCE DEC 1   3298                      3019    279     3332
  SINCE JUL 1   4605                      4160    445     4508

 COOLING
  TODAY            0                         0      0        0
  MONTH TO DATE    0                         0      0        0
  SINCE DEC 1      0                         0      0        0
  SINCE JAN 1      0                         0      0        0
..................................................................


WIND (MPH)
  HIGHEST WIND SPEED    13   HIGHEST WIND DIRECTION    NW (330)
  HIGHEST GUST SPEED    15   HIGHEST GUST DIRECTION    NW (330)
  AVERAGE WIND SPEED     3.7


SKY COVER
  POSSIBLE SUNSHINE  MM
  AVERAGE SKY COVER 0.2


WEATHER CONDITIONS
 THE FOLLOWING WEATHER WAS RECORDED TODAY.
  FOG
  HAZE


RELATIVE HUMIDITY (PERCENT)
 HIGHEST    87           400 AM
 LOWEST     46           100 PM
 AVERAGE    67

..........................................................


THE ZANESVILLE OH CLIMATE NORMALS FOR TOMORROW
                         NORMAL    RECORD    YEAR
 MAXIMUM TEMPERATURE (F)   45        64      1965
 MINIMUM TEMPERATURE (F)   26         0      1947


SUNRISE AND SUNSET
FEBRUARY 27 2015......SUNRISE   704 AM EST   SUNSET   617 PM EST
FEBRUARY 28 2015......SUNRISE   703 AM EST   SUNSET   618 PM EST


-  INDICATES NEGATIVE NUMBERS.
R  INDICATES RECORD WAS SET OR TIED.
MM INDICATES DATA IS MISSING.
T  INDICATES TRACE AMOUNT.




$$
