000
CDUS41 KPBZ 252120
CLIZZV


CLIMATE REPORT
NATIONAL WEATHER SERVICE PITTSBURGH PA
519 PM EDT SUN JUN 25 2017


...................................

...THE ZANESVILLE OH CLIMATE SUMMARY FOR JUNE 25 2017...
VALID TODAY AS OF 0500 PM LOCAL TIME.

CLIMATE NORMAL PERIOD 1981 TO 2010
CLIMATE RECORD PERIOD 1895 TO 2017


WEATHER ITEM   OBSERVED TIME   RECORD YEAR NORMAL DEPARTURE LAST
                VALUE   (LST)  VALUE       VALUE  FROM      YEAR
                                                  NORMAL
..................................................................
TEMPERATURE (F)
 TODAY
  MAXIMUM         78    218 PM 101    1988  83     -5       90
  MINIMUM         56    522 AM  42    1979  60     -4       60
  AVERAGE         67                        72     -5       75

PRECIPITATION (IN)
  TODAY            0.00          1.67 1914   0.14  -0.14     0.00
  MONTH TO DATE    4.30                      3.36   0.94     2.07
  SINCE JUN 1      4.30                      3.36   0.94     2.07
  SINCE JAN 1     22.42                     18.82   3.60    17.05

DEGREE DAYS
 HEATING
  TODAY            0                         0      0        0
  MONTH TO DATE   15                        30    -15        4
  SINCE JUN 1     15                        30    -15        4
  SINCE JUL 1   4442                      5569  -1127     4320

 COOLING
  TODAY            2                         7     -5       10
  MONTH TO DATE  166                       122     44      236
  SINCE JUN 1    166                       122     44      236
  SINCE JAN 1    253                       176     77      330
..................................................................


WIND (MPH)
  HIGHEST WIND SPEED    23   HIGHEST WIND DIRECTION     W (260)
  HIGHEST GUST SPEED    32   HIGHEST GUST DIRECTION     W (270)
  AVERAGE WIND SPEED     8.9


SKY COVER
  POSSIBLE SUNSHINE  MM
  AVERAGE SKY COVER 0.2


WEATHER CONDITIONS
 THE FOLLOWING WEATHER WAS RECORDED TODAY.
  NO SIGNIFICANT WEATHER WAS OBSERVED.


RELATIVE HUMIDITY (PERCENT)
 HIGHEST    86           600 AM
 LOWEST     33           200 PM
 AVERAGE    60

..........................................................


THE ZANESVILLE OH CLIMATE NORMALS FOR TOMORROW
                         NORMAL    RECORD    YEAR
 MAXIMUM TEMPERATURE (F)   83        97      1952
 MINIMUM TEMPERATURE (F)   61        44      1967


SUNRISE AND SUNSET
JUNE 25 2017..........SUNRISE   600 AM EDT   SUNSET   900 PM EDT
JUNE 26 2017..........SUNRISE   601 AM EDT   SUNSET   900 PM EDT


-  INDICATES NEGATIVE NUMBERS.
R  INDICATES RECORD WAS SET OR TIED.
MM INDICATES DATA IS MISSING.
T  INDICATES TRACE AMOUNT.




$$
