000
CDUS41 KPBZ 211230
CLIZZV


CLIMATE REPORT
NATIONAL WEATHER SERVICE PITTSBURGH PA
829 AM EDT THU AUG 21 2014


...................................

...THE ZANESVILLE OH CLIMATE SUMMARY FOR AUGUST 21 2014...
VALID AS OF 0800 AM LOCAL TIME.

CLIMATE NORMAL PERIOD 1981 TO 2010
CLIMATE RECORD PERIOD 1946 TO 2014


WEATHER ITEM   OBSERVED TIME   RECORD YEAR NORMAL DEPARTURE LAST
                VALUE   (LST)  VALUE       VALUE  FROM      YEAR
                                                  NORMAL
..................................................................
TEMPERATURE (F)
 TODAY
  MINIMUM         64    215 AM  38    1950  60      4       60

PRECIPITATION (IN)
  TODAY            0.00         MM      MM   0.11  -0.11      T
  MONTH TO DATE    2.75                      2.20   0.55     3.02
  SINCE JUN 1     13.10                     10.03   3.07    15.70
  SINCE JAN 1     27.43                     25.49   1.94    26.29

DEGREE DAYS
 HEATING
  TODAY            0

 COOLING
  TODAY            1
..................................................................







THE ZANESVILLE OH CLIMATE NORMALS FOR TOMORROW
                         NORMAL    RECORD    YEAR
 MAXIMUM TEMPERATURE (F)   83        95      1983
 MINIMUM TEMPERATURE (F)   60        41      1950


SUNRISE AND SUNSET
AUGUST 21 2014........SUNRISE   645 AM EDT   SUNSET   816 PM EDT
AUGUST 22 2014........SUNRISE   646 AM EDT   SUNSET   814 PM EDT


-  INDICATES NEGATIVE NUMBERS.
R  INDICATES RECORD WAS SET OR TIED.
MM INDICATES DATA IS MISSING.
T  INDICATES TRACE AMOUNT.




$$
