000
CDUS41 KPBZ 212216
CLIZZV


CLIMATE REPORT
NATIONAL WEATHER SERVICE PITTSBURGH PA
514 PM EST WED FEB 21 2018


...................................

...THE ZANESVILLE OH CLIMATE SUMMARY FOR FEBRUARY 21 2018...
VALID TODAY AS OF 0500 PM LOCAL TIME.

CLIMATE NORMAL PERIOD 1981 TO 2010
CLIMATE RECORD PERIOD 1895 TO 2018


WEATHER ITEM   OBSERVED TIME   RECORD YEAR NORMAL DEPARTURE LAST
                VALUE   (LST)  VALUE       VALUE  FROM      YEAR
                                                  NORMAL
..................................................................
TEMPERATURE (F)
 TODAY
  MAXIMUM         69    325 AM  72    1997  43     26       68
  MINIMUM         47    359 PM  -1    1968  24     23       40
                                      1963
                                      1896
  AVERAGE         58                        33     25       54

PRECIPITATION (IN)
  TODAY            0.09          1.17 2011   0.08   0.01      T
  MONTH TO DATE    3.62                      1.61   2.01     1.23
  SINCE JUN 1     28.59                     26.67   1.92    22.76
  SINCE JAN 1      5.73                      4.27   1.46     4.14

DEGREE DAYS
 HEATING
  TODAY            7                        32    -25       11
  MONTH TO DATE  601                       709   -108      538
  SINCE DEC 1   2844                      2835      9     2388
  SINCE JUL 1   3828                      3976   -148     3245

 COOLING
  TODAY            0                         0      0        0
  MONTH TO DATE    5                         0      5        0
  SINCE DEC 1      5                         0      5        0
  SINCE JAN 1      5                         0      5        0
..................................................................


WIND (MPH)
  HIGHEST WIND SPEED    17   HIGHEST WIND DIRECTION     S (200)
  HIGHEST GUST SPEED    24   HIGHEST GUST DIRECTION    SW (210)
  AVERAGE WIND SPEED     9.9


SKY COVER
  POSSIBLE SUNSHINE  MM
  AVERAGE SKY COVER 0.8


WEATHER CONDITIONS
 THE FOLLOWING WEATHER WAS RECORDED TODAY.
  RAIN
  LIGHT RAIN
  FOG


RELATIVE HUMIDITY (PERCENT)
 HIGHEST    86          1200 PM
 LOWEST     55           200 AM
 AVERAGE    71

..........................................................


THE ZANESVILLE OH CLIMATE NORMALS FOR TOMORROW
                         NORMAL    RECORD    YEAR
 MAXIMUM TEMPERATURE (F)   43        71      1922
 MINIMUM TEMPERATURE (F)   24       -10      1963


SUNRISE AND SUNSET
FEBRUARY 21 2018......SUNRISE   712 AM EST   SUNSET   611 PM EST
FEBRUARY 22 2018......SUNRISE   711 AM EST   SUNSET   612 PM EST


-  INDICATES NEGATIVE NUMBERS.
R  INDICATES RECORD WAS SET OR TIED.
MM INDICATES DATA IS MISSING.
T  INDICATES TRACE AMOUNT.




$$
