000
CDUS41 KPBZ 292118
CLIZZV


CLIMATE REPORT
NATIONAL WEATHER SERVICE PITTSBURGH PA
518 PM EDT SAT AUG 29 2015


...................................

...THE ZANESVILLE OH CLIMATE SUMMARY FOR AUGUST 29 2015...
VALID TODAY AS OF 0500 PM LOCAL TIME.

CLIMATE NORMAL PERIOD 1981 TO 2010
CLIMATE RECORD PERIOD 1946 TO 2015


WEATHER ITEM   OBSERVED TIME   RECORD YEAR NORMAL DEPARTURE LAST
                VALUE   (LST)  VALUE       VALUE  FROM      YEAR
                                                  NORMAL
..................................................................
TEMPERATURE (F)
 TODAY
  MAXIMUM         89    314 PM  97    1953  82      7       82
  MINIMUM         53    612 AM  36    1965  59     -6       52
  AVERAGE         71                        70      1       67

PRECIPITATION (IN)
  TODAY            0.00         MM      MM   0.11  -0.11     0.00
  MONTH TO DATE    0.76                      3.02  -2.26     3.12
  SINCE JUN 1     10.67                     10.85  -0.18    13.47
  SINCE JAN 1     26.57                     26.31   0.26    27.80

DEGREE DAYS
 HEATING
  TODAY            0                         1     -1        0
  MONTH TO DATE    8                         2      6        9
  SINCE JUN 1     32                        37     -5       31
  SINCE JUL 1      8                         5      3       21

 COOLING
  TODAY            6                         6      0        2
  MONTH TO DATE  162                       207    -45      179
  SINCE JUN 1    577                       614    -37      538
  SINCE JAN 1    694                       668     26      620
..................................................................


WIND (MPH)
  HIGHEST WIND SPEED    15   HIGHEST WIND DIRECTION     S (200)
  HIGHEST GUST SPEED    17   HIGHEST GUST DIRECTION     S (190)
  AVERAGE WIND SPEED     2.6


SKY COVER
  POSSIBLE SUNSHINE  MM
  AVERAGE SKY COVER 0.2


WEATHER CONDITIONS
 THE FOLLOWING WEATHER WAS RECORDED TODAY.
  FOG


RELATIVE HUMIDITY (PERCENT)
 HIGHEST    93           100 AM
 LOWEST     36           300 PM
 AVERAGE    65

..........................................................


THE ZANESVILLE OH CLIMATE NORMALS FOR TOMORROW
                         NORMAL    RECORD    YEAR
 MAXIMUM TEMPERATURE (F)   81        98      1953
 MINIMUM TEMPERATURE (F)   59        41      1986


SUNRISE AND SUNSET
AUGUST 29 2015........SUNRISE   652 AM EDT   SUNSET   804 PM EDT
AUGUST 30 2015........SUNRISE   653 AM EDT   SUNSET   802 PM EDT


-  INDICATES NEGATIVE NUMBERS.
R  INDICATES RECORD WAS SET OR TIED.
MM INDICATES DATA IS MISSING.
T  INDICATES TRACE AMOUNT.




$$
