000
CXUS51 KPHI 031108
CLMABE


CLIMATE REPORT
NATIONAL WEATHER SERVICE MOUNT HOLLY NJ
708 AM EDT TUE MAY 3 2016

...................................

...THE ALLENTOWN CLIMATE SUMMARY FOR THE MONTH OF APRIL 2016...

CLIMATE NORMAL PERIOD 1981 TO 2010
CLIMATE RECORD PERIOD 1922 TO 2016

WEATHER         OBSERVED          NORMAL  DEPART  LAST YEAR`S
                 VALUE   DATE(S)  VALUE   FROM    VALUE  DATE(S)
                                          NORMAL
................................................................
TEMPERATURE (F)
RECORD
 HIGH              93   04/18/1976
 LOW               12   04/01/1923
HIGHEST            83                82       1       80
LOWEST             20                26      -6       26
AVG. MAXIMUM     62.5              61.3     1.2     63.4
AVG. MINIMUM     38.5              38.5     0.0     38.8
MEAN             50.5              49.9     0.6     51.1
DAYS MAX >= 90      0               0.2    -0.2        0
DAYS MAX <= 32      0               0.0     0.0        0
DAYS MIN <= 32      8               5.9     2.1        5
DAYS MIN <= 0       0               0.0     0.0        0

PRECIPITATION (INCHES)
RECORD
 MAXIMUM        10.09   1952
 MINIMUM         0.61   1985
TOTALS           1.79              3.56   -1.77     1.77
DAILY AVG.       0.06              0.12   -0.06     0.06
DAYS >= .01        12              12.1    -0.1       12
DAYS >= .10         7               6.8     0.2        5
DAYS >= .50         0               2.3    -2.3        1
DAYS >= 1.00        0               0.9    -0.9        0
GREATEST
 24 HR. TOTAL    0.46   04/07 TO 04/07              0.93

SNOWFALL (INCHES)
RECORDS
 TOTAL              T   2015
                        2011
                        2009
 24 HR TOTAL       MM
TOTALS              TR              1.0    -1.0        T
SINCE 7/1        36.2              32.9     3.3     50.1
SNOWDEPTH AVG.      0                MM      MM        0
DAYS >= 1.0         0               0.2    -0.2        0
GREATEST
 SNOW DEPTH         0   MM                             0  MM
 24 HR TOTAL        T   04/09 TO 04/09                 T

DEGREE_DAYS
HEATING TOTAL     435               458     -23      412
 SINCE 7/1       4462              5570   -1108     5847
COOLING TOTAL       7                 5       2        0
 SINCE 1/1          9                 5       4        0
.................................................................

WIND (MPH)
AVERAGE WIND SPEED              6.9
HIGHEST WIND SPEED/DIRECTION    38/300    DATE  04/03
HIGHEST GUST SPEED/DIRECTION    49/300    DATE  04/03

SKY COVER
POSSIBLE SUNSHINE (PERCENT)   MM
AVERAGE SKY COVER           0.40
NUMBER OF DAYS FAIR           15
NUMBER OF DAYS PC              8
NUMBER OF DAYS CLOUDY          7

AVERAGE RH (PERCENT)     54

WEATHER CONDITIONS. NUMBER OF DAYS WITH
THUNDERSTORM              0     MIXED PRECIP               0
HEAVY RAIN                1     RAIN                       3
LIGHT RAIN               16     FREEZING RAIN              0
LT FREEZING RAIN          0     HEAVY SNOW                 0
SNOW                      0     LIGHT SNOW                 1
SLEET                     0     FOG                        8
FOG W/VIS <= 1/4 MILE     0     HAZE                       3

-  INDICATES NEGATIVE NUMBERS.
R  INDICATES RECORD WAS SET OR TIED.
MM INDICATES DATA IS MISSING.
T  INDICATES TRACE AMOUNT.

$$
