000
CXUS54 KFWD 010852
CLMACT


CLIMATE REPORT
NATIONAL WEATHER SERVICE FORT WORTH TX
341 AM CDT MON JUN 1 2015

...................................

...THE WACO CLIMATE SUMMARY FOR THE MONTH OF MAY 2015...

CLIMATE NORMAL PERIOD 1981 TO 2010
CLIMATE RECORD PERIOD 1901 TO 2015

WEATHER         OBSERVED          NORMAL  DEPART  LAST YEAR`S
                 VALUE   DATE(S)  VALUE   FROM    VALUE  DATE(S)
                                          NORMAL
................................................................
TEMPERATURE (F)
RECORD
 HIGH             102   05/31/1985
 LOW               34   05/04/2013
HIGHEST            89   05/20        94      -5       91  05/03
                        05/18
LOWEST             52   05/01        50       2       35  05/01
AVG. MAXIMUM     82.5              85.0    -2.5     84.4
AVG. MINIMUM     64.5              63.8     0.7     60.5
MEAN             73.5              74.4    -0.9     72.4
DAYS MAX >= 90      0               6.5    -6.5        3
DAYS MAX <= 32      0               0.0     0.0        0
DAYS MAX >= 100     0                                  0
DAYS MIN <= 32      0               0.0     0.0        0
DAYS MIN <= 0       0               0.0     0.0        0
DAYS MIN >= 80      0                                  0

PRECIPITATION (INCHES)
RECORD
 MAXIMUM        15.00   1965
 MINIMUM         0.08   1934
TOTALS           9.27              4.30    4.97     7.75
DAILY AVG.       0.30              0.14    0.16     0.25
DAYS >= .01        22               8.1    13.9        9
DAYS >= .10        12               5.2     6.8        7
DAYS >= .50         6               2.9     3.1        4
DAYS >= 1.00        4               1.4     2.6        3
GREATEST
 24 HR. TOTAL    2.86   05/23 TO 05/24              3.40

DEGREE_DAYS
HEATING TOTAL       2                 6      -4       18
 SINCE 7/1       2306              2142     164     2611
COOLING TOTAL     274               298     -24      258
 SINCE 1/1        435               452     -17      387
.................................................................

WIND (MPH)
AVERAGE WIND SPEED              10.1
HIGHEST WIND SPEED/DIRECTION    44/160    DATE  05/23
HIGHEST GUST SPEED/DIRECTION    54/160    DATE  05/23

SKY COVER
POSSIBLE SUNSHINE (PERCENT)   MM
AVERAGE SKY COVER           0.60
NUMBER OF DAYS FAIR            8
NUMBER OF DAYS PC             12
NUMBER OF DAYS CLOUDY         11

AVERAGE RH (PERCENT)     78

WEATHER CONDITIONS. NUMBER OF DAYS WITH
THUNDERSTORM             18     MIXED PRECIP               0
HEAVY RAIN               12     RAIN                      15
LIGHT RAIN               26     FREEZING RAIN              0
LT FREEZING RAIN          0     HAIL                       0
HEAVY SNOW                0     SNOW                       0
LIGHT SNOW                0     SLEET                      0
FOG                      26     FOG W/VIS <= 1/4 MILE      3
HAZE                      7

-  INDICATES NEGATIVE NUMBERS.
R  INDICATES RECORD WAS SET OR TIED.
MM INDICATES DATA IS MISSING.
T  INDICATES TRACE AMOUNT.

$$
