000
CXUS54 KFWD 010901
CLMACT


CLIMATE REPORT
NATIONAL WEATHER SERVICE FORT WORTH TX
400 AM CDT THU JUN 1 2017

...................................

...THE WACO CLIMATE SUMMARY FOR THE MONTH OF MAY 2017...

CLIMATE NORMAL PERIOD 1981 TO 2010
CLIMATE RECORD PERIOD 1901 TO 2017

WEATHER         OBSERVED          NORMAL  DEPART  LAST YEAR`S
                 VALUE   DATE(S)  VALUE   FROM    VALUE  DATE(S)
                                          NORMAL
................................................................
TEMPERATURE (F)
RECORD
 HIGH             102   05/31/1985
 LOW               34   05/04/2013
HIGHEST            92   05/27        94      -2       92  05/10
                        05/19
                        05/18
LOWEST             42   05/01        50      -8       47  05/03
AVG. MAXIMUM     86.1              85.0     1.1     82.3
AVG. MINIMUM     61.2              63.8    -2.6     62.6
MEAN             73.6              74.4    -0.8     72.4
DAYS MAX >= 90      9               6.5     2.5        4
DAYS MAX <= 32      0               0.0     0.0        0
DAYS MAX >= 100     0                                  0
DAYS MIN <= 32      0               0.0     0.0        0
DAYS MIN <= 0       0               0.0     0.0        0
DAYS MIN >= 80      0                                  0

PRECIPITATION (INCHES)
RECORD
 MAXIMUM        15.00   1965
 MINIMUM         0.08   1934
TOTALS           2.80              4.30   -1.50     8.31
DAILY AVG.       0.09              0.14   -0.05     0.27
DAYS >= .01         7               8.1    -1.1       12
DAYS >= .10         5               5.2    -0.2       10
DAYS >= .50         2               2.9    -0.9        6
DAYS >= 1.00        1               1.4    -0.4        4
GREATEST
 24 HR. TOTAL    1.19   05/21 TO 05/22              3.18

DEGREE_DAYS
HEATING TOTAL       3                 6      -3       11
 SINCE 7/1       1335              2142    -807     1691
COOLING TOTAL     280               298     -18      247
 SINCE 1/1        569               452     117      391
.................................................................

WIND (MPH)
AVERAGE WIND SPEED              10.5
HIGHEST WIND SPEED/DIRECTION    35/050    DATE  05/21
HIGHEST GUST SPEED/DIRECTION    47/030    DATE  05/21

SKY COVER
POSSIBLE SUNSHINE (PERCENT)   MM
AVERAGE SKY COVER           0.30
NUMBER OF DAYS FAIR           14
NUMBER OF DAYS PC             12
NUMBER OF DAYS CLOUDY          5

AVERAGE RH (PERCENT)     68

WEATHER CONDITIONS. NUMBER OF DAYS WITH
THUNDERSTORM              7     MIXED PRECIP               0
HEAVY RAIN                4     RAIN                       5
LIGHT RAIN               14     FREEZING RAIN              0
LT FREEZING RAIN          0     HAIL                       0
HEAVY SNOW                0     SNOW                       0
LIGHT SNOW                0     SLEET                      0
FOG                      16     FOG W/VIS <= 1/4 MILE      0
HAZE                      4

-  INDICATES NEGATIVE NUMBERS.
R  INDICATES RECORD WAS SET OR TIED.
MM INDICATES DATA IS MISSING.
T  INDICATES TRACE AMOUNT.

$$
