000
CXUS51 KPHI 011127
CLMACY


CLIMATE REPORT
NATIONAL WEATHER SERVICE MOUNT HOLLY NJ
727 AM EDT FRI MAY 1 2015

...................................

...THE ATLANTIC CITY CLIMATE SUMMARY FOR THE MONTH OF APRIL 2015...

CLIMATE NORMAL PERIOD 1981 TO 2010
CLIMATE RECORD PERIOD 1874 TO 2015

WEATHER         OBSERVED          NORMAL  DEPART  LAST YEAR`S
                 VALUE   DATE(S)  VALUE   FROM    VALUE  DATE(S)
                                          NORMAL
................................................................
TEMPERATURE (F)
RECORD
 HIGH              94   04/17/2002
                        04/27/1969
 LOW               12   04/01/1969
HIGHEST            77   04/29        82      -5       75  04/11
LOWEST             28   04/02        26       2       28  04/17
AVG. MAXIMUM     63.8              61.7     2.1     60.5
AVG. MINIMUM     41.1              41.8    -0.7     38.7
MEAN             52.5              51.7     0.8     49.6
DAYS MAX >= 90      0               0.2    -0.2        0
DAYS MAX <= 32      0               0.0     0.0        0
DAYS MIN <= 32      4               3.7     0.3        8
DAYS MIN <= 0       0               0.0     0.0        0

PRECIPITATION (INCHES)
RECORD
 MAXIMUM         7.59   1964
 MINIMUM         0.84   1976
TOTALS           2.55              3.63   -1.08     4.37
DAILY AVG.       0.09              0.12   -0.03     0.15
DAYS >= .01        10              11.6    -1.6       10
DAYS >= .10         6               6.9    -0.9        7
DAYS >= .50         1               2.2    -1.2        2
DAYS >= 1.00        0               0.9    -0.9        2
GREATEST
 24 HR. TOTAL    0.96   04/20 TO 04/20              2.52

SNOWFALL (INCHES)
RECORDS
 TOTAL              T   2014
                        5
                        0
 24 HR TOTAL       MM
TOTALS            0.0               0.3    -0.3        T
SINCE 7/1        22.4              16.5     5.9     43.8
SNOWDEPTH AVG.      0                MM      MM        0
DAYS >= 1.0         0               0.1    -0.1        0
GREATEST
 SNOW DEPTH         0   MM                            -1  04/16
 24 HR TOTAL      0.0   04/30 TO 04/30                 T

DEGREE_DAYS
HEATING TOTAL     372               407     -35      454
 SINCE 7/1       5074              4704     370     5176
COOLING TOTAL       0                 9      -9        0
 SINCE 1/1          0                 9      -9        0
.................................................................

WIND (MPH)
AVERAGE WIND SPEED              10.5
HIGHEST WIND SPEED/DIRECTION    36/300    DATE  04/04
HIGHEST GUST SPEED/DIRECTION    45/310    DATE  04/04

SKY COVER
POSSIBLE SUNSHINE (PERCENT)   MM
AVERAGE SKY COVER           0.40
NUMBER OF DAYS FAIR           16
NUMBER OF DAYS PC              7
NUMBER OF DAYS CLOUDY          7

AVERAGE RH (PERCENT)     63

WEATHER CONDITIONS. NUMBER OF DAYS WITH
THUNDERSTORM              0     MIXED PRECIP               0
HEAVY RAIN                2     RAIN                       6
LIGHT RAIN               11     FREEZING RAIN              0
LT FREEZING RAIN          0     HEAVY SNOW                 0
SNOW                      0     LIGHT SNOW                 0
SLEET                     0     FOG                       10
FOG W/VIS <= 1/4 MILE     2     HAZE                       3

-  INDICATES NEGATIVE NUMBERS.
R  INDICATES RECORD WAS SET OR TIED.
MM INDICATES DATA IS MISSING.
T  INDICATES TRACE AMOUNT.

$$
