806
CXUS51 KPHI 020302 CCA
CLMACY

CLIMATE REPORT
NATIONAL WEATHER SERVICE MOUNT HOLLY NJ
555 AM EST WED MAR 1 2017

...................................

...THE ATLANTIC CITY CLIMATE SUMMARY FOR THE MONTH OF FEBRUARY 2017...

CLIMATE NORMAL PERIOD 1981 TO 2010
CLIMATE RECORD PERIOD 1874 TO 2017

WEATHER         OBSERVED          NORMAL  DEPART  LAST YEAR`S
                 VALUE   DATE(S)  VALUE   FROM    VALUE  DATE(S)
                                          NORMAL
................................................................
TEMPERATURE (F)
RECORD
 HIGH              77   02/25/1930
 LOW              -11   02/12/1979
HIGHEST            72   02/23        63       9       67  02/21
LOWEST             20   02/04         7      13        7  02/14
AVG. MAXIMUM     53.6              44.3     9.3     47.4
AVG. MINIMUM     32.4              26.4     6.0     28.7
MEAN             43.0              35.3     7.7     38.0
DAYS MAX >= 90      0               0.0     0.0        0
DAYS MAX <= 32      0               2.7    -2.7        4
DAYS MIN <= 32     16              20.5    -4.5       18
DAYS MIN <= 0       0               0.1    -0.1        0

PRECIPITATION (INCHES)
RECORD
 MAXIMUM         6.86   1958
 MINIMUM         0.68   2009
TOTALS           1.37              2.87   -1.50     4.51
DAILY AVG.       0.05              0.10   -0.05     0.16
DAYS >= .01         4               9.5    -5.5       13
DAYS >= .10         4               5.8    -1.8        7
DAYS >= .50         1               2.0    -1.0        5
DAYS >= 1.00        0               0.7    -0.7        0
GREATEST
 24 HR. TOTAL    0.71   02/09 TO 02/09              1.25

SNOWFALL (INCHES)
RECORDS
 TOTAL             MM   5
 24 HR TOTAL       MM
TOTALS            0.3               6.7    -6.4      3.9
SINCE 7/1         7.5              15.1    -7.6     20.6
SNOWDEPTH AVG.      0                 2      -2        0
DAYS >= 1.0         0               1.6    -1.6        2
GREATEST
 SNOW DEPTH         0   MM                             1  02/05
 24 HR TOTAL      0.3   02/09 TO 02/09               2.1

DEGREE_DAYS
HEATING TOTAL     611               830    -219      775
 SINCE 7/1       2996              3591    -595     2881
COOLING TOTAL       0                 0       0        0
 SINCE 1/1          0                 0       0        0
.................................................................

WIND (MPH)
AVERAGE WIND SPEED              9.9
HIGHEST WIND SPEED/DIRECTION    41/310    DATE  02/13
HIGHEST GUST SPEED/DIRECTION    54/310    DATE  02/13

SKY COVER
POSSIBLE SUNSHINE (PERCENT)    0
AVERAGE SKY COVER           0.30
NUMBER OF DAYS FAIR           15
NUMBER OF DAYS PC             11
NUMBER OF DAYS CLOUDY          1

AVERAGE RH (PERCENT)     57

WEATHER CONDITIONS. NUMBER OF DAYS WITH
THUNDERSTORM              1     MIXED PRECIP               0
HEAVY RAIN                2     RAIN                       3
LIGHT RAIN                7     FREEZING RAIN              0
LT FREEZING RAIN          0     HEAVY SNOW                 0
SNOW                      0     LIGHT SNOW                 2
SLEET                     0     FOG                        7
FOG W/VIS <= 1/4 MILE     2     HAZE                       0

-  INDICATES NEGATIVE NUMBERS.
R  INDICATES RECORD WAS SET OR TIED.
MM INDICATES DATA IS MISSING.
T  INDICATES TRACE AMOUNT.

$$
