520
CXAK58 PADQ 012036
CLMADQ


CLIMATE REPORT
NATIONAL WEATHER SERVICE ANCHORAGE, AK
1228 PM AKDT MON MAY 1 2017

...................................

...THE KODIAK CLIMATE SUMMARY FOR THE MONTH OF APRIL 2017...

CLIMATE NORMAL PERIOD 1981 TO 2010
CLIMATE RECORD PERIOD 1913 TO 2017

WEATHER         OBSERVED          NORMAL  DEPART  LAST YEAR`S
                 VALUE   DATE(S)  VALUE   FROM    VALUE  DATE(S)
                                          NORMAL
................................................................
TEMPERATURE (F)
RECORD
 HIGH              70   MM
 LOW               25   04/02/2017
HIGHEST            54                MM      MM       50
LOWEST             25R               MM      MM       29
AVG. MAXIMUM     45.1              42.9     2.2     46.7
AVG. MINIMUM     34.6              32.3     2.3     37.6
MEAN             39.9              37.6     2.3     42.2
DAYS MAX >= 90      0               0.0     0.0        0
DAYS MAX <= 32      0               0.6    -0.6        0
DAYS MIN <= 32      8              12.4    -4.4        2
DAYS MIN <= 0       0               0.0     0.0        0

PRECIPITATION (INCHES)
RECORD
 MAXIMUM           MM   MM
 MINIMUM           MM   MM
TOTALS           7.35              5.81    1.54     8.90
DAILY AVG.       0.24              0.19    0.05     0.30
DAYS >= .01        19              17.5     1.5       26
DAYS >= .10        12              11.6     0.4       20
DAYS >= .50         5               4.4     0.6        6
DAYS >= 1.00        3               1.0     2.0        2
GREATEST
 24 HR. TOTAL    2.07   04/05 TO 04/06           04/23 TO 04/23
                                                          04/21 TO 04/21
                                                          04/21 TO 04/21
 STORM TOTAL       MM                                 MM
 (MM/DD(HH))            MM                    04/23(00) TO 04/23(00)
                                                 04/21(00) TO 04/21(00)1
                                                 04/21(00) TO 04/21(00)1

SNOWFALL (INCHES)
RECORDS
 TOTAL             MM   MM
 24 HR TOTAL       MM
 SNOW DEPTH        MM   MM
TOTALS            1.1               8.0    -6.9      0.0
SINCE 7/1        28.4              68.7   -40.3      0.0
SNOWDEPTH AVG.      0                MM      MM        0
DAYS >= TRACE       7               4.7     2.3        0
DAYS >= 1.0         0               2.0    -2.0
GREATEST
 SNOW DEPTH         0   MM                             0  MM
 24 HR TOTAL      0.6   04/09 TO 04/09           04/21 TO 04/21
                                                          04/21 TO 04/21
                                                          04/21 TO 04/21
 STORM TOTAL       MM                                 MM
 (MM/DD(HH))            MM

DEGREE_DAYS
HEATING TOTAL     747               822     -75      565
 SINCE 7/1       7201              7692    -491     5640
COOLING TOTAL       0                 0       0        0
 SINCE 1/1          0                 0       0        0

FREEZE DATES
RECORD
 EARLIEST     MM
 LATEST       MM
EARLIEST                        MM
LATEST                          MM
..................................................

WIND (MPH)
AVERAGE WIND SPEED              11.1
RESULTANT WIND SPEED/DIRECTION   6/048
HIGHEST WIND SPEED/DIRECTION    44/030    DATE  04/03
HIGHEST GUST SPEED/DIRECTION    53/030    DATE  04/03

SKY COVER
POSSIBLE SUNSHINE (PERCENT)   MM
AVERAGE SKY COVER           0.70
NUMBER OF DAYS FAIR            5
NUMBER OF DAYS PC              7
NUMBER OF DAYS CLOUDY         18

AVERAGE RH (PERCENT)     80

WEATHER CONDITIONS. NUMBER OF DAYS WITH
THUNDERSTORM              0     MIXED PRECIP               0
HEAVY RAIN                1     RAIN                       8
LIGHT RAIN               19     FREEZING RAIN              0
LT FREEZING RAIN          0     HAIL                       0
HEAVY SNOW                0     SNOW                       4
LIGHT SNOW                7     SLEET                      0
FOG                      17     FOG W/VIS <= 1/4 MILE      1
HAZE                      0

-  INDICATES NEGATIVE NUMBERS.
R  INDICATES RECORD WAS SET OR TIED.
MM INDICATES DATA IS MISSING.
T  INDICATES TRACE AMOUNT.

$$
