518
CXAK58 PAKN 020253
CLMAKN


CLIMATE REPORT
NATIONAL WEATHER SERVICE ANCHORAGE, AK
550 PM AKST THU DEC 1 2016

...................................

...THE KING SALMON CLIMATE SUMMARY FOR THE MONTH OF NOVEMBER 2016...

CLIMATE NORMAL PERIOD 1981 TO 2010
CLIMATE RECORD PERIOD 1917 TO 2016

WEATHER         OBSERVED          NORMAL  DEPART  LAST YEAR`S
                 VALUE   DATE(S)  VALUE   FROM    VALUE  DATE(S)
                                          NORMAL
................................................................
TEMPERATURE (F)
RECORD
 HIGH              53   11/03/2002
                        11/02/1935
                        11/02/1928
 LOW              -28   11/22/1988
                        11/28/1917
HIGHEST            47                MM      MM       MM
LOWEST            -10                MM      MM       MM
AVG. MAXIMUM     30.6              30.5     0.1       MM
AVG. MINIMUM     15.3              15.3     0.0       MM
MEAN             23.0              22.9     0.1       MM
DAYS MAX >= 90      0               0.0     0.0       MM
DAYS MAX <= 32     14              14.2    -0.2       MM
DAYS MIN <= 32     28              25.3     2.7       MM
DAYS MIN <= 0       4               5.4    -1.4       MM

PRECIPITATION (INCHES)
RECORD
 MAXIMUM           MM   MM
 MINIMUM           MM   MM
TOTALS           0.94              1.39   -0.45       MM
DAILY AVG.       0.03              0.05   -0.02       MM
DAYS >= .01        11              12.6    -1.6       MM
DAYS >= .10         3               4.8    -1.8       MM
DAYS >= .50         0               0.3    -0.3       MM
DAYS >= 1.00        0               0.1    -0.1       MM
GREATEST
 24 HR. TOTAL    0.99   11/01 TO 11/02                MM
 STORM TOTAL       MM                                 MM
 (MM/DD(HH))            MM                                MM

SNOWFALL (INCHES)
RECORDS
 TOTAL             MM   MM
 24 HR TOTAL       MM
 SNOW DEPTH        MM   MM
TOTALS            4.6               6.9    -2.3       MM
SINCE 7/1         4.6               9.8    -5.2       MM
SNOWDEPTH AVG.      1                 3      -2       MM
DAYS >= TRACE      13               7.8     5.2       MM
DAYS >= 1.0         1               2.5    -1.5
GREATEST
 SNOW DEPTH         2   11/30                         MM  MM
                        11/29
                        11/28
 24 HR TOTAL      1.2   MM                            MM
 STORM TOTAL       MM                                 MM
 (MM/DD(HH))            MM

DEGREE_DAYS
HEATING TOTAL    1255              1263      -8       MM
 SINCE 7/1       2726              3377    -651       MM
COOLING TOTAL       0                 0       0       MM
 SINCE 1/1          0                 1      -1       MM

FREEZE DATES
RECORD
 EARLIEST     MM
 LATEST       MM
EARLIEST                        MM
LATEST                          MM
.................................................................

WIND (MPH)
AVERAGE WIND SPEED              9.5
RESULTANT WIND SPEED/DIRECTION   7/007
HIGHEST WIND SPEED/DIRECTION    28/360    DATE  11/30
HIGHEST GUST SPEED/DIRECTION    34/360    DATE  11/30

SKY COVER
POSSIBLE SUNSHINE (PERCENT)   MM
AVERAGE SKY COVER           0.60
NUMBER OF DAYS FAIR            6
NUMBER OF DAYS PC             12
NUMBER OF DAYS CLOUDY         12

AVERAGE RH (PERCENT)     85

WEATHER CONDITIONS. NUMBER OF DAYS WITH
THUNDERSTORM              0     MIXED PRECIP               0
HEAVY RAIN                1     RAIN                       2
LIGHT RAIN                8     FREEZING RAIN              0
LT FREEZING RAIN          1     HAIL                       0
HEAVY SNOW                0     SNOW                       6
LIGHT SNOW               12     SLEET                      0
FOG                      19     FOG W/VIS <= 1/4 MILE      2
HAZE                      1

-  INDICATES NEGATIVE NUMBERS.
R  INDICATES RECORD WAS SET OR TIED.
MM INDICATES DATA IS MISSING.
T  INDICATES TRACE AMOUNT.

$$
