000
CXUS51 KALY 010642
CLMALB


CLIMATE REPORT
NATIONAL WEATHER SERVICE ALBANY NY
239 AM EDT SAT OCT 1 2016

...................................

...THE ALBANY NY CLIMATE SUMMARY FOR THE MONTH OF SEPTEMBER 2016...

CLIMATE NORMAL PERIOD 1981 TO 2010
CLIMATE RECORD PERIOD 1874 TO 2016

WEATHER         OBSERVED          NORMAL  DEPART  LAST YEAR`S
                 VALUE   DATE(S)  VALUE   FROM    VALUE  DATE(S)
                                          NORMAL
................................................................
TEMPERATURE (F)
RECORD
 HIGH             100   09/03/1953
                        09/02/1953
 LOW               24   09/28/1947
                        09/27/1947
HIGHEST            89   09/08        73      16       94  09/08
LOWEST             37   09/26        49     -12       43  09/27
AVG. MAXIMUM     77.6              72.2     5.4     79.9
AVG. MINIMUM     54.6              51.6     3.0     57.2
MEAN             66.1              61.9     4.2     68.6
DAYS MAX >= 90      0               0.2    -0.2        3
DAYS MAX <= 32      0               0.0     0.0        0
DAYS MIN <= 32      0               0.2    -0.2        0
DAYS MIN <= 0       0               0.0     0.0        0

PRECIPITATION (INCHES)
RECORD
 MAXIMUM        11.06   1999
 MINIMUM         0.40   1964
TOTALS           2.18              3.30   -1.12     6.89
DAILY AVG.       0.07              0.11   -0.04     0.23
DAYS >= .01         9               9.8    -0.8       10
DAYS >= .10         6               6.2    -0.2        7
DAYS >= .50         2               2.0     0.0        4
DAYS >= 1.00        0               0.8    -0.8        3
GREATEST
 24 HR. TOTAL    1.02   09/18 TO 09/19

DEGREE_DAYS
HEATING TOTAL      66               144     -78       43
 SINCE 7/1         67               167    -100       44
COOLING TOTAL     108                51      57      158
 SINCE 1/1        896               594     302      906

FREEZE DATES
RECORD
 EARLIEST     09/24/1963
 LATEST       05/27/1969
EARLIEST                        10/10
LATEST                          04/28
.................................................................

WIND (MPH)
AVERAGE WIND SPEED              5.3
HIGHEST WIND SPEED/DIRECTION    30/290    DATE  09/11
HIGHEST GUST SPEED/DIRECTION    40/300    DATE  09/11

SKY COVER
AVERAGE SKY COVER           0.50

AVERAGE RH (PERCENT)     68

WEATHER CONDITIONS. NUMBER OF DAYS WITH
THUNDERSTORM              3     MIXED PRECIP               0
HEAVY RAIN                3     RAIN                       5
LIGHT RAIN               11     FREEZING RAIN              0
LT FREEZING RAIN          0     HAIL                       0
HEAVY SNOW                0     SNOW                       0
LIGHT SNOW                0     SLEET                      0
FOG                      19     FOG W/VIS <= 1/4 MILE      5
HAZE                      1

-  INDICATES NEGATIVE NUMBERS.
R  INDICATES RECORD WAS SET OR TIED.
MM INDICATES DATA IS MISSING.
T  INDICATES TRACE AMOUNT.

$$
