000
CXUS52 KJAX 011702 RRA
CLMAMG

CLIMATE REPORT
NATIONAL WEATHER SERVICE JACKSONVILLE FL
1201 PM EST WED FEB 1 2017

...................................

...THE ALMA CLIMATE SUMMARY FOR THE MONTH OF JANUARY 2017...

CLIMATE NORMAL PERIOD 1981 TO 2010
CLIMATE RECORD PERIOD 1948 TO 2017

WEATHER         OBSERVED          NORMAL  DEPART  LAST YEAR`S
                 VALUE   DATE(S)  VALUE   FROM    VALUE  DATE(S)
                                          NORMAL
................................................................
TEMPERATURE (F)
RECORD
 HIGH              83   01/29/2013
                        01/26/2012
                        01/30/1975
 LOW                    01/21/1985
HIGHEST            82   01/02        62      20       72  01/27
LOWEST             24   01/09        41     -17       25  01/20
                                                          01/19
AVG. MAXIMUM     68.8              61.6     7.2     59.5
AVG. MINIMUM     45.9              39.8     6.1     37.7
MEAN             57.4              50.7     6.7     48.6
DAYS MAX >= 90      0               0.0     0.0        0
DAYS MAX <= 32      0               0.1    -0.1        0
DAYS MIN <= 32      3               8.3    -5.3       11
DAYS MIN <= 0       0               0.0     0.0        0

PRECIPITATION (INCHES)
RECORD
 MAXIMUM        14.86   1991
 MINIMUM         0.30   2003
TOTALS           7.09              4.26    2.83     4.59
DAILY AVG.       0.23              0.14    0.09     0.15
DAYS >= .01         9               9.5    -0.5        7
DAYS >= .10         5               6.6    -1.6        6
DAYS >= .50         4               2.9     1.1        5
DAYS >= 1.00        2               1.3     0.7        2
GREATEST
 24 HR. TOTAL    4.27

SNOWFALL (INCHES)
RECORDS
 TOTAL              T   2014
                        2000
TOTALS            0.0               0.0     0.0      0.0
SINCE 7/1         0.0               0.1    -0.1      0.0
SNOWDEPTH AVG.      0                MM      MM        0
DAYS >= 1.0         0               0.0     0.0        0
GREATEST
 SNOW DEPTH         0   MM                             0  MM
 24 HR TOTAL      0.0

DEGREE_DAYS
HEATING TOTAL     253               449    -196      500
 SINCE 7/1        709              1089    -380      759
COOLING TOTAL      26                 5      21        0
 SINCE 1/1         26                 0      26        0
.................................................................

WIND (MPH)
AVERAGE WIND SPEED              5.4
HIGHEST WIND SPEED/DIRECTION    29/310    DATE  01/21
HIGHEST GUST SPEED/DIRECTION    40/290    DATE  01/21

SKY COVER
POSSIBLE SUNSHINE (PERCENT)   MM
AVERAGE SKY COVER           0.30
NUMBER OF DAYS FAIR           12
NUMBER OF DAYS PC              8
NUMBER OF DAYS CLOUDY          3

AVERAGE RH (PERCENT)     72

WEATHER CONDITIONS. NUMBER OF DAYS WITH
THUNDERSTORM              0     MIXED PRECIP               0
HEAVY RAIN                2     RAIN                       3
LIGHT RAIN                5     FREEZING RAIN              0
LT FREEZING RAIN          0     HAIL                       0
HEAVY SNOW                0     SNOW                       0
LIGHT SNOW                0     SLEET                      0
FOG                      15     FOG W/VIS <= 1/4 MILE     10
HAZE                      0

-  INDICATES NEGATIVE NUMBERS.
R  INDICATES RECORD WAS SET OR TIED.
MM INDICATES DATA IS MISSING.
T  INDICATES TRACE AMOUNT.

$$
