000
CXUS54 KBMX 011154
CLMANB


CLIMATE REPORT
NATIONAL WEATHER SERVICE BIRMINGHAM, AL
553 AM CST THU DEC 1 2016

...................................

...THE ANNISTON CLIMATE SUMMARY FOR THE MONTH OF NOVEMBER 2016...

CLIMATE NORMAL PERIOD 1981 TO 2010
CLIMATE RECORD PERIOD 1903 TO 2016

WEATHER         OBSERVED          NORMAL  DEPART  LAST YEAR`S
                 VALUE   DATE(S)  VALUE   FROM    VALUE  DATE(S)
                                          NORMAL
................................................................
TEMPERATURE (F)
RECORD
 HIGH              88   11/01/2016
                        11/02/1974
                        08/29/2000
 LOW                5   11/25/1950
HIGHEST            88R  11/01        MM      MM       81  11/06
LOWEST             23   11/21        MM      MM       26  11/23
AVG. MAXIMUM     72.4              65.2     7.2     68.5
AVG. MINIMUM     41.8              41.9    -0.1     49.1
MEAN             57.1                               58.8
DAYS MAX >= 90      0               0.0     0.0        0
DAYS MAX <= 32      0               0.0     0.0        0
DAYS MIN <= 32      6               5.4     0.6        4
DAYS MIN <= 0       0               0.0     0.0        0

PRECIPITATION (INCHES)
RECORD
 MAXIMUM        15.10   1948
 MINIMUM         0.61   1949
TOTALS           3.02              4.58   -1.56     6.90
DAILY AVG.       0.10              0.15   -0.05
DAYS >= .01         3               9.1    -6.1
DAYS >= .10         3               6.0    -3.0
DAYS >= .50         2               3.2    -1.2
DAYS >= 1.00        1               1.9    -0.9

DEGREE_DAYS
HEATING TOTAL     247               355    -108      217
 SINCE 7/1        273               497    -224      291
.................................................................

WIND (MPH)
AVERAGE WIND SPEED              4.5
HIGHEST WIND SPEED/DIRECTION    31/270    DATE  11/30
HIGHEST GUST SPEED/DIRECTION    43/270    DATE  11/30

AVERAGE RH (PERCENT)     57

WEATHER CONDITIONS. NUMBER OF DAYS WITH
THUNDERSTORM              0     MIXED PRECIP               0
HEAVY RAIN                2     RAIN                       3
LIGHT RAIN                4     FREEZING RAIN              0
LT FREEZING RAIN          0     HAIL                       0
HEAVY SNOW                0     SNOW                       0
LIGHT SNOW                0     SLEET                      0
FOG                       8     FOG W/VIS <= 1/4 MILE      1
HAZE                      4

-  INDICATES NEGATIVE NUMBERS.
R  INDICATES RECORD WAS SET OR TIED.
MM INDICATES DATA IS MISSING.
T  INDICATES TRACE AMOUNT.

$$
