000
CXUS54 KBMX 030014
CLMANB


CLIMATE REPORT
NATIONAL WEATHER SERVICE BIRMINGHAM, AL
713 PM CDT SAT APR 2 2016

...................................

...THE ANNISTON CLIMATE SUMMARY FOR THE MONTH OF MARCH 2016...

CLIMATE NORMAL PERIOD 1981 TO 2010
CLIMATE RECORD PERIOD 1903 TO 2016

WEATHER         OBSERVED          NORMAL  DEPART  LAST YEAR`S
                 VALUE   DATE(S)  VALUE   FROM    VALUE  DATE(S)
                                          NORMAL
................................................................
TEMPERATURE (F)
RECORD
 HIGH              89   03/09/1974
                        03/31/1963
 LOW                8   03/13/1993
HIGHEST            88   03/15        MM      MM       82  03/16
LOWEST             32   03/22        MM      MM       22  03/06
                        03/21
                        03/05
AVG. MAXIMUM     71.1              66.3     4.8     68.6
AVG. MINIMUM     47.5              42.8     4.7     45.5
MEAN             59.3                               57.1
DAYS MAX >= 90      0               0.0     0.0        0
DAYS MAX <= 32      0               0.0     0.0        0
DAYS MIN <= 32      3               4.0    -1.0        5
DAYS MIN <= 0       0               0.0     0.0        0

PRECIPITATION (INCHES)
RECORD
 MAXIMUM        18.09   1977
 MINIMUM         1.38   1985
TOTALS           3.29              4.96   -1.67     5.58
DAILY AVG.       0.11              0.16   -0.05
DAYS >= .01         9               9.9    -0.9
DAYS >= .10         8               6.7     1.3
DAYS >= .50         1               3.6    -2.6
DAYS >= 1.00        1               1.8    -0.8

DEGREE_DAYS
HEATING TOTAL     198               336    -138      246
 SINCE 7/1       1932              2608    -676     2767
COOLING TOTAL      28                12      16        8
 SINCE 1/1         28                13      15        8
.................................................................

WIND (MPH)
AVERAGE WIND SPEED              5.8
HIGHEST WIND SPEED/DIRECTION    24/220    DATE  03/01
HIGHEST GUST SPEED/DIRECTION    34/240    DATE  03/01

AVERAGE RH (PERCENT)     63

WEATHER CONDITIONS. NUMBER OF DAYS WITH
THUNDERSTORM              0     MIXED PRECIP               0
HEAVY RAIN                1     RAIN                       4
LIGHT RAIN               12     FREEZING RAIN              0
LT FREEZING RAIN          0     HAIL                       0
HEAVY SNOW                0     SNOW                       0
LIGHT SNOW                0     SLEET                      0
FOG                      16     FOG W/VIS <= 1/4 MILE      2
HAZE                      5

-  INDICATES NEGATIVE NUMBERS.
R  INDICATES RECORD WAS SET OR TIED.
MM INDICATES DATA IS MISSING.
T  INDICATES TRACE AMOUNT.

$$
