000
CXAK58 PAFC 011419
CLMANC


CLIMATE REPORT
NATIONAL WEATHER SERVICE ANCHORAGE, AK
519 AM AKST FRI DEC 1 2017

...................................

...THE ANCHORAGE AK CLIMATE SUMMARY FOR THE MONTH OF NOVEMBER 2017...

CLIMATE NORMAL PERIOD 1981 TO 2010
CLIMATE RECORD PERIOD 1952 TO 2017

WEATHER         OBSERVED          NORMAL  DEPART  LAST YEAR`S
                 VALUE   DATE(S)  VALUE   FROM    VALUE  DATE(S)
                                          NORMAL
................................................................
TEMPERATURE (F)
RECORD
 HIGH              54   11/26/2002
 LOW              -21   11/17/1956
HIGHEST            35                MM      MM       47
LOWEST              1                MM      MM        1
AVG. MAXIMUM     26.7              27.8    -1.1     31.4
AVG. MINIMUM     15.2              16.6    -1.4     20.8
MEAN             20.9              22.2    -1.3     26.1
DAYS MAX >= 90      0               0.0     0.0        0
DAYS MAX <= 32     25              20.2     4.8       16
DAYS MIN <= 32     30              28.0     2.0       30
DAYS MIN <= 0       0               2.4    -2.4        0

PRECIPITATION (INCHES)
RECORD
 MAXIMUM         2.84   1976
 MINIMUM         0.04   2006
TOTALS           0.71              1.16   -0.45     0.25
DAILY AVG.       0.02              0.04   -0.02     0.01
DAYS >= .01         7               9.4    -2.4        6
DAYS >= .10         3               3.8    -0.8        0
DAYS >= .50         0               0.4    -0.4        0
DAYS >= 1.00        0               0.0     0.0        0
GREATEST
 24 HR. TOTAL    0.30   11/05 TO 11/05           11/14 TO 11/14
                                                          11/14 TO 11/14
                                                          11/14 TO 11/14
 STORM TOTAL       MM                                 MM
 (MM/DD(HH))            MM                    11/14(00) TO 11/14(00)
                                                 11/14(00) TO 11/14(00)4
                                                 11/14(00) TO 11/14(00)4

SNOWFALL (INCHES)
RECORDS
 TOTAL           38.8   1994
 24 HR TOTAL     16.4   11/18/1964 TO 11/19/1964
 SNOW DEPTH        28   11/30/1996
TOTALS            7.8              13.1    -5.3      1.3
SINCE 7/1         8.3              21.4   -13.1      3.9
SNOWDEPTH AVG.      4                 6      -2        0
DAYS >= TRACE       8               8.1    -0.1        8
DAYS >= 1.0         3               4.1    -1.1        0
GREATEST
 SNOW DEPTH         7   11/23                          1  11/08
                        11/22                             11/07
                        11/21                             11/06
 24 HR TOTAL      3.4   11/05 TO 11/05           11/14 TO 11/14
                                                          11/14 TO 11/14
                                                          11/14 TO 11/14
 STORM TOTAL       MM                                 MM
 (MM/DD(HH))            MM                    11/14(00) TO 11/14(00)
                                                 11/14(00) TO 11/14(00)4
                                                 11/14(00) TO 11/14(00)4

DEGREE_DAYS
HEATING TOTAL    1316              1284      32     1159
 SINCE 7/1       2874              3164    -290     2653
COOLING TOTAL       0                 0       0        0
 SINCE 1/1          3                 2       1       13

FREEZE DATES
RECORD
 EARLIEST     08/28/1984
 LATEST       05/22/1964
EARLIEST                        09/23
LATEST                          05/08
.....................................................

WIND (MPH)
AVERAGE WIND SPEED              6.4
RESULTANT WIND SPEED/DIRECTION   5/007
HIGHEST WIND SPEED/DIRECTION    24/360    DATE  11/06
HIGHEST GUST SPEED/DIRECTION    35/020    DATE  11/20

SKY COVER
POSSIBLE SUNSHINE (PERCENT)   MM
AVERAGE SKY COVER           0.50
NUMBER OF DAYS FAIR           11
NUMBER OF DAYS PC              9
NUMBER OF DAYS CLOUDY         10

AVERAGE RH (PERCENT)     76

WEATHER CONDITIONS. NUMBER OF DAYS WITH
THUNDERSTORM              0     MIXED PRECIP               0
HEAVY RAIN                0     RAIN                       0
LIGHT RAIN                0     FREEZING RAIN              0
LT FREEZING RAIN          0     HAIL                       0
HEAVY SNOW                0     SNOW                       2
LIGHT SNOW                7     SLEET                      0
FOG                      14     FOG W/VIS <= 1/4 MILE      4
HAZE                      0

-  INDICATES NEGATIVE NUMBERS.
R  INDICATES RECORD WAS SET OR TIED.
MM INDICATES DATA IS MISSING.
T  INDICATES TRACE AMOUNT.

$$
