000
CXUS53 KAPX 010536
CLMANJ


CLIMATE REPORT
NATIONAL WEATHER SERVICE GAYLORD MI
1236 AM EST SUN JAN 1 2017

...................................

...THE SAULT STE MARIE MI CLIMATE SUMMARY FOR THE YEAR OF 2016...

CLIMATE NORMAL PERIOD 1981 TO 2010
CLIMATE RECORD PERIOD 1888 TO 2016

WEATHER         OBSERVED          NORMAL  DEPART  LAST YEAR`S
                 VALUE   DATE(S)  VALUE   FROM    VALUE  DATE(S)
                                          NORMAL
................................................................
TEMPERATURE (F)
RECORD
 HIGH              98   08/06/1947
                        08/05/1947
                        07/03/1921
 LOW              -37   02/08/1934
                        02/10/1899
HIGHEST            89   08/04        MM      MM       MM  MM
                        07/13
LOWEST            -18   02/13        MM      MM       MM  MM
AVG. MAXIMUM     53.4              50.6     2.8       MM
AVG. MINIMUM     36.4              32.9     3.5       MM
MEAN             44.9              41.8     3.1       MM
DAYS MAX >= 90      0               1.3    -1.3       MM
DAYS MAX <= 32     67              81.3   -14.3       MM
DAYS MIN <= 32    144             159.9   -15.9       MM
DAYS MIN <= 0      12              22.7   -10.7       MM

PRECIPITATION (INCHES)
RECORD
 MAXIMUM        38.18   2011
 MINIMUM        21.75   2010
TOTALS          35.00             32.95    2.05       MM
DAILY AVG.       0.10              0.09    0.01       MM
DAYS >= .01       178             162.9    15.1       MM
DAYS >= .10        91              83.5     7.5       MM
DAYS >= .50        18              17.3     0.7       MM
DAYS >= 1.00        5               4.3     0.7       MM
GREATEST
 24 HR. TOTAL    1.56   MM                            MM
 STORM TOTAL       MM                                 MM
 (MM/DD(HH))            MM                                MM

SNOWFALL (INCHES)
RECORDS
 TOTAL          174.2   2008
TOTALS          130.5             120.4    10.1       MM
SINCE 7/1        57.7              50.2     7.5       MM
SNOWDEPTH AVG.      3                MM      MM       MM
DAYS >= TRACE     115              79.2    35.8       MM
DAYS >= 1.0        46              37.4     8.6       MM
GREATEST
 SNOW DEPTH        20   03/01                         MM  MM
 24 HR TOTAL      9.6R  MM                            MM

DEGREE_DAYS
HEATING TOTAL    7580              8662   -1082
 SINCE 7/1         MM              3259      MM

FREEZE DATES
RECORD
 EARLIEST     MM
 LATEST       MM
EARLIEST                        MM
LATEST                          MM
.................................................................

WIND (MPH)
AVERAGE WIND SPEED              6.9
HIGHEST WIND SPEED/DIRECTION    35/230    DATE  12/26
HIGHEST GUST SPEED/DIRECTION    46/280    DATE  02/29

SKY COVER
POSSIBLE SUNSHINE (PERCENT)   MM
AVERAGE SKY COVER           0.50
NUMBER OF DAYS FAIR          131
NUMBER OF DAYS PC            101
NUMBER OF DAYS CLOUDY        133

AVERAGE RH (PERCENT)     72

WEATHER CONDITIONS. NUMBER OF DAYS WITH
THUNDERSTORM              0     MIXED PRECIP               0
HEAVY RAIN               30     RAIN                      48
LIGHT RAIN              128     FREEZING RAIN              1
LT FREEZING RAIN          5     HAIL                       0
HEAVY SNOW               10     SNOW                      34
LIGHT SNOW              109     SLEET                      0
FOG                     197     FOG W/VIS <= 1/4 MILE     43
HAZE                     51

-  INDICATES NEGATIVE NUMBERS.
R  INDICATES RECORD WAS SET OR TIED.
MM INDICATES DATA IS MISSING.
T  INDICATES TRACE AMOUNT.

$$
