000
CXUS53 KAPX 010925
CLMANJ


CLIMATE REPORT
NATIONAL WEATHER SERVICE GAYLORD MI
409 AM EST WED FEB 1 2017

...................................

...THE SAULT STE MARIE MI CLIMATE SUMMARY FOR THE MONTH OF JANUARY 2017...

CLIMATE NORMAL PERIOD 1981 TO 2010
CLIMATE RECORD PERIOD 1888 TO 2017

WEATHER         OBSERVED          NORMAL  DEPART  LAST YEAR`S
                 VALUE   DATE(S)  VALUE   FROM    VALUE  DATE(S)
                                          NORMAL
................................................................
TEMPERATURE (F)
RECORD
 HIGH              48   01/29/1914
 LOW              -36   01/10/1982
HIGHEST            39   01/25        MM      MM       40  01/31
LOWEST             -8   01/08        MM      MM       -5  01/18
AVG. MAXIMUM     29.6              23.0     6.6     26.0
AVG. MINIMUM     19.9               7.6    12.3     12.9
MEAN             24.8              15.3     9.5     19.5
DAYS MAX >= 90      0               0.0     0.0        0
DAYS MAX <= 32     17              23.9    -6.9       21
DAYS MIN <= 32     24              30.3    -6.3       29
DAYS MIN <= 0       2               9.0    -7.0        5

PRECIPITATION (INCHES)
RECORD
 MAXIMUM           MM   MM
 MINIMUM           MM   MM
TOTALS           2.66              2.19    0.47     1.55
DAILY AVG.       0.09              0.07    0.02     0.05
DAYS >= .01        20              18.4     1.6       22
DAYS >= .10         9               7.0     2.0        7
DAYS >= .50         1               0.7     0.3        0
DAYS >= 1.00        0               0.1    -0.1        0
GREATEST
 24 HR. TOTAL    0.60   01/10 TO 01/10
 STORM TOTAL       MM
 (MM/DD(HH))            MM

SNOWFALL (INCHES)
RECORDS
 TOTAL             MM   MM
TOTALS           27.3              31.4    -4.1     19.6
SINCE 7/1        85.0              81.6     3.4     39.0
SNOWDEPTH AVG.     15                15       0        9
DAYS >= TRACE      26              19.6     6.4       30
DAYS >= 1.0         9               9.6    -0.6       10
GREATEST
 SNOW DEPTH        22   01/12                         12  01/31
                                                          01/30
                                                          01/29
 24 HR TOTAL      5.1   MM                           2.0

DEGREE_DAYS
HEATING TOTAL    1241              1541    -300
 SINCE 7/1       3768              4800   -1032

FREEZE DATES
RECORD
 EARLIEST     MM
 LATEST       MM
EARLIEST                        MM
LATEST                          MM
.................................................................

WIND (MPH)
AVERAGE WIND SPEED              7.1
HIGHEST WIND SPEED/DIRECTION    35/270    DATE  01/10
HIGHEST GUST SPEED/DIRECTION    50/270    DATE  01/11

SKY COVER
POSSIBLE SUNSHINE (PERCENT)   MM
AVERAGE SKY COVER           0.90
NUMBER OF DAYS FAIR            1
NUMBER OF DAYS PC              5
NUMBER OF DAYS CLOUDY         25

AVERAGE RH (PERCENT)     79

WEATHER CONDITIONS. NUMBER OF DAYS WITH
THUNDERSTORM              0     MIXED PRECIP               0
HEAVY RAIN                0     RAIN                       3
LIGHT RAIN                6     FREEZING RAIN              0
LT FREEZING RAIN          1     HAIL                       0
HEAVY SNOW                5     SNOW                       8
LIGHT SNOW               22     SLEET                      0
FOG                      23     FOG W/VIS <= 1/4 MILE      9
HAZE                     14

-  INDICATES NEGATIVE NUMBERS.
R  INDICATES RECORD WAS SET OR TIED.
MM INDICATES DATA IS MISSING.
T  INDICATES TRACE AMOUNT.

$$
