000
CXUS53 KAPX 010755
CLMANJ


CLIMATE REPORT
NATIONAL WEATHER SERVICE GAYLORD MI
354 AM EDT MON JUN 1 2015

...................................

...THE SAULT STE MARIE MI CLIMATE SUMMARY FOR THE MONTH OF MAY 2015...

CLIMATE NORMAL PERIOD 1981 TO 2010
CLIMATE RECORD PERIOD 1888 TO 2015

WEATHER         OBSERVED          NORMAL  DEPART  LAST YEAR`S
                 VALUE   DATE(S)  VALUE   FROM    VALUE  DATE(S)
                                          NORMAL
................................................................
TEMPERATURE (F)
RECORD
 HIGH              91   05/31/1919
                        05/30/1919
 LOW               18   05/07/1966
HIGHEST            79   05/24        MM      MM       82  05/25
                        05/07
LOWEST             30   05/23        MM      MM       30  05/06
                                                          05/05
AVG. MAXIMUM     64.1              62.7     1.4     60.3
AVG. MINIMUM     41.8              40.9     0.9     40.1
MEAN             53.0              51.8     1.2     50.2
DAYS MAX >= 90      0               0.0     0.0        0
DAYS MAX <= 32      0               0.0     0.0        0
DAYS MIN <= 32      3               3.5    -0.5        4
DAYS MIN <= 0       0               0.0     0.0        0

PRECIPITATION (INCHES)
RECORD
 MAXIMUM           MM   MM
 MINIMUM           MM   MM
TOTALS           2.17              2.57   -0.40     2.77
DAILY AVG.       0.07              0.08   -0.01     0.09
DAYS >= .01        11              11.2    -0.2       11
DAYS >= .10         5               6.1    -1.1        8
DAYS >= .50         2               1.5     0.5        1
DAYS >= 1.00        0               0.3    -0.3        0
GREATEST
 24 HR. TOTAL    0.85   05/25 TO 05/25
 STORM TOTAL       MM
 (MM/DD(HH))            MM

SNOWFALL (INCHES)
RECORDS
 TOTAL             MM   MM
TOTALS              T               0.1    -0.1      0.0
SINCE 7/1       168.4             120.4    48.0    135.4
SNOWDEPTH AVG.      0                MM      MM        0
DAYS >= TRACE       1               0.4     0.6        0
DAYS >= 1.0         0               0.0     0.0        0
GREATEST
 SNOW DEPTH         0   MM                             0  MM
 24 HR TOTAL        T   05/19 TO 05/19               0.0

DEGREE_DAYS
COOLING TOTAL       2                 5      -3
 SINCE 1/1          2                 5      -3

FREEZE DATES
RECORD
 EARLIEST     MM
 LATEST       MM
EARLIEST                        MM
LATEST                          MM
.................................................................

WIND (MPH)
AVERAGE WIND SPEED              7.6
HIGHEST WIND SPEED/DIRECTION    26/190    DATE  05/04
HIGHEST GUST SPEED/DIRECTION    37/200    DATE  05/18

SKY COVER
POSSIBLE SUNSHINE (PERCENT)   MM
AVERAGE SKY COVER           0.40
NUMBER OF DAYS FAIR           16
NUMBER OF DAYS PC              7
NUMBER OF DAYS CLOUDY          8

AVERAGE RH (PERCENT)     68

WEATHER CONDITIONS. NUMBER OF DAYS WITH
THUNDERSTORM              0     MIXED PRECIP               0
HEAVY RAIN                2     RAIN                       5
LIGHT RAIN               13     FREEZING RAIN              0
LT FREEZING RAIN          0     HAIL                       0
HEAVY SNOW                0     SNOW                       0
LIGHT SNOW                1     SLEET                      0
FOG                      14     FOG W/VIS <= 1/4 MILE      4
HAZE                      3

-  INDICATES NEGATIVE NUMBERS.
R  INDICATES RECORD WAS SET OR TIED.
MM INDICATES DATA IS MISSING.
T  INDICATES TRACE AMOUNT.

$$
