410
CXAK57 PANT 011845
CLMANN

CLIMATE REPORT
NATIONAL WEATHER SERVICE ANNETTE, AK
1045 AM AKDT MON AUG 1 2016

...................................

...THE ANNETTE WSO AP CLIMATE SUMMARY FOR THE MONTH OF JULY 2016...

CLIMATE NORMAL PERIOD 1981 TO 2010
CLIMATE RECORD PERIOD 1948 TO 2016

WEATHER         OBSERVED          NORMAL  DEPART  LAST YEAR`S
                 VALUE   DATE(S)  VALUE   FROM    VALUE  DATE(S)
                                          NORMAL
................................................................
TEMPERATURE (F)
RECORD
 HIGH              89   7/30/1976
 LOW               40   7/06/1973
HIGHEST            81   7/18         77       4      88  7/06
LOWEST             49                47       2      50  7/16
AVG. MAXIMUM       67.0              64.3     2.7    68.3
AVG. MINIMUM       55.8              52.9     2.9    55.6
MEAN               61.4              58.6     2.8    62.0
DAYS MAX >= 90      0                 0.0     0.0     0
DAYS MAX <= 32      0                 0.0     0.0     0
DAYS MAX >= 80      1                 0.6     0.4     4
DAYS MAX >= 70     11                 5.9     5.1     9
DAYS MIN <= 32      0                 0.0     0.0     0
DAYS MIN <= 0       0                 0.0     0.0     0

PRECIPITATION (INCHES)
RECORD
 MAXIMUM           10.85   1959
 MINIMUM            0.56   1971
TOTALS              3.76              4.65   -0.89    7.64
DAILY AVG.          0.12              0.16   -0.04    0.25
DAYS >= .01        13                14.6    -1.6    19
DAYS >= .10         7                 8.8    -1.8    13
DAYS >= .50         3                 3.4    -0.4     6
DAYS >= 1.0         0                 1.0    -1.0     2
GREATEST
 24 HR TOTAL        0.95   7/23                       2.16  7/24

SNOWFALL (INCHES)
RECORDS
 TOTAL              0.0   1948
 24 HR TOTAL        9.3   7-24-1993
 SNOW DEPTH         0     7-31-2016
TOTALS              0.0               0.0     0.0     0.0
SINCE 7/1           0.0               0.3    -0.3     0.0
SNOWDEPTH AVG.      0                 0       0       0
DAYS >= TRACE       0                 0.0    -0.0     0
DAYS >= 1.0         0                 0.0    -0.0     0
DAYS >= 6.0         0                 0.0    -0.0     0
GREATEST
 SNOW DEPTH         0   MM                            0  MM
 24 HR TOTAL      0.0   MM                          0.0  MM

DEGREE_DAYS
HEATING TOTAL     121               206     -85     119
 SINCE 7/1        121               206     -85     119
COOLING TOTAL      20                 0      20      35
 SINCE 1/1         22                 0      22      37
................................................................

WIND (MPH)
AVERAGE WIND SPEED                5.6
HIGHEST WIND SPEED/DIRECTION     21/140    DATE   07/23
HIGHEST GUST SPEED/DIRECTION     32/150    DATE    07/1

SKY COVER
POSSIBLE SUNSHINE (PERCENT)   MM
AVERAGE SKY COVER             MM
NUMBER OF DAYS FAIR           MM
NUMBER OF DAYS PC             MM
NUMBER OF DAYS CLOUDY         MM

AVERAGE RH (PERCENT)     MM

WEATHER CONDITIONS. NUMBER OF DAYS WITH
THUNDERSTORM              0     ICE PELLETS                 0
RAIN                     19     GLAZE                       0
DRIZZLE                   0     HAIL                        0
SNOW                      0     HAZE                        3
FOG                      16     FOG W/VIS <= 1/4 MILE       0
BLOWING SNOW              0


-  INDICATES NEGATIVE NUMBERS.
R  INDICATES RECORD WAS SET OR TIED.
MM INDICATES DATA IS MISSING.
T  INDICATES TRACE AMOUNT.

&&

THE MONTH OF JULY FOR ANNETTE ISLAND, AK HAD SOME VARIATIONS RELATIVE TO LAST MONTH
AND WAS SLIGHTLY WARMER AND DRIER THAN USUAL. THE AVERAGE TEMPERATURE WAS ALMOST 3
DEGREES HIGHER THAN NORMAL.  RAINFALL FOR THE MONTH WAS ALMOST AN INCH LOWER THAN
NORMAL.  THE WINDS WERE NOT IMPRESSIVE AND MORE TOWARDS THE MEDIAN FOR VALUES. THE
AVERAGE WIND SPEED AND PEAK WIND SPEED WAS 5.8MPH AND 31MPH, RESPECTIVELY. OVERALL
THIS MONTH HAS TRENDED BACK TOWARDS THE WARMER CYCLE, HOWEVER, VEERED FAR FROM THE
WETTER TREND AND HAS NOW ENTERED A DRIER SPELL WHICH MAY OR MAY NOT LAST.

$$
JZ AUG 16
