000
CXUS52 KMFL 121548 CCA
CLMAPF

CLIMATE REPORT
NATIONAL WEATHER SERVICE MIAMI, FL
718 AM EDT WED NOV 1 2017

...................................

...THE NAPLES CLIMATE SUMMARY FOR THE MONTH OF OCTOBER 2017...

CLIMATE NORMAL PERIOD 1981 TO 2010
CLIMATE RECORD PERIOD 1942 TO 2017

WEATHER         OBSERVED          NORMAL  DEPART  LAST YEAR`S
                 VALUE   DATE(S)  VALUE   FROM    VALUE  DATE(S)
                                          NORMAL
................................................................
TEMPERATURE (F)
RECORD
 HIGH              95   10/04/2007
                        10/13/1986
                        10/05/1944
 LOW               46   10/11/2000
                        10/28/1957
HIGHEST            93   10/09                         92  10/05
                                                          10/04
                                                          10/02
LOWEST             53   10/31                         58  10/23
                        10/30
AVG. MAXIMUM     85.4              86.9    -1.5     87.4
AVG. MINIMUM     71.2              70.0     1.2     71.3
MEAN             78.3              78.5    -0.2     79.3
DAYS MAX >= 90      7                                 10
DAYS MAX <= 32      0                                  0
DAYS MIN <= 32      0                                  0
DAYS MIN <= 0       0                                  0

PRECIPITATION (INCHES)
RECORD
 MAXIMUM        17.52   1951
 MINIMUM         0.05   1977
TOTALS           3.29              4.19   -0.90     4.60
DAILY AVG.       0.11              0.14   -0.03     0.16
DAYS >= .01         9                                  4
DAYS >= .10         6                                  3
DAYS >= .50         3                                  2
DAYS >= 1.00        1                                  2
GREATEST
 24 HR. TOTAL    1.68   10/28 TO 10/28              2.92

DEGREE_DAYS
HEATING TOTAL       4                 1       3        0
 SINCE 7/1          4                 1       3        0
COOLING TOTAL     424               418       6      451
 SINCE 1/1       3924              3595     329     3918
.................................................................

WIND (MPH)
AVERAGE WIND SPEED              9.1
HIGHEST WIND SPEED/DIRECTION    31/080    DATE  10/04
HIGHEST GUST SPEED/DIRECTION    42/060    DATE  10/04

SKY COVER
POSSIBLE SUNSHINE (PERCENT)   MM
AVERAGE SKY COVER           0.30
NUMBER OF DAYS FAIR           20
NUMBER OF DAYS PC              9
NUMBER OF DAYS CLOUDY          1

AVERAGE RH (PERCENT)     77

WEATHER CONDITIONS. NUMBER OF DAYS WITH
THUNDERSTORM              5     MIXED PRECIP               0
HEAVY RAIN                3     RAIN                       4
LIGHT RAIN               11     FREEZING RAIN              0
LT FREEZING RAIN          0     HAIL                       0
HEAVY SNOW                0     SNOW                       0
LIGHT SNOW                0     SLEET                      0
FOG                      12     FOG W/VIS <= 1/4 MILE      0
HAZE                      3

-  INDICATES NEGATIVE NUMBERS.
R  INDICATES RECORD WAS SET OR TIED.
MM INDICATES DATA IS MISSING.
T  INDICATES TRACE AMOUNT.

$$
