000
CXUS43 KLOT 011246
CLMARR


CLIMATE REPORT
NATIONAL WEATHER SERVICE CHICAGO IL
731 AM CDT FRI AUG 1 2014

...................................

...THE AURORA  CLIMATE SUMMARY FOR THE MONTH OF JULY 2014...

CLIMATE NORMAL PERIOD 1981 TO 2010
CLIMATE RECORD PERIOD 1998 TO 2014

WEATHER         OBSERVED          NORMAL  DEPART  LAST YEAR`S
                 VALUE   DATE(S)  VALUE   FROM    VALUE
                                          NORMAL
.............................................................
TEMPERATURE (F)
RECORD
 HIGH             102   07/07/2012
 LOW               44   07/02/2005
                        07/02/2001
HIGHEST            90   07/22        MM      MM
LOWEST             48   07/16        MM      MM
AVG. MAXIMUM     79.2              83.5    -4.3     81.9
AVG. MINIMUM     57.3              59.8    -2.5     60.8
MEAN             68.2              71.7    -3.5

PRECIPITATION (INCHES)
RECORD
 MAXIMUM         6.88   2007
 MINIMUM            T   2002
TOTALS           2.12              4.19   -2.07

DEGREE_DAYS
HEATING TOTAL      15                 9       6
COOLING TOTAL     121               215     -94
 SINCE 1/1        403               411      -8
..............................................................

WIND (MPH)
HIGHEST WIND SPEED/DIRECTION    32/280    DATE  07/12
HIGHEST GUST SPEED/DIRECTION    42/290    DATE  07/12



-  INDICATES NEGATIVE NUMBERS.
R  INDICATES RECORD WAS SET OR TIED.
MM INDICATES DATA IS MISSING.
T  INDICATES TRACE AMOUNT.

$$
