000
CXUS43 KLOT 011153
CLMARR


CLIMATE REPORT
NATIONAL WEATHER SERVICE CHICAGO IL
630 AM CDT WED JUL 1 2015

...................................

...THE AURORA MUNICIPAL AIRPORT CLIMATE SUMMARY FOR THE MONTH OF JUNE 2015...

CLIMATE NORMAL PERIOD 1981 TO 2010
CLIMATE RECORD PERIOD 1998 TO 2015

WEATHER         OBSERVED          NORMAL  DEPART  LAST YEAR`S
                 VALUE   DATE(S)  VALUE   FROM    VALUE
                                          NORMAL
.............................................................
TEMPERATURE (F)
RECORD
 HIGH              98   06/28/2012
 LOW               15   06/09/2007

HIGHEST            93   06/10                         90
LOWEST             42   06/02                         46

AVG. MAXIMUM     78.9              80.1    -1.2     81.6
AVG. MINIMUM     59.4              57.5     1.9     60.0
MEAN             69.2              68.8     0.4     70.8

PRECIPITATION (INCHES)
RECORD
 MAXIMUM         8.96   2014
 MINIMUM         1.09   2012
TOTALS           8.69              4.01    4.68     8.96

DEGREE_DAYS
HEATING TOTAL      18                41     -23       16
 SINCE 7/1       7023              6775     248     7362
COOLING TOTAL     151               155      -4      196
 SINCE 1/1        220               196      24      282
..............................................................

WIND (MPH)
AVERAGE WIND SPEED              8.0
HIGHEST WIND SPEED/DIRECTION    36/320    DATE  06/08
HIGHEST GUST SPEED/DIRECTION    49/320    DATE  06/08

AVERAGE RH (PERCENT)     70


-  INDICATES NEGATIVE NUMBERS.
R  INDICATES RECORD WAS SET OR TIED.
MM INDICATES DATA IS MISSING.
T  INDICATES TRACE AMOUNT.

$$
