000
CXUS51 KBUF 021756
CLMART


CLIMATE REPORT
NATIONAL WEATHER SERVICE BUFFALO NY
149 PM EDT THU JUL 2 2015

...................................

...THE WATERTOWN NY CLIMATE SUMMARY FOR THE MONTH OF JUNE 2015...

CLIMATE NORMAL PERIOD 1981 TO 2010
CLIMATE RECORD PERIOD 1949 TO 2015

WEATHER         OBSERVED          NORMAL  DEPART  LAST YEAR`S
                 VALUE   DATE(S)  VALUE   FROM    VALUE  DATE(S)
                                          NORMAL
................................................................
TEMPERATURE (F)
RECORD
 HIGH              95   06/14/1949
 LOW               29   06/05/1964
HIGHEST            81   06/14                         89  06/29
LOWEST             35   06/07                         43  06/20
AVG. MAXIMUM     72.4              74.4    -2.0     77.8
AVG. MINIMUM     51.5              52.6    -1.1     55.2
MEAN             62.0              63.5    -1.5     66.5
DAYS MAX >= 90      0               0.3    -0.3        0
DAYS MAX <= 32      0               0.0     0.0        0
DAYS MIN <= 32      0               0.1    -0.1        0
DAYS MIN <= 0       0               0.0     0.0        0

PRECIPITATION (INCHES)
RECORD
 MAXIMUM           MM   MM
 MINIMUM           MM   MM
TOTALS           5.71              2.85    2.86     2.91
DAYS >= .01        17              12.2     4.8       12
DAYS >= .10        11               6.7     4.3        8
DAYS >= .50         3               1.6     1.4        2
DAYS >= 1.00        2               0.3     1.7        0
GREATEST
 24 HR. TOTAL    1.45   06/23 TO 06/23

DEGREE_DAYS
HEATING TOTAL     116               107       9       62
 SINCE 7/1       7661              7583      78     7923
COOLING TOTAL      31                62     -31      112
 SINCE 1/1         77                73       4      135
......................................................

WIND (MPH)
AVERAGE WIND SPEED              6.7
HIGHEST WIND SPEED/DIRECTION    26/240
HIGHEST GUST SPEED/DIRECTION    41/230    DATE  06/23

SKY COVER
POSSIBLE SUNSHINE (PERCENT)   MM
AVERAGE SKY COVER           0.40
NUMBER OF DAYS FAIR           14
NUMBER OF DAYS PC             11
NUMBER OF DAYS CLOUDY          5

AVERAGE RH (PERCENT)     78

WEATHER CONDITIONS. NUMBER OF DAYS WITH
THUNDERSTORM              5     MIXED PRECIP               0
HEAVY RAIN                9     RAIN                      10
LIGHT RAIN               20     FREEZING RAIN              0
LT FREEZING RAIN          0     HAIL                       0
HEAVY SNOW                0     SNOW                       0
LIGHT SNOW                0     SLEET                      0
FOG                      23     FOG W/VIS <= 1/4 MILE      2
HAZE                      5

-  INDICATES NEGATIVE NUMBERS.
R  INDICATES RECORD WAS SET OR TIED.
MM INDICATES DATA IS MISSING.
T  INDICATES TRACE AMOUNT.

$$
