000
CXUS53 KABR 011623
CLMATY


CLIMATE REPORT
NATIONAL WEATHER SERVICE ABERDEEN SD
1007 AM CST MON DEC 1 2014

...................................

...THE WATERTOWN SD CLIMATE SUMMARY FOR THE MONTH OF NOVEMBER 2014...

CLIMATE NORMAL PERIOD 1981 TO 2010
CLIMATE RECORD PERIOD 1898 TO 2014

WEATHER         OBSERVED          NORMAL  DEPART  LAST YEAR`S
                 VALUE   DATE(S)  VALUE   FROM    VALUE  DATE(S)
                                          NORMAL
................................................................
TEMPERATURE (F)
RECORD
 HIGH              77   11/08/1999
                        11/08/1931
 LOW              -20   11/30/1964
HIGHEST            59   11/07        MM      MM       54  11/15
                                                          11/03
LOWEST            -14   11/27        MM      MM       -4  11/23
AVG. MAXIMUM     30.2              39.0    -8.8     39.6
AVG. MINIMUM     12.8              20.6    -7.8     18.4
MEAN             21.5              29.8    -8.3     29.0
DAYS MAX >= 90      0               0.0     0.0        0
DAYS MAX <= 32     17               9.3     7.7        7
DAYS MIN <= 32     27              26.3     0.7       28
DAYS MIN <= 0       8               1.3     6.7        1

PRECIPITATION (INCHES)
RECORD
 MAXIMUM         3.11   1983
 MINIMUM         0.00   1907
TOTALS           0.72              0.76   -0.04        T
DAYS >= .01         9               5.9     3.1        0
DAYS >= .10         2               2.2    -0.2        0
DAYS >= .50         0               0.3    -0.3        0
DAYS >= 1.00        0               0.0     0.0        0

SNOWFALL (INCHES)
RECORDS
 TOTAL           23.3   1947

 SNOW DEPTH        13   11/24/2003
                        11/23/2003
TOTALS           10.4               4.9     5.5        T
SINCE 7/1        10.4               6.6     3.8      0.3
SNOWDEPTH AVG.      4                MM      MM        0
DAYS >= TRACE      13               3.6     9.4        5
DAYS >= 1.0         2               1.5     0.5        0
GREATEST
 SNOW DEPTH         9   11/20                          0  MM
                        11/19
                        11/18

DEGREE_DAYS
HEATING TOTAL    1299              1056     243     1072
 SINCE 7/1       2081              1940     141     1838
COOLING TOTAL       0                 0       0        0
 SINCE 1/1        369               515    -146      618

FREEZE DATES
RECORD
 EARLIEST     MM
 LATEST       MM
EARLIEST      11/01             MM
LATEST                          MM
.................................................................

WIND (MPH)
AVERAGE WIND SPEED              13.8
RESULTANT WIND SPEED/DIRECTION   5/297
HIGHEST WIND SPEED/DIRECTION    41/330    DATE  11/07
HIGHEST GUST SPEED/DIRECTION    52/340    DATE  11/07

SKY COVER
POSSIBLE SUNSHINE (PERCENT)   MM
AVERAGE SKY COVER           0.60
NUMBER OF DAYS FAIR            8
NUMBER OF DAYS PC             12
NUMBER OF DAYS CLOUDY         10

AVERAGE RH (PERCENT)     76

WEATHER CONDITIONS. NUMBER OF DAYS WITH
THUNDERSTORM              0     MIXED PRECIP               0
HEAVY RAIN                0     RAIN                       0
LIGHT RAIN                3     FREEZING RAIN              0
LT FREEZING RAIN          0     HAIL                       0
HEAVY SNOW                1     SNOW                       1
LIGHT SNOW               15     SLEET                      0
FOG                      18     FOG W/VIS <= 1/4 MILE      2
HAZE                     12

-  INDICATES NEGATIVE NUMBERS.
R  INDICATES RECORD WAS SET OR TIED.
MM INDICATES DATA IS MISSING.
T  INDICATES TRACE AMOUNT.

$$
