631
CXUS54 KEWX 022325 CCA
CLMAUS

CLIMATE REPORT...CORRECTED FOR HAIL DATA ON APRIL 30
NATIONAL WEATHER SERVICE AUSTIN/SAN ANTONIO, TX
625 PM CDT MON MAY 2 2016

...................................

...THE AUSTIN BERGSTROM CLIMATE SUMMARY FOR THE MONTH OF APRIL 2016...

CLIMATE NORMAL PERIOD 1981 TO 2010
CLIMATE RECORD PERIOD 1943 TO 2016

WEATHER         OBSERVED          NORMAL  DEPART  LAST YEAR`S
                 VALUE   DATE(S)  VALUE   FROM    VALUE  DATE(S)
                                          NORMAL
................................................................
TEMPERATURE (F)
HIGHEST            90   04/27                         91  04/25
LOWEST             36   04/03                         44  04/30
AVG. MAXIMUM     79.8              79.8     0.0     79.1
AVG. MINIMUM     56.3              54.7     1.6     59.9
MEAN             68.1              67.3     0.8     69.5
DAYS MAX >= 90      1                                  1
DAYS MAX <= 32      0                                  0
DAYS MIN <= 32      0                                  0
DAYS MIN <= 0       0                                  0

PRECIPITATION (INCHES)
TOTALS           6.48              2.27    4.21     2.35
DAILY AVG.       0.22              0.08    0.14     0.08
DAYS >= .01        11                                 10
DAYS >= .10        10                                  5
DAYS >= .50         4                                  1
DAYS >= 1.00        3                                  0
GREATEST
 24 HR. TOTAL    2.08   04/12 TO 04/13

SNOWFALL (INCHES)
TOTALS              T                MM      MM      0.0
SINCE 7/1           T                MM      MM        T

DEGREE_DAYS
HEATING TOTAL      35                63     -28       25
 SINCE 7/1       1377              1900    -523     1979
COOLING TOTAL     134               130       4      168
 SINCE 1/1        229               188      41      208
.................................................................

WIND (MPH)
AVERAGE WIND SPEED              8.1
HIGHEST WIND SPEED/DIRECTION    40/270    DATE  04/30
HIGHEST GUST SPEED/DIRECTION    60/280    DATE  04/30

SKY COVER
POSSIBLE SUNSHINE (PERCENT)   MM
AVERAGE SKY COVER           0.60
NUMBER OF DAYS FAIR            8
NUMBER OF DAYS PC             12
NUMBER OF DAYS CLOUDY         10

AVERAGE RH (PERCENT)     73

WEATHER CONDITIONS. NUMBER OF DAYS WITH
THUNDERSTORM              0     MIXED PRECIP               0
HEAVY RAIN                6     RAIN                       9
LIGHT RAIN               15     FREEZING RAIN              0
LT FREEZING RAIN          0     HAIL                       1
HEAVY SNOW                0     SNOW                       0
LIGHT SNOW                0     SLEET                      0
FOG                      18     FOG W/VIS <= 1/4 MILE      0
HAZE                      7

-  INDICATES NEGATIVE NUMBERS.
R  INDICATES RECORD WAS SET OR TIED.
MM INDICATES DATA IS MISSING.
T  INDICATES TRACE AMOUNT.

&&

MONTHLY CLIMATE SUMMARY:
APRIL 2016 WAS THE 30TH COOLEST AND 5TH WETTEST APRIL
SINCE RECORDS BEGAN.

1/3 INCH DIAMETER HAIL OBSERVED FROM 449 AM TO 500 AM CDT ON APRIL 30TH

SEA LEVEL PRESSURE DATA:
HIGHEST SLP 30.31 INCHES ON THE 2ND
LOWEST  SLP 29.52 INCHES ON THE 29TH


PRELIMINARY LOCAL CLIMATOLOGICAL DATA (WS FORM: F-6)

                                          STATION:   AUSTIN BERGSTROM
                                          MONTH:     APRIL
                                          YEAR:      2016
                                          LATITUDE:   30 13 N
                                          LONGITUDE:  97 40 W

  TEMPERATURE IN F:       :PCPN:    SNOW:  WIND      :SUNSHINE: SKY     :PK WND
================================================================================
1   2   3   4   5  6A  6B    7    8   9   10  11  12  13   14  15   16   17  18
                                     12Z  AVG MX 2MIN
DY MAX MIN AVG DEP HDD CDD  WTR  SNW DPTH SPD SPD DIR MIN PSBL S-S WX    SPD DR
================================================================================

 1  64  46  55  -9  10   0 0.16  0.0    0 15.0 28  50   M    M   7 13     38  60
 2  74  40  57  -7   8   0 0.00  0.0    0  6.2 16 350   M    M   1        22 350
 3  77  36  57  -7   8   0 0.00  0.0    0  5.6 14 200   M    M   1        24 200
 4  81  46  64   0   1   0 0.00  0.0    0  7.8 17 200   M    M   0        23 210
 5  81  41  61  -4   4   0 0.00  0.0    0  8.3 20 180   M    M   2        25 170
 6  81  47  64  -1   1   0 0.00  0.0    0  9.1 22  10   M    M   7        29  10
 7  84  41  63  -2   2   0 0.00  0.0    0  5.2 17 170   M    M   5        23 190
 8  80  50  65   0   0   0    T  0.0    0  5.9 18  60   M    M   7        22  70
 9  79  53  66   0   0   1    T  0.0    0  7.7 22 140   M    M   8 3      26 150
10  81  65  73   7   0   8    T  0.0    0 14.2 29 170   M    M  10        36 170
11  86  63  75   9   0  10    T  0.0    0 10.2 24 170   M    M   5 138    32 180
12  70  63  67   1   0   2 1.68  0.0    0 13.6 25 270   M    M  10 138    34 270
13  72  57  65  -2   0   0 0.40  0.0    0  8.0 16  70   M    M   9 1      20  70
14  75  52  64  -3   1   0 0.00  0.0    0  6.9 16  10   M    M   2 18     22  30
15  79  50  65  -2   0   0 0.00  0.0    0  4.9 14 120   M    M   5 1      17 100
16  75  64  70   3   0   5 0.20  0.0    0 10.2 20 140   M    M  10 1      28 120
17  78  66  72   4   0   7 0.27  0.0    0  8.5 22 130   M    M   8 13     30 130
18  74  62  68   0   0   3 1.29  0.0    0  6.7 17  60   M    M   7 13     22  70
19  80  62  71   3   0   6 0.00  0.0    0  3.5 10 150   M    M   9 1      14  80
20  80  61  71   3   0   6 0.41  0.0    0  4.3 25 350   M    M   5 13     34 360
21  82  59  71   2   0   6 0.51  0.0    0  7.0 28 150   M    M   6 13     33 150
22  82  56  69   0   0   4 0.00  0.0    0  5.0 17  50   M    M   1        21  40
23  82  52  67  -2   0   2 0.00  0.0    0  3.8 10 180   M    M   4        13 190
24  78  60  69   0   0   4    T  0.0    0  8.0 17 150   M    M   7        24 150
25  88  70  79   9   0  14 0.00  0.0    0 11.0 21 140   M    M   8 1      26 150
26  86  72  79   9   0  14 0.00  0.0    0 14.3 24 170   M    M   8 18     33 170
27  90  60  75   5   0  10 0.44  0.0    0  4.5 33 330   M    M   3 138    46 340
28  87  59  73   3   0   8    T  0.0    0  8.6 20 160   M    M   7 18     26 140
29  84  75  80   9   0  15 0.02  0.0    0 11.7 23 160   M    M   9 18     31 170
30  85  62  74   3   0   9 1.10    T    0  6.7 40 270   M    M   4 135    60 280
================================================================================
SM 2395 1690        35 134  6.48     0.0 242.4          M      175
================================================================================
AV 79.8 56.3                               8.1 FASTST   M    M   6    MAX(MPH)
                                 MISC ---->  # 40 270               # 60  280
================================================================================
NOTES:
# LAST OF SEVERAL OCCURRENCES

COLUMN 17 PEAK WIND IN M.P.H.

SYMBOLS USED IN COLUMN 16
1 = FOG OR MIST
2 = FOG REDUCING VISIBILITY
3 = THUNDER
4 = ICE PELLETS
5 = HAIL
6 = FREEZING RAIN OR DRIZZLE
7 = DUSTSTORM OR SANDSTORM:
8 = SMOKE OR HAZE
9 = BLOWING SNOW
X = TORNADO



$$
