000
CXUS53 KGRB 011048
CLMAUW


CLIMATE REPORT
NATIONAL WEATHER SERVICE GREEN BAY
443 AM CST SUN MAR 1 2015

...................................

...THE WAUSAU WI CLIMATE SUMMARY FOR THE MONTH OF FEBRUARY 2015...

CLIMATE NORMAL PERIOD 1981 TO 2010
CLIMATE RECORD PERIOD 1896 TO 2015

WEATHER         OBSERVED          NORMAL  DEPART  LAST YEAR`S
                 VALUE   DATE(S)  VALUE   FROM    VALUE  DATE(S)
                                          NORMAL
................................................................
TEMPERATURE (F)
RECORD
 HIGH              59   02/26/2000
 LOW              -40   02/10/1899
HIGHEST            30   02/24        46     -16       40  02/19
LOWEST            -18   02/19       -15      -3      -23  02/28
AVG. MAXIMUM     15.9              28.1   -12.2     16.3
AVG. MINIMUM     -2.4              10.0   -12.4     -3.6
MEAN              6.8              19.1   -12.3      6.3
DAYS MAX >= 90      0               0.0     0.0        0
DAYS MAX <= 32     28              17.4    10.6       25
DAYS MIN <= 32     28              27.0     1.0       28
DAYS MIN <= 0      18               6.9    11.1       19

PRECIPITATION (INCHES)
RECORD
 MAXIMUM         4.51   1945
 MINIMUM         0.05   1964
TOTALS           0.17              0.92   -0.75     1.39
DAILY AVG.       0.01              0.03   -0.02     0.05
DAYS >= .01         4               7.7    -3.7        8
DAYS >= .10         1               2.8    -1.8        6
DAYS >= .50         0               0.3    -0.3
DAYS >= 1.00        0               0.1    -0.1        0
GREATEST
 STORM TOTAL       MM
 (MM/DD(HH))            MM

SNOWFALL (INCHES)
RECORDS
 TOTAL           34.5   1945
 24 HR TOTAL      8.7   MM
TOTALS            3.6               9.6    -6.0     17.6
SINCE 7/1        44.0              45.3    -1.3     69.6
DAYS >= TRACE      13               7.5     5.5
DAYS >= 1.0         1               3.3    -2.3        7
GREATEST
 SNOW DEPTH        11   02/25                         27  02/17
                        02/24
                        02/23
 24 HR TOTAL      1.7   MM

DEGREE_DAYS
HEATING TOTAL    1623              1286     337     1637
 SINCE 7/1       6580              6136     444     6947
COOLING TOTAL       0                 0       0        0
 SINCE 1/1          0                 0       0        0
.................................................................

WIND (MPH)
AVERAGE WIND SPEED              8.0
HIGHEST WIND SPEED/DIRECTION    32/280    DATE  02/24
HIGHEST GUST SPEED/DIRECTION    42/280    DATE  02/24

SKY COVER
POSSIBLE SUNSHINE (PERCENT)   MM
AVERAGE SKY COVER           0.40
NUMBER OF DAYS FAIR           10
NUMBER OF DAYS PC             11
NUMBER OF DAYS CLOUDY          7

AVERAGE RH (PERCENT)     67

WEATHER CONDITIONS. NUMBER OF DAYS WITH
THUNDERSTORM              0     MIXED PRECIP               0
HEAVY RAIN                0     RAIN                       0
LIGHT RAIN                0     FREEZING RAIN              0
LT FREEZING RAIN          0     HAIL                       0
HEAVY SNOW                0     SNOW                       1
LIGHT SNOW               13     SLEET                      0
FOG                      12     FOG W/VIS <= 1/4 MILE      1
HAZE                     13

-  INDICATES NEGATIVE NUMBERS.
R  INDICATES RECORD WAS SET OR TIED.
MM INDICATES DATA IS MISSING.
T  INDICATES TRACE AMOUNT.

$$
