000
CXUS53 KLBF 011141
CLMBBW


CLIMATE REPORT
NATIONAL WEATHER SERVICE NORTH PLATTE
541 AM CST THU JAN 1 2015

...................................

...THE BROKEN BOW NE CLIMATE SUMMARY FOR THE MONTH OF DECEMBER 2014...

CLIMATE NORMAL PERIOD 1981 TO 2010
CLIMATE RECORD PERIOD 1894 TO 2014

WEATHER         OBSERVED          NORMAL  DEPART  LAST YEAR`S
                 VALUE   DATE(S)  VALUE   FROM    VALUE  DATE(S)
                                          NORMAL
................................................................
TEMPERATURE (F)
RECORD
 HIGH              80   12/25/1897
                        12/23/1897
                        12/22/1897
 LOW              -30   12/31/1967
HIGHEST            59   12/08        61      -2       67  12/18
LOWEST            -12   12/31       -11      -1      -10  12/07
AVG. MAXIMUM     38.1              37.6     0.5     37.2
AVG. MINIMUM     18.9              13.4     5.5      8.9
MEAN             28.5              25.5     3.0     23.1
DAYS MAX >= 90      0               0.0     0.0        0
DAYS MAX <= 32     11               9.6     1.4       12
DAYS MIN <= 32     28              30.6    -2.6       31
DAYS MIN <= 0       4               3.5     0.5        7

PRECIPITATION (INCHES)
RECORD
 MAXIMUM         5.32   1913
 MINIMUM         0.00   2004
                        1943
                        1905
TOTALS           0.90              0.50    0.40        T
DAILY AVG.       0.03              0.02    0.01        T
DAYS >= .01         7                MM      MM        0
DAYS >= .10         2                MM      MM        0
DAYS >= .50         1                MM      MM        0
DAYS >= 1.00        0                MM      MM        0
GREATEST
 24 HR. TOTAL    0.82   12/14 TO 12/15           12/28 TO 12/28
                                                          12/03 TO 12/03
                                                          12/03 TO 12/04

SNOWFALL (INCHES)
TOTALS             MM
SINCE 7/1          MM
SNOWDEPTH AVG.     MM
DAYS >= TRACE      MM
DAYS >= 1.0        MM
GREATEST
 SNOW DEPTH        MM

DEGREE_DAYS
HEATING TOTAL    1124              1224    -100     1292
 SINCE 7/1       2593              2755    -162     2811
COOLING TOTAL       0                 0       0        0
 SINCE 1/1        799               768      31      814
.....................................................

WIND (MPH)
AVERAGE WIND SPEED              11.2
HIGHEST WIND SPEED/DIRECTION    43/340    DATE  12/15
HIGHEST GUST SPEED/DIRECTION    52/340    DATE  12/15

AVERAGE RH (PERCENT)     75

WEATHER CONDITIONS. NUMBER OF DAYS WITH
THUNDERSTORM              0     MIXED PRECIP               0
HEAVY RAIN                1     RAIN                       1
LIGHT RAIN                3     FREEZING RAIN              1
LT FREEZING RAIN          4     HAIL                       0
HEAVY SNOW                0     SNOW                       1
LIGHT SNOW                8     SLEET                      0
FOG                      21     FOG W/VIS <= 1/4 MILE      3
HAZE                     11

-  INDICATES NEGATIVE NUMBERS.
R  INDICATES RECORD WAS SET OR TIED.
MM INDICATES DATA IS MISSING.
T  INDICATES TRACE AMOUNT.

$$
