000
CXUS51 KOKX 011552
CLMBDR

CLIMATE REPORT
NATIONAL WEATHER SERVICE NEW YORK NY
1152 AM EDT TUE APR 1 2014

...................................

...THE BRIDGEPORT CT CLIMATE SUMMARY FOR THE MONTH OF MARCH 2014...

CLIMATE NORMAL PERIOD 1981 TO 2010
CLIMATE RECORD PERIOD 1948 TO 2014

WEATHER         OBSERVED          NORMAL  DEPART  LAST YEAR`S
                 VALUE   DATE(S)  VALUE   FROM    VALUE  DATE(S)
                                          NORMAL
................................................................
TEMPERATURE (F)
RECORD
 HIGH              84   03/13/1990
 LOW                4   03/19/1967
HIGHEST            64   03/11        MM      MM       55  03/30
                                                          03/29
                                                          03/27
LOWEST             11   03/04        MM      MM       26  03/18
AVG. MAXIMUM     42.7              47.2    -4.5     45.5
AVG. MINIMUM     26.6              31.4    -4.8     32.5
MEAN             34.7              39.3    -4.6     39.0
DAYS MAX >= 90      0               0.0     0.0        0
DAYS MAX <= 32      4               0.8     3.2        0
DAYS MIN <= 32     23              15.4     7.6       18
DAYS MIN <= 0       0               0.0     0.0        0

PRECIPITATION (INCHES)
RECORD
 MAXIMUM        10.19   2010
 MINIMUM         0.69   1981
TOTALS           5.22              4.05    1.17     2.54
DAILY AVG.       0.17              0.13    0.04     0.08
DAYS >= .01         9              11.3    -2.3        8
DAYS >= .10         5               7.3    -2.3        6
DAYS >= .50         4               2.6     1.4        2
DAYS >= 1.00        2               0.9     1.1        0
GREATEST
 24 HR. TOTAL    2.15   03/29 TO 03/29           03/12 TO 03/12

 STORM TOTAL       MM                                 MM
 (MM/DD(HH))            MM


SNOWFALL (INCHES)
TOTALS            0.8               5.1    -4.3     13.0
 LIQUID EQUIV    0.08              0.50   -0.42     1.30
SINCE 7/1        57.0              26.7    30.3     64.3
 LIQUID 7/1      5.70              2.70    3.00     6.43
SNOWDEPTH AVG.      1                MM      MM        1
DAYS >= TRACE       6               2.4     3.6        8
DAYS >= 1.0         0               1.6    -1.6        3
GREATEST
 SNOW DEPTH         4   03/02                          6  03/09
                        03/01                             03/08
 24 HR TOTAL      0.7   03/31 TO 03/31           03/08 TO 03/08

 STORM TOTAL       MM                                 MM
 (MM/DD(HH))            MM


DEGREE_DAYS
HEATING TOTAL     934               797     137      795
 SINCE 7/1       4982              4684     298     4418
COOLING TOTAL       0                 0       0        0
 SINCE 1/1          0                 0       0        0
.........................................................

WIND (MPH)
AVERAGE WIND SPEED              10.1
HIGHEST WIND SPEED/DIRECTION    36/310    DATE  03/26
HIGHEST GUST SPEED/DIRECTION    50/300    DATE  03/26


WEATHER CONDITIONS. NUMBER OF DAYS WITH
THUNDERSTORM              0     MIXED PRECIP               0
HEAVY RAIN                4     RAIN                       6
LIGHT RAIN                8     FREEZING RAIN              0
LT FREEZING RAIN          0     HAIL                       0
HEAVY SNOW                0     SNOW                       0
LIGHT SNOW                3     SLEET                      0
FOG                      11     FOG W/VIS <= 1/4 MILE      0
HAZE                      1

-  INDICATES NEGATIVE NUMBERS.
R  INDICATES RECORD WAS SET OR TIED.
MM INDICATES DATA IS MISSING.
T  INDICATES TRACE AMOUNT.

$$
