000
CXUS51 KCTP 010752
CLMBFD

CLIMATE REPORT
NATIONAL WEATHER SERVICE STATE COLLEGE PA
352 AM EDT MON MAY 1 2017

...................................

...THE BRADFORD CLIMATE SUMMARY FOR THE MONTH OF APRIL 2017...
...APRIL 2017 WARMEST ON RECORD...

CLIMATE NORMAL PERIOD 1981 TO 2010
CLIMATE RECORD PERIOD 1957 TO 2017

WEATHER         OBSERVED          NORMAL  DEPART  LAST YEAR`S
                 VALUE   DATE(S)  VALUE   FROM    VALUE  DATE(S)
                                          NORMAL
................................................................
TEMPERATURE (F)
RECORD
 HIGH              85   04/28/1990
                        04/27/1990
 LOW                6   04/07/1982
                        04/01/1964
HIGHEST            81   04/30                         77  04/17
LOWEST             24   04/09                         11  04/10
AVG. MAXIMUM     62.2              54.9     7.3     53.9
AVG. MINIMUM     39.5              32.3     7.2     29.6
MEAN             50.8              43.6     7.2     41.8
DAYS MAX >= 90      0                MM      MM        0
DAYS MAX <= 32      0                MM      MM        2
DAYS MIN <= 32      9                MM      MM       16
DAYS MIN <= 0       0                MM      MM        0

PRECIPITATION (INCHES)
RECORD
 MAXIMUM         7.62   2011
 MINIMUM         0.59   2010
TOTALS           4.81              3.55    1.26     3.68
DAILY AVG.       0.16              0.12    0.04     0.12
DAYS >= .01        16                MM      MM       17
DAYS >= .10         9                MM      MM       10
DAYS >= .50         4                MM      MM        2
DAYS >= 1.00        1                MM      MM        1

DEGREE_DAYS
HEATING TOTAL     418               644    -226      691
 SINCE 7/1       6068              7251   -1183     6135
COOLING TOTAL       1                 2      -1        0
 SINCE 1/1          1                 2      -1        0
...................................................

WIND (MPH)
AVERAGE WIND SPEED              7.7
HIGHEST WIND SPEED/DIRECTION    30/330    DATE  04/07
HIGHEST GUST SPEED/DIRECTION    52/280    DATE  04/30

SKY COVER
POSSIBLE SUNSHINE (PERCENT)   MM
AVERAGE SKY COVER           0.50
NUMBER OF DAYS FAIR           10
NUMBER OF DAYS PC             12
NUMBER OF DAYS CLOUDY          8

AVERAGE RH (PERCENT)     69

WEATHER CONDITIONS. NUMBER OF DAYS WITH
THUNDERSTORM              4     MIXED PRECIP               0
HEAVY RAIN                6     RAIN                       7
LIGHT RAIN               17     FREEZING RAIN              0
LT FREEZING RAIN          0     HAIL                       0
HEAVY SNOW                0     SNOW                       1
LIGHT SNOW                2     SLEET                      0
FOG                      17     FOG W/VIS <= 1/4 MILE      2
HAZE                      3

-  INDICATES NEGATIVE NUMBERS.
R  INDICATES RECORD WAS SET OR TIED.
MM INDICATES DATA IS MISSING.
T  INDICATES TRACE AMOUNT.

&&

APRIL 2017 RANKS AS THE WARMEST ON RECORD WITH AN AVG. TEMPERATURE
OF 50.8 DEGREES. THE PREVIOUS RECORD WAS APRIL 1960 WITH AN AVG.
TEMPERATURE OF 48.1 DEGREES.

A RECORD HIGH TEMPERATURE OF 81 DEGREES WAS SET ON 4/30.
A RECORD HIGH TEMPERATURE OF 75 DEGREES WAS SET ON 4/10.
A RECORD MAXIMUM RAINFALL OF 1.13 INCHES WAS SET ON 4/20.

$$
MS
