000
CXUS51 KCTP 011219
CLMBFD

PHLCLMBFD 000
TTAA00 KCTP 010845

CLIMATE REPORT
NATIONAL WEATHER SERVICE STATE COLLEGE PA
720 AM EST WED FEB 1 2017

...................................

...THE BRADFORD CLIMATE SUMMARY FOR THE MONTH OF JANUARY 2017...

CLIMATE NORMAL PERIOD 1981 TO 2010
CLIMATE RECORD PERIOD 1957 TO 2017

WEATHER         OBSERVED          NORMAL  DEPART  LAST YEAR`S
                 VALUE   DATE(S)  VALUE   FROM    VALUE  DATE(S)
                                          NORMAL
................................................................
TEMPERATURE (F)
RECORD
 HIGH              63   01/13/2013
                        01/08/1998
 LOW              -27   01/17/1982
HIGHEST            58   01/22                         55  01/31
                        01/21
LOWEST            -10   01/07                         -6  01/05
AVG. MAXIMUM     35.1              29.0     6.1     30.3
AVG. MINIMUM     21.3              13.6     7.7     14.6
MEAN             28.2              21.3     6.9     22.4
DAYS MAX >= 90      0                MM      MM        0
DAYS MAX <= 32     13                MM      MM       18
DAYS MIN <= 32     25                MM      MM       29
DAYS MIN <= 0       2                MM      MM        1

PRECIPITATION (INCHES)
RECORD
 MAXIMUM         5.83   1978
 MINIMUM         0.38   2001
TOTALS           4.57              3.29    1.28     1.15
DAILY AVG.       0.15              0.11    0.04     0.04
DAYS >= .01        22                MM      MM       11
DAYS >= .10         9                MM      MM        4
DAYS >= .50         1                MM      MM        1
DAYS >= 1.00        1                MM      MM        0
GREATEST
 24 HR. TOTAL    2.10   01/11 TO 01/12

DEGREE_DAYS
HEATING TOTAL    1134              1355    -221     1310
 SINCE 7/1       3690              4411    -721     3587
COOLING TOTAL       0                 0       0        0
 SINCE 1/1          0                 0       0        0
.................................................

WIND (MPH)
AVERAGE WIND SPEED              7.6
HIGHEST WIND SPEED/DIRECTION    25/290    DATE  01/12
HIGHEST GUST SPEED/DIRECTION    41/280    DATE  01/31

SKY COVER
POSSIBLE SUNSHINE (PERCENT)   MM
AVERAGE SKY COVER           0.80
NUMBER OF DAYS FAIR            2
NUMBER OF DAYS PC              7
NUMBER OF DAYS CLOUDY         22

AVERAGE RH (PERCENT)     82

WEATHER CONDITIONS. NUMBER OF DAYS WITH
THUNDERSTORM              0     MIXED PRECIP               0
HEAVY RAIN                2     RAIN                       8
LIGHT RAIN               13     FREEZING RAIN              1
LT FREEZING RAIN          4     HAIL                       0
HEAVY SNOW                1     SNOW                       7
LIGHT SNOW               19     SLEET                      0
FOG                      29     FOG W/VIS <= 1/4 MILE      9
HAZE                      9

-  INDICATES NEGATIVE NUMBERS.
R  INDICATES RECORD WAS SET OR TIED.
MM INDICATES DATA IS MISSING.
T  INDICATES TRACE AMOUNT.

$$
