000
CXUS51 KCTP 171335
CLMBFD

CLIMATE REPORT
NATIONAL WEATHER SERVICE STATE COLLEGE PA
935 AM EDT TUE MAR 17 2015

...................................

...THE BRADFORD CLIMATE SUMMARY FOR THE MONTH OF FEBRUARY 2015...

CLIMATE NORMAL PERIOD 1981 TO 2010
CLIMATE RECORD PERIOD 1957 TO 2015

WEATHER         OBSERVED          NORMAL  DEPART  LAST YEAR`S
                 VALUE   DATE(S)  VALUE   FROM    VALUE  DATE(S)
                                          NORMAL
................................................................
TEMPERATURE (F)
RECORD
 HIGH              64   02/21/1997
 LOW              -30   02/11/1979
HIGHEST            43   02/08                         46  02/21
LOWEST            -25   02/16                        -19  02/28
AVG. MAXIMUM     20.9              32.4   -11.5     25.9
AVG. MINIMUM      0.1              14.8   -14.7      8.1
MEAN             10.5              23.6   -13.1     17.0
DAYS MAX >= 90      0                MM      MM        0
DAYS MAX <= 32     24                MM      MM       20
DAYS MIN <= 32     27                MM      MM       26
DAYS MIN <= 0      14                MM      MM        9

PRECIPITATION (INCHES)
RECORD
 MAXIMUM         5.29   1990
 MINIMUM         0.35   2010
TOTALS           1.00              2.35   -1.35     1.59
DAILY AVG.       0.04              0.08   -0.04     0.06
DAYS >= .01        10                MM      MM       14
DAYS >= .10         4                MM      MM        5
DAYS >= .50         0                MM      MM        0
DAYS >= 1.00        0                MM      MM        0
GREATEST
 24 HR. TOTAL    0.54   02/01 TO 02/02

DEGREE_DAYS
HEATING TOTAL    1519              1159     360     1288
 SINCE 7/1       5899              5570     329     5666
COOLING TOTAL       0                 0       0        0
 SINCE 1/1          0                 0       0        0
.........................................................

WIND (MPH)
AVERAGE WIND SPEED              7.8
HIGHEST WIND SPEED/DIRECTION    29/310    DATE  02/12
HIGHEST GUST SPEED/DIRECTION    39/320    DATE  02/02

SKY COVER
POSSIBLE SUNSHINE (PERCENT)   MM
AVERAGE SKY COVER           0.70
NUMBER OF DAYS FAIR            6
NUMBER OF DAYS PC              8
NUMBER OF DAYS CLOUDY         14

AVERAGE RH (PERCENT)     67

WEATHER CONDITIONS. NUMBER OF DAYS WITH
THUNDERSTORM              0     MIXED PRECIP               0
HEAVY RAIN                0     RAIN                       0
LIGHT RAIN                2     FREEZING RAIN              0
LT FREEZING RAIN          2     HAIL                       0
HEAVY SNOW                5     SNOW                      11
LIGHT SNOW               21     SLEET                      0
FOG                      15     FOG W/VIS <= 1/4 MILE      2
HAZE                     26

-  INDICATES NEGATIVE NUMBERS.
R  INDICATES RECORD WAS SET OR TIED.
MM INDICATES DATA IS MISSING.
T  INDICATES TRACE AMOUNT.

$$

RXR
