000
CXUS51 KCTP 010903
CLMBFD

CLIMATE REPORT
NATIONAL WEATHER SERVICE STATE COLLEGE PA
503 AM EDT WED OCT 1 2014

...................................

...THE BRADFORD CLIMATE SUMMARY FOR THE MONTH OF SEPTEMBER 2014...

CLIMATE NORMAL PERIOD 1981 TO 2010
CLIMATE RECORD PERIOD 1957 TO 2014

WEATHER         OBSERVED          NORMAL  DEPART  LAST YEAR`S
                 VALUE   DATE(S)  VALUE   FROM    VALUE  DATE(S)
                                          NORMAL
................................................................
TEMPERATURE (F)
RECORD
 HIGH              90   09/03/2011
 LOW               19   09/27/1957
HIGHEST            86   09/05                         88  09/10
LOWEST             34   09/23                         31  09/17
                        09/17
AVG. MAXIMUM     69.4              68.2     1.2     70.6
AVG. MINIMUM     47.3              45.2     2.1     44.8
MEAN             58.3              56.7     1.6     57.7
DAYS MAX >= 90      0                MM      MM        0
DAYS MAX <= 32      0                MM      MM        0
DAYS MIN <= 32      0                MM      MM        1
DAYS MIN <= 0       0                MM      MM        0

PRECIPITATION (INCHES)
RECORD
 MAXIMUM         7.72   1967
 MINIMUM         0.85   1964
TOTALS           2.25              3.92   -1.67     2.53
DAILY AVG.       0.08              0.13   -0.05     0.08
DAYS >= .01         9                MM      MM       11
DAYS >= .10         7                MM      MM        4
DAYS >= .50         1                MM      MM        2
DAYS >= 1.00        0                MM      MM        1
GREATEST
 24 HR. TOTAL    0.73   09/02 TO 09/02

DEGREE_DAYS
HEATING TOTAL     217               264     -47      240
 SINCE 7/1        401               417     -16      376
COOLING TOTAL      25                15      10       30
 SINCE 1/1        195               192       3      325
.................................................

WIND (MPH)
AVERAGE WIND SPEED              5.0
HIGHEST WIND SPEED/DIRECTION    21/300    DATE  09/13
HIGHEST GUST SPEED/DIRECTION    29/280    DATE  09/21

SKY COVER
POSSIBLE SUNSHINE (PERCENT)   MM
AVERAGE SKY COVER           0.50
NUMBER OF DAYS FAIR           12
NUMBER OF DAYS PC              8
NUMBER OF DAYS CLOUDY         10

AVERAGE RH (PERCENT)     75

WEATHER CONDITIONS. NUMBER OF DAYS WITH
THUNDERSTORM              3     MIXED PRECIP               0
HEAVY RAIN                5     RAIN                       7
LIGHT RAIN               11     FREEZING RAIN              0
LT FREEZING RAIN          0     HAIL                       0
HEAVY SNOW                0     SNOW                       0
LIGHT SNOW                0     SLEET                      0
FOG                      27     FOG W/VIS <= 1/4 MILE     10
HAZE                      3

-  INDICATES NEGATIVE NUMBERS.
R  INDICATES RECORD WAS SET OR TIED.
MM INDICATES DATA IS MISSING.
T  INDICATES TRACE AMOUNT.

&&

SEPTEMBER 2014 RANKED AS THE 8TH DRIEST AND 19TH WARMEST SEPTEMBER
SINCE 1957.

A DAILY RECORD HIGH TEMPERATURE OF 86 DEGREES WAS TIED (1973) ON
THE 5TH.

$$
MS
