000
CXUS51 KCTP 010823
CLMBFD

CLIMATE REPORT
NATIONAL WEATHER SERVICE STATE COLLEGE PA
323 AM EST THU FEB 1 2018

...................................

...THE BRADFORD CLIMATE SUMMARY FOR THE MONTH OF JANUARY 2018...

CLIMATE NORMAL PERIOD 1981 TO 2010
CLIMATE RECORD PERIOD 1957 TO 2018

WEATHER         OBSERVED          NORMAL  DEPART  LAST YEAR`S
                 VALUE   DATE(S)  VALUE   FROM    VALUE  DATE(S)
                                          NORMAL
................................................................
TEMPERATURE (F)
RECORD
 HIGH              65   01/11/2018
 LOW              -27   01/17/1982
HIGHEST            65R  01/11                         58  01/22
                                                          01/21
LOWEST            -17   01/14                        -10  01/07
AVG. MAXIMUM     30.3              29.0     1.3     35.1
AVG. MINIMUM     11.8              13.6    -1.8     21.3
MEAN             21.1              21.3    -0.2     28.2
DAYS MAX >= 90      0                MM      MM        0
DAYS MAX <= 32     18                MM      MM       13
DAYS MIN <= 32     27                MM      MM       25
DAYS MIN <= 0       9                MM      MM        2

PRECIPITATION (INCHES)
RECORD
 MAXIMUM         5.83   1978
 MINIMUM         0.38   2001
TOTALS           3.65              3.29    0.36     4.57
DAILY AVG.       0.12              0.11    0.01     0.15
DAYS >= .01        13                MM      MM       22
DAYS >= .10         6                MM      MM        9
DAYS >= .50         2                MM      MM        1
DAYS >= 1.00        1                MM      MM        1
GREATEST
 24 HR. TOTAL    1.91   01/12 TO 01/12

DEGREE_DAYS
HEATING TOTAL    1357              1355       2     1134
 SINCE 7/1       4179              4411    -232     3690
COOLING TOTAL       0                 0       0        0
 SINCE 1/1          0                 0       0        0
.................................................................

WIND (MPH)
AVERAGE WIND SPEED              8.6
HIGHEST WIND SPEED/DIRECTION    28/320    DATE  01/06
HIGHEST GUST SPEED/DIRECTION    37/300    DATE  01/05

SKY COVER
POSSIBLE SUNSHINE (PERCENT)   MM
AVERAGE SKY COVER           0.60
NUMBER OF DAYS FAIR            7
NUMBER OF DAYS PC              9
NUMBER OF DAYS CLOUDY         15

AVERAGE RH (PERCENT)     74

WEATHER CONDITIONS. NUMBER OF DAYS WITH
THUNDERSTORM              0     MIXED PRECIP               0
HEAVY RAIN                1     RAIN                       4
LIGHT RAIN                6     FREEZING RAIN              1
LT FREEZING RAIN          3     HAIL                       0
HEAVY SNOW                5     SNOW                       8
LIGHT SNOW               18     SLEET                      0
FOG                      27     FOG W/VIS <= 1/4 MILE      7
HAZE                     12

-  INDICATES NEGATIVE NUMBERS.
R  INDICATES RECORD WAS SET OR TIED.
MM INDICATES DATA IS MISSING.
T  INDICATES TRACE AMOUNT.

$$
MS
