723
CXUS46 KHNX 091537 CCA
CLMBFL

CLIMATE REPORT
NATIONAL WEATHER SERVICE SAN JOAQUIN VALLEY, CA
1157 AM PDT TUE AUG 1 2017

...................................

...THE BAKERSFIELD CLIMATE SUMMARY FOR THE MONTH OF JULY 2017...

CLIMATE NORMAL PERIOD 1981 TO 2010
CLIMATE RECORD PERIOD 1889 TO 2017

WEATHER         OBSERVED          NORMAL  DEPART  LAST YEAR`S
                 VALUE   DATE(S)  VALUE   FROM    VALUE  DATE(S)
                                          NORMAL
................................................................
TEMPERATURE (F)
RECORD
 HIGH             118   07/28/1908
 LOW               46   07/13/1914
                        07/07/1903
HIGHEST           107   07/08        MM      MM      111  07/30
LOWEST             70   07/21        MM      MM       64  07/10
                        07/20
                        07/04
AVG. MAXIMUM    102.8              97.1     5.7    100.5
AVG. MINIMUM     75.5              70.5     5.0     71.8
MEAN             89.1              83.8     5.3     86.2
DAYS MAX >= 90     31              27.4     3.6       30
DAYS MIN <= 32      0               0.0     0.0        0

PRECIPITATION (INCHES)
RECORD
 MAXIMUM         0.43   1913
TOTALS           0.00R                T    0.00     0.00
DAYS >= .01         0               0.1    -0.1        0
DAYS >= .10         0               0.0     0.0        0
DAYS >= .50         0               0.0     0.0        0
DAYS >= 1.00        0               0.0     0.0        0
GREATEST
 24 HR. TOTAL    0.00   07/31 TO 07/31

SNOWFALL (INCHES)
RECORDS
 TOTAL            0.0
TOTALS            0.0               0.0

DEGREE_DAYS
HEATING TOTAL       0                 0       0        0
 SINCE 7/1          0                 0       0        0
COOLING TOTAL     758               583     175      665
 SINCE 1/1       1649              1229     420     1556
.................................................................

WIND (MPH)
AVERAGE WIND SPEED              6.4
HIGHEST WIND SPEED/DIRECTION    16/290    DATE  07/16
HIGHEST GUST SPEED/DIRECTION    22/310    DATE  07/24

AVERAGE RH (PERCENT)     31

WEATHER CONDITIONS. NUMBER OF DAYS WITH
THUNDERSTORM              0     RAIN                       0
HAIL                      0     FOG                        0
FOG W/VIS <= 1/4 MILE     0     HAZE                       0

-  INDICATES NEGATIVE NUMBERS.
R  INDICATES RECORD WAS SET OR TIED.
MM INDICATES DATA IS MISSING.
T  INDICATES TRACE AMOUNT.

$$
