000
CXUS54 KBMX 011436
CLMBHM


CLIMATE REPORT
NATIONAL WEATHER SERVICE BIRMINGHAM, AL
836 AM CST MON FEB 1 2016

...................................

...THE BIRMINGHAM CLIMATE SUMMARY FOR THE MONTH OF JANUARY 2016...

CLIMATE NORMAL PERIOD 1981 TO 2010
CLIMATE RECORD PERIOD 2014 TO 2016

WEATHER         OBSERVED          NORMAL  DEPART  LAST YEAR`S
                 VALUE   DATE(S)  VALUE   FROM    VALUE  DATE(S)
                                          NORMAL
................................................................
TEMPERATURE (F)
RECORD
 HIGH              81   01/10/1949
 LOW               -6   01/21/1985
HIGHEST            72   01/31        MM      MM       68  01/19
LOWEST             19   01/19        MM      MM        8  01/08
AVG. MAXIMUM     52.0              53.8    -1.8     53.1
AVG. MINIMUM     33.0              33.8    -0.8     31.4
MEAN             42.5                               42.3
DAYS MAX >= 90      0               0.0     0.0        0
DAYS MAX <= 32      0               0.7    -0.7        0
DAYS MIN <= 32     17              14.9     2.1       17
DAYS MIN <= 0       0               0.1    -0.1        0

PRECIPITATION (INCHES)
RECORD
 MAXIMUM        13.37   1937
 MINIMUM         1.09   1981
TOTALS           3.28              4.84   -1.56     4.38
DAILY AVG.       0.11              0.16   -0.05     0.14
DAYS >= .01         7              10.5    -3.5       10
DAYS >= .10         5               7.5    -2.5        6
DAYS >= .50         4               3.6     0.4        5
DAYS >= 1.00        0               1.3    -1.3        1

DEGREE_DAYS
HEATING TOTAL     687               658      29      699
 SINCE 7/1       1241              1705    -464     1757
COOLING TOTAL       0                 1      -1        0
 SINCE 1/1          0                 0       0        0
.................................................................

WIND (MPH)
AVERAGE WIND SPEED              6.6
HIGHEST WIND SPEED/DIRECTION    30/330    DATE  01/22
HIGHEST GUST SPEED/DIRECTION    41/340    DATE  01/22

AVERAGE RH (PERCENT)     67

WEATHER CONDITIONS. NUMBER OF DAYS WITH
THUNDERSTORM              0     MIXED PRECIP               0
HEAVY RAIN                2     RAIN                       4
LIGHT RAIN                8     FREEZING RAIN              0
LT FREEZING RAIN          0     HAIL                       0
HEAVY SNOW                0     SNOW                       0
LIGHT SNOW                1     SLEET                      0
FOG                      10     FOG W/VIS <= 1/4 MILE      0
HAZE                      3

-  INDICATES NEGATIVE NUMBERS.
R  INDICATES RECORD WAS SET OR TIED.
MM INDICATES DATA IS MISSING.
T  INDICATES TRACE AMOUNT.

$$
