780
CXUS51 KRNK 010956
CLMBLF


CLIMATE REPORT
NATIONAL WEATHER SERVICE BLACKSBURG VA
530 AM EDT FRI SEP 1 2017

...................................

...THE BLUEFIELD WV CLIMATE SUMMARY FOR THE MONTH OF AUGUST 2017...

CLIMATE NORMAL PERIOD 1981 TO 2010
CLIMATE RECORD PERIOD 1959 TO 2017

WEATHER         OBSERVED          NORMAL  DEPART  LAST YEAR`S
                 VALUE   DATE(S)  VALUE   FROM    VALUE
                                          NORMAL
.............................................................
TEMPERATURE (F)
RECORD
 HIGH              95   08/24/2007
                        08/16/2007
                        08/17/1988
 LOW               39   08/29/1986
HIGHEST            83   08/22                         85
                        08/17
LOWEST             51   08/25                         54
                        08/06
AVG. MAXIMUM     75.3              80.8    -5.5     79.0
AVG. MINIMUM     59.8              63.7    -3.9     64.8
MEAN             67.5              72.3    -4.8     71.9
DAYS MAX >= 90      0               1.5    -1.5        0
DAYS MAX <= 32      0               0.0     0.0        0
DAYS MIN <= 32      0               0.0     0.0        0
DAYS MIN <= 0       0               0.0     0.0        0

PRECIPITATION (INCHES)
RECORD
 MAXIMUM         6.41   2014
 MINIMUM         0.65   2007
TOTALS           2.21              3.26   -1.05     3.18
DAILY AVG.       0.07              0.11   -0.04     0.10
DAYS >= .01        12              10.2     1.8       13
DAYS >= .10         4               6.7    -2.7        9
DAYS >= .50         1               2.4    -1.4        1
DAYS >= 1.00        1               0.6     0.4        0
GREATEST
 24 HR. TOTAL    1.33                               0.71

SNOWFALL (INCHES)
TOTALS            0.0                                0.0
DAYS >= TRACE       0                                  0
DAYS >= 1.0         0                                  0
GREATEST
 24 HR TOTAL      0.0                                0.0

DEGREE_DAYS
HEATING TOTAL      20                 4      16        0
COOLING TOTAL     105               229    -124      223
..............................................................

WIND (MPH)
AVERAGE WIND SPEED              4.5
HIGHEST WIND SPEED/DIRECTION    21/250    DATE  08/18
HIGHEST GUST SPEED/DIRECTION    31/270    DATE  08/18

SKY COVER
AVERAGE SKY COVER           0.40

AVERAGE RH (PERCENT)     74

WEATHER CONDITIONS. NUMBER OF DAYS WITH
THUNDERSTORM              2     MIXED PRECIP               0
HEAVY RAIN                2     RAIN                       5
LIGHT RAIN               18     FREEZING RAIN              0
LT FREEZING RAIN          0     HAIL                       0
HEAVY SNOW                0     SNOW                       0
LIGHT SNOW                0     SLEET                      0
FOG                      12     FOG W/VIS <= 1/4 MILE      3
HAZE                      0

-  INDICATES NEGATIVE NUMBERS.
R  INDICATES RECORD WAS SET OR TIED.
MM INDICATES DATA IS MISSING.
T  INDICATES TRACE AMOUNT.

$$
