000
CXUS56 KBOI 011759
CLMBNO


CLIMATE REPORT
NATIONAL WEATHER SERVICE BOISE ID
1056 AM MST FRI DEC 1 2017

...................................

...THE BURNS OR CLIMATE SUMMARY FOR THE MONTH OF NOVEMBER 2017...

CLIMATE NORMAL PERIOD 1981 TO 2010
CLIMATE RECORD PERIOD 1938 TO 2017

WEATHER         OBSERVED          NORMAL  DEPART
                 VALUE   DATE(S)  VALUE   FROM
                                          NORMAL
................................................
TEMPERATURE (F)
HIGHEST            64   11/23        MM      MM
LOWEST             12   11/07        MM      MM
AVG. MAXIMUM     45.8              45.1     0.7
AVG. MINIMUM     24.3              21.5     2.8
MEAN             35.1              33.3     1.8
DAYS MAX >= 90      0
DAYS MAX <= 32      0
DAYS MIN <= 32     24
DAYS MIN <= 0       0

PRECIPITATION (INCHES)
RECORD
 MAXIMUM         3.45   1942
TOTALS           1.50              1.17    0.33
DAYS >= .01        15
DAYS >= .10         3
DAYS >= .50         1
DAYS >= 1.00        0
GREATEST
 24 HR. TOTAL    0.69   11/03 TO 11/03

DEGREE_DAYS
HEATING TOTAL     861               951     -90
 SINCE 7/1       1916              2001     -85
COOLING TOTAL       0                 0       0
 SINCE 1/1        343               215     128
.................................................

WIND (MPH)
AVERAGE WIND SPEED              5.8
RESULTANT WIND SPEED/DIRECTION   1/219
HIGHEST WIND SPEED/DIRECTION    36/170    DATE  11/26
HIGHEST GUST SPEED/DIRECTION    44/160    DATE  11/26

AVERAGE RH (PERCENT)     79


-  INDICATES NEGATIVE NUMBERS.
R  INDICATES RECORD WAS SET OR TIED.
MM INDICATES DATA IS MISSING.
T  INDICATES TRACE AMOUNT.

$$
