000
CXUS55 KBOI 011740
CLMBOI


CLIMATE REPORT
NATIONAL WEATHER SERVICE BOISE ID
1040 AM MST WED FEB 1 2017

...................................

...THE BOISE ID CLIMATE SUMMARY FOR THE MONTH OF JANUARY 2017...

CLIMATE NORMAL PERIOD 1981 TO 2010
CLIMATE RECORD PERIOD 1875 TO 2017

WEATHER         OBSERVED          NORMAL  DEPART  LAST YEAR`S
                 VALUE   DATE(S)  VALUE   FROM    VALUE
                                          NORMAL
.............................................................
TEMPERATURE (F)
HIGHEST            45   01/08
LOWEST            -11   01/06
AVG. MAXIMUM     28.4              37.8    -9.4
AVG. MINIMUM     14.3              24.7   -10.4
MEAN             21.3              31.3   -10.0
DAYS MAX >= 90      0
DAYS MAX <= 32     21
DAYS MIN <= 32     29
DAYS MIN <= 0       5

PRECIPITATION (INCHES)
RECORD
 MAXIMUM         5.29   1875
TOTALS           2.96              1.24    1.72
DAYS >= .01        14
DAYS >= .10        10
DAYS >= .50         1
DAYS >= 1.00        1
GREATEST
 24 HR. TOTAL    1.14   01/09 TO 01/10

SNOWFALL (INCHES)
TOTALS           21.5
SINCE 7/1        35.5
GREATEST
 SNOW DEPTH        15R  01/05
 24 HR TOTAL      6.5   01/04 TO 01/04

DEGREE_DAYS
HEATING TOTAL    1345              1046     299      966
 SINCE 7/1       3534              3361     173
COOLING TOTAL       0                 0       0        0
 SINCE 1/1          0                 0       0
..............................................................

WIND (MPH)
AVERAGE WIND SPEED              5.8
RESULTANT WIND SPEED/DIRECTION   2/146
HIGHEST WIND SPEED/DIRECTION    31/280    DATE  01/09
HIGHEST GUST SPEED/DIRECTION    37/280    DATE  01/09

SKY COVER
POSSIBLE SUNSHINE (PERCENT)   MM

AVERAGE RH (PERCENT)     81


-  INDICATES NEGATIVE NUMBERS.
R  INDICATES RECORD WAS SET OR TIED.
MM INDICATES DATA IS MISSING.
T  INDICATES TRACE AMOUNT.

$$
