000
CXUS55 KMSO 011554
CLMBTM


CLIMATE REPORT
NATIONAL WEATHER SERVICE MISSOULA, MT
853 AM MST SUN MAR 1 2015

...................................

...THE BUTTE MT CLIMATE SUMMARY FOR THE MONTH OF FEBRUARY 2015...

CLIMATE NORMAL PERIOD 1981 TO 2010
CLIMATE RECORD PERIOD 1895 TO 2015

WEATHER         OBSERVED          NORMAL  DEPART  LAST YEAR`S
                 VALUE   DATE(S)  VALUE   FROM    VALUE
                                          NORMAL
.............................................................
TEMPERATURE (F)
RECORD
 HIGH              61   02/24/1995
 LOW              -52   02/09/1933
HIGHEST            56   02/13        MM      MM       45
LOWEST            -17   02/22        MM      MM      -36
AVG. MAXIMUM     40.7              35.0     5.7     25.7
AVG. MINIMUM     18.4               9.4     9.0      2.7
MEAN             29.5              22.2     7.3     14.2
DAYS MAX >= 90      0               0.0     0.0        0
DAYS MAX <= 32      7               9.0    -2.0       17
DAYS MIN <= 32     24              27.3    -3.3       28
DAYS MIN <= 0       3               6.5    -3.5       10

PRECIPITATION (INCHES)
RECORD
 MAXIMUM         2.92   1904
 MINIMUM         0.03   1956
TOTALS           0.13              0.43   -0.30     0.63
DAILY AVG.       0.00              0.02   -0.02     0.02
DAYS >= .01         5               7.0    -2.0       16
DAYS >= .10         0               1.4    -1.4        1
DAYS >= .50         0               0.0     0.0        0
DAYS >= 1.00        0               0.0     0.0        0
GREATEST
 24 HR. TOTAL    0.05   02/09 TO 02/09              0.13

DEGREE_DAYS
HEATING TOTAL     986              1198    -212
 SINCE 7/1       5881              6569    -688
COOLING TOTAL       0                 0       0
 SINCE 1/1          0                 0       0
..............................................................

WIND (MPH)
AVERAGE WIND SPEED              5.2
HIGHEST WIND SPEED/DIRECTION    25/170    DATE  02/06
HIGHEST GUST SPEED/DIRECTION    37/240    DATE  02/07

SKY COVER
POSSIBLE SUNSHINE (PERCENT)   MM
AVERAGE SKY COVER           0.50
NUMBER OF DAYS FAIR            9
NUMBER OF DAYS PC             16
NUMBER OF DAYS CLOUDY          3

AVERAGE RH (PERCENT)     63

WEATHER CONDITIONS. NUMBER OF DAYS WITH
THUNDERSTORM              0     MIXED PRECIP               0
HEAVY RAIN                0     RAIN                       0
LIGHT RAIN                3     FREEZING RAIN              0
LT FREEZING RAIN          0     HAIL                       0
HEAVY SNOW                0     SNOW                       1
LIGHT SNOW               12     SLEET                      0
FOG                       9     FOG W/VIS <= 1/4 MILE      1
HAZE                      6

-  INDICATES NEGATIVE NUMBERS.
R  INDICATES RECORD WAS SET OR TIED.
MM INDICATES DATA IS MISSING.
T  INDICATES TRACE AMOUNT.

$$
