000
CXUS46 KLOX 011538
CLMBUR


CLIMATE REPORT
NATIONAL WEATHER SERVICE LOS ANGELES/OXNARD CA
838 AM PDT MON SEP 1 2014

...................................

...THE BOB HOPE AIRPORT (BURBANK) CA CLIMATE SUMMARY FOR THE MONTH OF AUGUST 2014...

CLIMATE NORMAL PERIOD 1981 TO 2010
CLIMATE RECORD PERIOD 1939 TO 2014

WEATHER         OBSERVED          NORMAL  DEPART  LAST YEAR`S
                 VALUE   DATE(S)  VALUE   FROM    VALUE
                                          NORMAL
.............................................................
TEMPERATURE (F)
HIGHEST            99   08/28
LOWEST             60   08/05
AVG. MAXIMUM     88.0              88.1    -0.1
AVG. MINIMUM     65.1              62.4     2.7
MEAN             76.6              75.3     1.3
DAYS MAX >= 90     12
DAYS MAX <= 32      0
DAYS MIN <= 32      0
DAYS MIN <= 0       0

PRECIPITATION (INCHES)
TOTALS           0.04              0.07   -0.03
DAILY AVG.       0.00
DAYS >= .01         1
DAYS >= .10         0
DAYS >= .50         0
DAYS >= 1.00        0
GREATEST
 24 HR. TOTAL    0.04   08/02 TO 08/02
                        08/01 TO 08/02
                        08/02 TO 08/02

DEGREE_DAYS
HEATING TOTAL       0                 0       0        0
 SINCE 7/1          0                 0       0        0
COOLING TOTAL     369               318      51      425
 SINCE 1/1       1300               882     418     1429
..............................................................

WIND (MPH)
AVERAGE WIND SPEED              5.4
HIGHEST WIND SPEED/DIRECTION    20/150    DATE  08/02
HIGHEST GUST SPEED/DIRECTION    26/220    DATE  08/13

SKY COVER
POSSIBLE SUNSHINE (PERCENT)   MM
AVERAGE SKY COVER           0.10
NUMBER OF DAYS FAIR           28
NUMBER OF DAYS PC              2
NUMBER OF DAYS CLOUDY          1

AVERAGE RH (PERCENT)     55

WEATHER CONDITIONS. NUMBER OF DAYS WITH
THUNDERSTORM              0     MIXED PRECIP               0
HEAVY RAIN                0     RAIN                       0
LIGHT RAIN                1     FREEZING RAIN              0
LT FREEZING RAIN          0     HAIL                       0
HEAVY SNOW                0     SNOW                       0
LIGHT SNOW                0     SLEET                      0
FOG                       5     FOG W/VIS <= 1/4 MILE      0
HAZE                      8

-  INDICATES NEGATIVE NUMBERS.
R  INDICATES RECORD WAS SET OR TIED.
MM INDICATES DATA IS MISSING.
T  INDICATES TRACE AMOUNT.

$$
