000
CXUS52 KCAE 020356
CLMCAE


CLIMATE REPORT
NATIONAL WEATHER SERVICE COLUMBIA SC
1048 PM EST WED MAR 1 2017

...................................

...THE COLUMBIA METRO AIRPORT SC CLIMATE SUMMARY FOR THE MONTH OF FEBRUARY 2017...

CLIMATE NORMAL PERIOD 1981 TO 2010
CLIMATE RECORD PERIOD 1887 TO 2017

WEATHER         OBSERVED          NORMAL  DEPART
                 VALUE   DATE(S)  VALUE   FROM
                                          NORMAL
................................................
TEMPERATURE (F)
RECORD
 HIGH              84   02/20/2014
                        02/28/2011
                        02/27/1997
 LOW               -2   02/14/1899
HIGHEST            82   02/28        MM      MM
                        02/24
LOWEST             28   02/10        MM      MM
                        02/05
AVG. MAXIMUM     71.4              60.3    11.1
AVG. MINIMUM     43.1              36.8     6.3
MEAN             57.2              48.5     8.7
DAYS MAX >= 90      0               0.0     0.0
DAYS MAX <= 32      0               0.0     0.0
DAYS MIN <= 32      4               9.5    -5.5
DAYS MIN <= 0       0               0.0     0.0

PRECIPITATION (INCHES)
RECORD
 MAXIMUM         9.39   1939
 MINIMUM         0.49   1938
TOTALS           1.60              3.61   -2.01
DAILY AVG.       0.06              0.13   -0.07
DAYS >= .01         6               9.1    -3.1
DAYS >= .10         4               5.9    -1.9
DAYS >= .50         1               2.6    -1.6
DAYS >= 1.00        1               1.0     0.0
GREATEST
 24 HR. TOTAL    1.17   02/15 TO 02/15
                        02/14 TO 02/15
                        02/15 TO 02/15
 STORM TOTAL       MM
 (MM/DD(HH))            MM

SNOWFALL (INCHES)
RECORDS
 TOTAL           16.0   1973
TOTALS            0.0               0.5    -0.5
SINCE 7/1         0.1               1.4    -1.3
DAYS >= TRACE       0               0.3    -0.3
DAYS >= 1.0         0               0.1    -0.1
GREATEST
 SNOW DEPTH         0   MM

DEGREE_DAYS
HEATING TOTAL     225               463    -238
 SINCE 7/1       1341              2099    -758
COOLING TOTAL      14                 3      11
 SINCE 1/1         18                 4      14

FREEZE DATES
RECORD
 EARLIEST     10/15/1991
 LATEST       04/03/1964
EARLIEST                        11/05
LATEST                          03/22
.................................................

WIND (MPH)
AVERAGE WIND SPEED              6.1
RESULTANT WIND SPEED/DIRECTION   2/242
HIGHEST WIND SPEED/DIRECTION    28/260    DATE  02/25
HIGHEST GUST SPEED/DIRECTION    43/260    DATE  02/25

SKY COVER
POSSIBLE SUNSHINE (PERCENT)   MM
AVERAGE SKY COVER           0.40
NUMBER OF DAYS FAIR           12
NUMBER OF DAYS PC             14
NUMBER OF DAYS CLOUDY          2

AVERAGE RH (PERCENT)     60

WEATHER CONDITIONS. NUMBER OF DAYS WITH
THUNDERSTORM              2     MIXED PRECIP               0
HEAVY RAIN                1     RAIN                       3
LIGHT RAIN                8     FREEZING RAIN              0
LT FREEZING RAIN          0     HAIL                       0
HEAVY SNOW                0     SNOW                       0
LIGHT SNOW                0     SLEET                      0
FOG                      11     FOG W/VIS <= 1/4 MILE      1
HAZE                      4

-  INDICATES NEGATIVE NUMBERS.
R  INDICATES RECORD WAS SET OR TIED.
MM INDICATES DATA IS MISSING.
T  INDICATES TRACE AMOUNT.

$$
