000
CXUS52 KCAE 012345 AAA
CLMCAE

CLIMATE REPORT
NATIONAL WEATHER SERVICE COLUMBIA SC
736 PM EDT TUE SEP 1 2015

...................................

...THE COLUMBIA METRO AIRPORT SC CLIMATE SUMMARY FOR THE MONTH OF AUGUST 2015...

CLIMATE NORMAL PERIOD 1981 TO 2010
CLIMATE RECORD PERIOD 1887 TO 2015

WEATHER         OBSERVED          NORMAL  DEPART
                 VALUE   DATE(S)  VALUE   FROM
                                          NORMAL
................................................
TEMPERATURE (F)
RECORD
 HIGH             107   08/10/2007
                        08/21/1983
 LOW               53   08/24/1969
HIGHEST           102   08/04        MM      MM
LOWEST             62   08/29        MM      MM
AVG. MAXIMUM     92.9              90.7     2.2
AVG. MINIMUM     72.2              71.0     1.2
MEAN             82.6              80.8     1.8
DAYS MAX >= 90     28              18.4     9.6
DAYS MAX <= 32      0               0.0     0.0
DAYS MIN <= 32      0               0.0     0.0
DAYS MIN <= 0       0               0.0     0.0

PRECIPITATION (INCHES)
RECORD
 MAXIMUM        16.72   1949
 MINIMUM         0.22   1997
TOTALS           4.85              5.26   -0.41
DAILY AVG.       0.16              0.17   -0.01
DAYS >= .01         7              10.5    -3.5
DAYS >= .10         5               7.0    -2.0
DAYS >= .50         3               3.3    -0.3
DAYS >= 1.00        2               1.8     0.2
GREATEST
 24 HR. TOTAL    2.22   08/30 TO 08/30
 STORM TOTAL       MM
 (MM/DD(HH))            MM

SNOWFALL (INCHES)
RECORDS
 TOTAL             MM   MM
TOTALS            0.0               0.0     0.0
SINCE 7/1         0.0               0.0     0.0
DAYS >= TRACE       0               0.0     0.0
DAYS >= 1.0         0               0.0     0.0
GREATEST
 SNOW DEPTH         0   MM

DEGREE_DAYS
HEATING TOTAL       0                 0       0
 SINCE 7/1          0                 0       0
COOLING TOTAL     551               491      60
 SINCE 1/1       2148              1768     380

FREEZE DATES
RECORD
 EARLIEST     10/15/1991
 LATEST       04/03/1964
EARLIEST                        11/05
LATEST                          03/22
.................................................

WIND (MPH)
AVERAGE WIND SPEED              5.0
RESULTANT WIND SPEED/DIRECTION   1/105
HIGHEST WIND SPEED/DIRECTION    24/280    DATE  08/05
HIGHEST GUST SPEED/DIRECTION    29/280    DATE  08/05

SKY COVER
POSSIBLE SUNSHINE (PERCENT)   MM
AVERAGE SKY COVER           0.50
NUMBER OF DAYS FAIR            6
NUMBER OF DAYS PC             23
NUMBER OF DAYS CLOUDY          2

AVERAGE RH (PERCENT)     64

WEATHER CONDITIONS. NUMBER OF DAYS WITH
THUNDERSTORM              4    MIXED PRECIP               0
HEAVY RAIN                3     RAIN                       4
LIGHT RAIN               16     FREEZING RAIN              0
LT FREEZING RAIN          0     HAIL                       0
HEAVY SNOW                0     SNOW                       0
LIGHT SNOW                0     SLEET                      0
FOG                      13     FOG W/VIS <= 1/4 MILE      0
HAZE                      6

-  INDICATES NEGATIVE NUMBERS.
R  INDICATES RECORD WAS SET OR TIED.
MM INDICATES DATA IS MISSING.
T  INDICATES TRACE AMOUNT.

$$
