152
CXUS52 KCAE 011717
CLMCAE


CLIMATE REPORT
NATIONAL WEATHER SERVICE COLUMBIA SC
112 PM EDT FRI MAY 1 2015

...................................

...THE COLUMBIA METRO AIRPORT SC CLIMATE SUMMARY FOR THE MONTH OF APRIL 2015...

CLIMATE NORMAL PERIOD 1981 TO 2010
CLIMATE RECORD PERIOD 1887 TO 2015

WEATHER         OBSERVED          NORMAL  DEPART
                 VALUE   DATE(S)  VALUE   FROM
                                          NORMAL
................................................
TEMPERATURE (F)
RECORD
 HIGH              96   04/18/1896
 LOW               26   04/08/2007
                        04/20/1983
                        01/01/2000
HIGHEST            92   04/09        MM      MM
LOWEST             37   04/05        MM      MM
AVG. MAXIMUM     77.8              76.3     1.5
AVG. MINIMUM     56.1              50.4     5.7
MEAN             67.0              63.4     3.6
DAYS MAX >= 90      1               1.1    -0.1
DAYS MAX <= 32      0               0.0     0.0
DAYS MIN <= 32      0               0.5    -0.5
DAYS MIN <= 0       0               0.0     0.0

PRECIPITATION (INCHES)
RECORD
 MAXIMUM        10.76   1936
 MINIMUM         0.29   1994
TOTALS           4.03              2.62    1.41
DAILY AVG.       0.13              0.09    0.04
DAYS >= .01        13               8.0     5.0
DAYS >= .10         7               5.3     1.7
DAYS >= .50         4               1.9     2.1
DAYS >= 1.00        1               0.5     0.5
GREATEST
 24 HR. TOTAL    1.19   04/07 TO 04/07
 STORM TOTAL       MM
 (MM/DD(HH))            MM

SNOWFALL (INCHES)
RECORDS
 TOTAL             MM   MM
TOTALS            0.0               0.0     0.0
SINCE 7/1           T               1.5    -1.5
DAYS >= TRACE       0               0.0     0.0
DAYS >= 1.0         0               0.0     0.0
GREATEST
 SNOW DEPTH         0   MM

DEGREE_DAYS
HEATING TOTAL      53               122     -69
 SINCE 7/1       2457              2531     -74
COOLING TOTAL     118                73      45
 SINCE 1/1        143                95      48

FREEZE DATES
RECORD
 EARLIEST     10/15/1991
 LATEST       04/03/1964
EARLIEST                        11/05
LATEST                          03/22
.................................................

WIND (MPH)
AVERAGE WIND SPEED              6.6
RESULTANT WIND SPEED/DIRECTION   2/193
HIGHEST WIND SPEED/DIRECTION    26/180    DATE  04/19
HIGHEST GUST SPEED/DIRECTION    38/190    DATE  04/19

SKY COVER
POSSIBLE SUNSHINE (PERCENT)   MM
AVERAGE SKY COVER           0.60
NUMBER OF DAYS FAIR            6
NUMBER OF DAYS PC             16
NUMBER OF DAYS CLOUDY          8

AVERAGE RH (PERCENT)     64

WEATHER CONDITIONS. NUMBER OF DAYS WITH
THUNDERSTORM              3     MIXED PRECIP               0
HEAVY RAIN                4     RAIN                       8
LIGHT RAIN               15     FREEZING RAIN              0
LT FREEZING RAIN          0     HAIL                       0
HEAVY SNOW                0     SNOW                       0
LIGHT SNOW                0     SLEET                      0
FOG                      13     FOG W/VIS <= 1/4 MILE      1
HAZE                      7

-  INDICATES NEGATIVE NUMBERS.
R  INDICATES RECORD WAS SET OR TIED.
MM INDICATES DATA IS MISSING.
T  INDICATES TRACE AMOUNT.

$$
