000
CXUS55 KGJT 011045
CLMCAG


CLIMATE REPORT
NATIONAL WEATHER SERVICE GRAND JUNCTION CO
433 AM MDT SAT NOV 1 2014

...................................

...THE CRAIG CO CLIMATE SUMMARY FOR THE MONTH OF OCTOBER 2014...

CLIMATE NORMAL PERIOD 1981 TO 2010
CLIMATE RECORD PERIOD 9999 TO 9999

WEATHER         OBSERVED          NORMAL  DEPART  LAST YEAR`S
                 VALUE   DATE(S)  VALUE   FROM    VALUE  DATE(S)
                                          NORMAL
................................................................
TEMPERATURE (F)
HIGHEST            76   10/25        MM      MM       77  10/01
LOWEST             18   10/29        MM      MM       19  10/19
AVG. MAXIMUM     65.6              60.4     5.2     56.8
AVG. MINIMUM     28.7              25.7     3.0     27.1
MEAN             47.1              43.0     4.1     42.0
DAYS MAX >= 90      0               0.0     0.0        0
DAYS MAX <= 32      0               0.4    -0.4        0
DAYS MIN <= 32     23              25.1    -2.1       25
DAYS MIN <= 0       0               0.0     0.0        0

PRECIPITATION (INCHES)
TOTALS           1.21              1.65   -0.44     2.20
DAILY AVG.       0.04              0.05   -0.01     0.07
DAYS >= .01         6                MM      MM       10
DAYS >= .10         4                MM      MM        8
DAYS >= .50         0                MM      MM        0
DAYS >= 1.00        0                MM      MM        0
GREATEST
 24 HR. TOTAL    0.35   10/01 TO 10/01              0.59
                        10/26 TO 10/26

SNOWFALL (INCHES)
TOTALS             MM                MM      MM       MM
SINCE 7/1          MM                MM      MM       MM
SNOWDEPTH AVG.     MM                MM      MM       MM
DAYS >= 1.0        MM                MM      MM        0
GREATEST
 SNOW DEPTH        MM                                 MM  MM
 24 HR TOTAL       MM                                 MM

DEGREE_DAYS
HEATING TOTAL     544               680    -136      706
 SINCE 7/1        839              1045    -206      890
COOLING TOTAL       0                 0       0        0
 SINCE 1/1         71               142     -71      377
.................................................................

WIND (MPH)
AVERAGE WIND SPEED              4.5
HIGHEST WIND SPEED/DIRECTION    33/230    DATE  10/26
HIGHEST GUST SPEED/DIRECTION    43/270    DATE  10/26

SKY COVER
POSSIBLE SUNSHINE (PERCENT)   MM
AVERAGE SKY COVER           0.20
NUMBER OF DAYS FAIR           21
NUMBER OF DAYS PC              7
NUMBER OF DAYS CLOUDY          3

AVERAGE RH (PERCENT)     59

WEATHER CONDITIONS. NUMBER OF DAYS WITH
THUNDERSTORM              2     MIXED PRECIP               0
HEAVY RAIN                0     RAIN                       5
LIGHT RAIN                7     FREEZING RAIN              0
LT FREEZING RAIN          0     HAIL                       0
HEAVY SNOW                0     SNOW                       0
LIGHT SNOW                0     SLEET                      0
FOG                       6     FOG W/VIS <= 1/4 MILE      1
HAZE                      0

-  INDICATES NEGATIVE NUMBERS.
R  INDICATES RECORD WAS SET OR TIED.
MM INDICATES DATA IS MISSING.
T  INDICATES TRACE AMOUNT.

$$
