000
CXUS51 KCLE 012307
CLMCAK


CLIMATE REPORT
NATIONAL WEATHER SERVICE CLEVELAND OH
657 PM EDT THU SEP 1 2016

...................................

...THE AKRON CANTON OH CLIMATE SUMMARY FOR THE MONTH OF AUGUST 2016...

CLIMATE NORMAL PERIOD 1981 TO 2010
CLIMATE RECORD PERIOD 1887 TO 2016

WEATHER         OBSERVED          NORMAL  DEPART  LAST YEAR`S
                 VALUE   DATE(S)  VALUE   FROM    VALUE
                                          NORMAL
.............................................................
TEMPERATURE (F)
RECORD
 HIGH             104   08/06/1918
 LOW               39   08/31/1915
HIGHEST            95   08/11
LOWEST             56   08/22
AVG. MAXIMUM     87.0              80.3     6.7     82.4
AVG. MINIMUM     66.4              60.6     5.8     60.4
MEAN             76.7              70.5     6.2     71.4
DAYS MAX >= 90     10               1.6     8.4        2
DAYS MAX <= 32      0               0.0     0.0        0
DAYS MIN <= 32      0               0.0     0.0        0
DAYS MIN <= 0       0               0.0     0.0        0

PRECIPITATION (INCHES)
RECORD
 MAXIMUM         8.19   1974
 MINIMUM         0.28   1894
TOTALS           3.36              3.56   -0.20     0.76
DAYS >= .01        11               9.6     1.4        5
DAYS >= .10         8               6.2     1.8        2
DAYS >= .50         4               2.3     1.7        0
DAYS >= 1.00        0               0.9    -0.9        0
GREATEST
 24 HR. TOTAL    0.68   08/11 TO 08/11              0.38

SNOWFALL (INCHES)
RECORDS
 TOTAL            0.0
TOTALS            0.0               0.0     0.0      0.0
SINCE 7/1         0.0               0.0     0.0      0.0
DAYS >= 1.0         0               0.0     0.0        0
GREATEST
 24 HR TOTAL      0.0   08/31 TO 08/31

DEGREE_DAYS
HEATING TOTAL       0                14     -14        9
 SINCE 7/1          3                20     -17        9
COOLING TOTAL     370               183     187      214
 SINCE 1/1        954               582     372      784
..............................................................

WIND (MPH)
AVERAGE WIND SPEED              7.1
HIGHEST WIND SPEED/DIRECTION    41/220    DATE  08/27
HIGHEST GUST SPEED/DIRECTION    62/200    DATE  08/27

SKY COVER
AVERAGE SKY COVER           0.50

AVERAGE RH (PERCENT)     67

WEATHER CONDITIONS. NUMBER OF DAYS WITH
THUNDERSTORM              0     MIXED PRECIP               0
HEAVY RAIN                4     RAIN                       4
LIGHT RAIN               14     FREEZING RAIN              0
LT FREEZING RAIN          0     HAIL                       0
HEAVY SNOW                0     SNOW                       0
LIGHT SNOW                0     SLEET                      0
FOG                      18     FOG W/VIS <= 1/4 MILE      1
HAZE                      8

-  INDICATES NEGATIVE NUMBERS.
R  INDICATES RECORD WAS SET OR TIED.
MM INDICATES DATA IS MISSING.
T  INDICATES TRACE AMOUNT.

$$
