424
CXUS55 KABQ 011801
CLMCAO

ABQCLMCAO 000
TTAA00 KABQ 011750


CLIMATE REPORT
NATIONAL WEATHER SERVICE ALBUQUERQUE NM
1200 PM MDT SUN MAY 1 2016

...................................

...THE CLAYTON  NM CLIMATE SUMMARY FOR THE MONTH OF APRIL 2016...

CLIMATE NORMAL PERIOD 1981 TO 2010
CLIMATE RECORD PERIOD 1896 TO 2016

WEATHER         OBSERVED          NORMAL  DEPART  LAST YEAR`S
                 VALUE   DATE(S)  VALUE   FROM    VALUE  DATE(S)
                                          NORMAL
................................................................
TEMPERATURE (F)
RECORD
 HIGH              92   04/24/2012
 LOW                7   04/04/1920
HIGHEST            84   04/05        MM      MM       80  04/30
                                                          04/06
                                                          04/01
LOWEST             26   04/02        MM      MM       27  04/10
AVG. MAXIMUM     67.5              67.0     0.5     69.0
AVG. MINIMUM     38.5              37.7     0.8     39.7
MEAN             53.0              52.4     0.6     54.3
DAYS MAX >= 90      0               0.0     0.0        0
DAYS MAX <= 32      0               0.2    -0.2        0
DAYS MIN <= 32      5               7.1    -2.1        4
DAYS MIN <= 0       0               0.0     0.0        0

PRECIPITATION (INCHES)
RECORD
 MAXIMUM           MM   MM
 MINIMUM           MM   MM
TOTALS           1.91              0.94    0.97     1.29
DAILY AVG.       0.06              0.03    0.03     0.04
DAYS >= .01         9               4.7     4.3        7
DAYS >= .10         5               2.3     2.7        4
DAYS >= .50         0               0.5    -0.5        1
DAYS >= 1.00        0               0.2    -0.2        0
GREATEST
 24 HR. TOTAL    0.84   04/28 TO 04/29              0.66

SNOWFALL (INCHES)
RECORDS
 TOTAL             MM   MM
TOTALS            0.0               1.5    -1.5      0.0
SINCE 7/1        25.0              27.3    -2.3     26.1
SNOWDEPTH AVG.      0                MM      MM        0
DAYS >= 1.0         0               0.4    -0.4        0
GREATEST
 SNOW DEPTH         0   MM                             0  MM
 24 HR TOTAL      0.0   04/30 TO 04/30               0.0

DEGREE_DAYS
HEATING TOTAL     353               385     -32      312
 SINCE 7/1       4123              4706    -583     4262
COOLING TOTAL       0                 5      -5        0
 SINCE 1/1          0                 6      -6        0
.................................................................

WIND (MPH)
AVERAGE WIND SPEED              13.3
HIGHEST WIND SPEED/DIRECTION    39/250    DATE  04/22
HIGHEST GUST SPEED/DIRECTION    59/240    DATE  04/22

SKY COVER
AVERAGE SKY COVER           0.30

AVERAGE RH (PERCENT)     52

WEATHER CONDITIONS. NUMBER OF DAYS WITH
THUNDERSTORM              0     MIXED PRECIP               0
HEAVY RAIN                5     RAIN                       6
LIGHT RAIN                8     FREEZING RAIN              0
LT FREEZING RAIN          0     HAIL                       0
HEAVY SNOW                0     SNOW                       0
LIGHT SNOW                0     SLEET                      0
FOG                       6     FOG W/VIS <= 1/4 MILE      2
HAZE                      2

-  INDICATES NEGATIVE NUMBERS.
R  INDICATES RECORD WAS SET OR TIED.
MM INDICATES DATA IS MISSING.
T  INDICATES TRACE AMOUNT.

$$
