000
CXUS55 KABQ 011517
CLMCAO

ABQCLMCAO 000
TTAA00 KABQ 011147


CLIMATE REPORT
NATIONAL WEATHER SERVICE ALBUQUERQUE NM
917 AM MDT SAT APR 1 2017

...................................

...THE CLAYTON  NM CLIMATE SUMMARY FOR THE MONTH OF MARCH 2017...

CLIMATE NORMAL PERIOD 1981 TO 2010
CLIMATE RECORD PERIOD 1896 TO 2017

WEATHER         OBSERVED          NORMAL  DEPART  LAST YEAR`S
                 VALUE   DATE(S)  VALUE   FROM    VALUE  DATE(S)
                                          NORMAL
................................................................
TEMPERATURE (F)
RECORD
 HIGH              87   03/19/2017
                        03/30/2010
                        83/02/2582
 LOW              -11   03/11/1948
HIGHEST            87R  03/19        MM      MM       82  03/21
LOWEST             19   03/01        29     -10       19  03/20
AVG. MAXIMUM     67.4              58.5     8.9     63.7
AVG. MINIMUM     35.3              30.0     5.3     32.2
MEAN             51.4              44.2     7.2     48.0
DAYS MAX >= 90      0               0.0     0.0        0
DAYS MAX <= 32      0               0.8    -0.8        0
DAYS MIN <= 32     11              18.2    -7.2       15
DAYS MIN <= 0       0               0.0     0.0        0

PRECIPITATION (INCHES)
RECORD
 MAXIMUM           MM   MM
 MINIMUM           MM   MM
TOTALS           0.80              0.95   -0.15     0.19
DAILY AVG.       0.03              0.03    0.00     0.01
DAYS >= .01         4               5.2    -1.2        1
DAYS >= .10         2               2.5    -0.5        1
DAYS >= .50         0               0.5    -0.5        0
DAYS >= 1.00        0               0.1    -0.1        0
GREATEST
 24 HR. TOTAL    0.44   03/31 TO 03/31              0.19

SNOWFALL (INCHES)
RECORDS
 TOTAL             MM   MM
TOTALS            0.1               6.3    -6.2      1.6
SINCE 7/1        11.5              25.8   -14.3     25.0
SNOWDEPTH AVG.      0                MM      MM        0
DAYS >= 1.0         0               2.4    -2.4        1
GREATEST
 SNOW DEPTH         0   MM                             0  MM
 24 HR TOTAL      0.1   MM                           1.6

DEGREE_DAYS
HEATING TOTAL     422               644    -222      520
 SINCE 7/1       3442              4321    -879     3770
COOLING TOTAL       6                 1       5        0
 SINCE 1/1          8                 1       7        0
.................................................................

WIND (MPH)
AVERAGE WIND SPEED              13.7
HIGHEST WIND SPEED/DIRECTION    49/350    DATE  03/24
HIGHEST GUST SPEED/DIRECTION    69/280    DATE  03/06

SKY COVER
AVERAGE SKY COVER           0.10

AVERAGE RH (PERCENT)     51

WEATHER CONDITIONS. NUMBER OF DAYS WITH
THUNDERSTORM              0     MIXED PRECIP               0
HEAVY RAIN                1     RAIN                       3
LIGHT RAIN                4     FREEZING RAIN              0
LT FREEZING RAIN          0     HAIL                       0
HEAVY SNOW                0     SNOW                       0
LIGHT SNOW                2     SLEET                      0
FOG                       5     FOG W/VIS <= 1/4 MILE      2
HAZE                      2

-  INDICATES NEGATIVE NUMBERS.
R  INDICATES RECORD WAS SET OR TIED.
MM INDICATES DATA IS MISSING.
T  INDICATES TRACE AMOUNT.

$$
