378
CXUS54 KLUB 021957
CLMCDS


CLIMATE REPORT
NATIONAL WEATHER SERVICE LUBBOCK, TX
154 PM CST TUE FEB 2 2016

...................................

...THE CHILDRESS CLIMATE SUMMARY FOR THE MONTH OF JANUARY 2016...

CLIMATE NORMAL PERIOD 1981 TO 2010
CLIMATE RECORD PERIOD 1893 TO 2016

WEATHER         OBSERVED          NORMAL  DEPART  LAST YEAR`S
                 VALUE   DATE(S)  VALUE   FROM    VALUE  DATE(S)
                                          NORMAL
................................................................
TEMPERATURE (F)
RECORD
 HIGH              87   01/03/2006
 LOW              -13   01/17/1930
HIGHEST            85   01/30                         81  01/28
LOWEST             22   01/10                         16  01/08
AVG. MAXIMUM     54.1              54.6    -0.5     52.7
AVG. MINIMUM     30.2              28.3     1.9     30.6
MEAN             42.1              41.5     0.6     41.6

PRECIPITATION (INCHES)
RECORD
 MAXIMUM           MM   MM
 MINIMUM           MM   MM
TOTALS           0.51              0.73   -0.22     1.08
DAILY AVG.       0.02              0.02    0.00
DAYS >= .01         5                                  6
DAYS >= .10         3                                  4
DAYS >= .50         0                                  1
DAYS >= 1.00        0                                  0
GREATEST
 24 HR. TOTAL    0.17   01/16 TO 01/16
                        01/15 TO 01/16
                        01/16 TO 01/16

SNOWFALL (INCHES)
RECORDS
 TOTAL             MM   MM
 24 HR TOTAL       MM
TOTALS            1.2               2.7    -1.5
SINCE 7/1         7.0               5.3     1.7
DAYS >= TRACE       3
DAYS >= 1.0         1
GREATEST
 SNOW DEPTH         0   MM
 24 HR TOTAL      1.0   01/16 TO 01/16

DEGREE_DAYS
HEATING TOTAL     702               730     -28      695
 SINCE 7/1       1746              2003    -257
COOLING TOTAL       0                 0       0        0
 SINCE 1/1          0                 0       0
.................................................................

WIND (MPH)
AVERAGE WIND SPEED              9.0
HIGHEST WIND SPEED/DIRECTION    35/350    DATE  01/21
HIGHEST GUST SPEED/DIRECTION    45/350    DATE  01/21

SKY COVER
POSSIBLE SUNSHINE (PERCENT)   MM
AVERAGE SKY COVER           0.30
NUMBER OF DAYS FAIR           20
NUMBER OF DAYS PC             10
NUMBER OF DAYS CLOUDY          1

AVERAGE RH (PERCENT)     63

WEATHER CONDITIONS. NUMBER OF DAYS WITH
THUNDERSTORM              0     MIXED PRECIP               0
HEAVY RAIN                0     RAIN                       3
LIGHT RAIN                5     FREEZING RAIN              0
LT FREEZING RAIN          0     HAIL                       0
HEAVY SNOW                0     SNOW                       0
LIGHT SNOW                3     SLEET                      0
FOG                      12     FOG W/VIS <= 1/4 MILE      4
HAZE                      0

-  INDICATES NEGATIVE NUMBERS.
R  INDICATES RECORD WAS SET OR TIED.
MM INDICATES DATA IS MISSING.
T  INDICATES TRACE AMOUNT.

$$
