000
CXUS55 KGJT 011039
CLMCEZ


CLIMATE REPORT
NATIONAL WEATHER SERVICE GRAND JUNCTION CO
427 AM MDT WED JUL 1 2015

...................................

...THE CORTEZ CO CLIMATE SUMMARY FOR THE MONTH OF JUNE 2015...

CLIMATE NORMAL PERIOD 1981 TO 2010
CLIMATE RECORD PERIOD 9999 TO 9999

WEATHER         OBSERVED          NORMAL  DEPART  LAST YEAR`S
                 VALUE   DATE(S)  VALUE   FROM    VALUE  DATE(S)
                                          NORMAL
................................................................
TEMPERATURE (F)
HIGHEST            97   06/30        MM      MM       96  06/30
LOWEST             38   06/04        MM      MM       37  06/20
                                                          06/15
                                                          06/09
AVG. MAXIMUM     86.1              84.9     1.2     87.5
AVG. MINIMUM     48.4              44.0     4.4     43.9
MEAN             67.2              64.4     2.8     65.7
DAYS MAX >= 90     13               7.5     5.5        8
DAYS MAX <= 32      0               0.0     0.0        0
DAYS MIN <= 32      0               0.8    -0.8        0
DAYS MIN <= 0       0               0.0     0.0        0

PRECIPITATION (INCHES)
TOTALS           1.63              0.48    1.15        T
DAILY AVG.       0.05              0.02    0.03        T
DAYS >= .01         6                MM      MM        0
DAYS >= .10         4                MM      MM        0
DAYS >= .50         1                MM      MM        0
DAYS >= 1.00        0                MM      MM        0
GREATEST
 24 HR. TOTAL    0.83   06/05 TO 06/06                 T

SNOWFALL (INCHES)
TOTALS             MM                MM      MM       MM
SINCE 7/1          MM                MM      MM       MM
SNOWDEPTH AVG.     MM                MM      MM       MM
DAYS >= 1.0        MM                MM      MM       MM
GREATEST
 SNOW DEPTH        MM                                 MM  MM
 24 HR TOTAL       MM                                 MM

DEGREE_DAYS
HEATING TOTAL      40                75     -35       31
 SINCE 7/1       5600              6442    -842     6214
COOLING TOTAL     115                58      57       57
 SINCE 1/1        115                63      52       73
.................................................................

WIND (MPH)
AVERAGE WIND SPEED              6.1
HIGHEST WIND SPEED/DIRECTION    31/020    DATE  06/24
HIGHEST GUST SPEED/DIRECTION    43/200    DATE  06/11

SKY COVER
POSSIBLE SUNSHINE (PERCENT)   MM
AVERAGE SKY COVER           0.10
NUMBER OF DAYS FAIR           25
NUMBER OF DAYS PC              4
NUMBER OF DAYS CLOUDY          1

AVERAGE RH (PERCENT)     50

WEATHER CONDITIONS. NUMBER OF DAYS WITH
THUNDERSTORM              9     MIXED PRECIP               0
HEAVY RAIN                4     RAIN                       4
LIGHT RAIN               12     FREEZING RAIN              0
LT FREEZING RAIN          0     HAIL                       0
HEAVY SNOW                0     SNOW                       0
LIGHT SNOW                0     SLEET                      0
FOG                       4     FOG W/VIS <= 1/4 MILE      0
HAZE                      0

-  INDICATES NEGATIVE NUMBERS.
R  INDICATES RECORD WAS SET OR TIED.
MM INDICATES DATA IS MISSING.
T  INDICATES TRACE AMOUNT.

$$
