000
CXUS55 KGJT 011149
CLMCEZ


CLIMATE REPORT
NATIONAL WEATHER SERVICE GRAND JUNCTION CO
442 AM MST SUN MAR 1 2015

...................................

...THE CORTEZ CO CLIMATE SUMMARY FOR THE MONTH OF FEBRUARY 2015...

CLIMATE NORMAL PERIOD 1981 TO 2010
CLIMATE RECORD PERIOD 9999 TO 9999

WEATHER         OBSERVED          NORMAL  DEPART  LAST YEAR`S
                 VALUE   DATE(S)  VALUE   FROM    VALUE  DATE(S)
                                          NORMAL
................................................................
TEMPERATURE (F)
HIGHEST            64   02/14        MM      MM       65  02/15
                        02/09
LOWEST             11   02/17        MM      MM        0  02/05
AVG. MAXIMUM     52.4              45.7     6.7     50.7
AVG. MINIMUM     21.2              18.2     3.0     19.6
MEAN             36.8              32.0     4.8     35.1
DAYS MAX >= 90      0               0.0     0.0        0
DAYS MAX <= 32      0               0.8    -0.8        0
DAYS MIN <= 32     28              27.1     0.9       28
DAYS MIN <= 0       0               0.5    -0.5        1

PRECIPITATION (INCHES)
TOTALS           1.74              0.88    0.86     0.59
DAILY AVG.       0.06              0.03    0.03     0.02
DAYS >= .01         4                MM      MM        7
DAYS >= .10         4                MM      MM        2
DAYS >= .50         2                MM      MM        0
DAYS >= 1.00        0                MM      MM        0
GREATEST
 24 HR. TOTAL    0.70   02/22 TO 02/23              0.27

SNOWFALL (INCHES)
TOTALS             MM                MM      MM       MM
SINCE 7/1          MM                MM      MM       MM
SNOWDEPTH AVG.     MM                MM      MM       MM
DAYS >= 1.0        MM                MM      MM       MM
GREATEST
 SNOW DEPTH        MM                                 MM  MM
 24 HR TOTAL       MM                                 MM

DEGREE_DAYS
HEATING TOTAL     783               925    -142      828
 SINCE 7/1       4098              4730    -632     4584
COOLING TOTAL       0                 0       0        0
 SINCE 1/1          0                 0       0        0
.................................................................

WIND (MPH)
AVERAGE WIND SPEED              6.1
HIGHEST WIND SPEED/DIRECTION    26/360    DATE  02/16
HIGHEST GUST SPEED/DIRECTION    36/360    DATE  02/16

SKY COVER
POSSIBLE SUNSHINE (PERCENT)   MM
AVERAGE SKY COVER           0.20
NUMBER OF DAYS FAIR           21
NUMBER OF DAYS PC              2
NUMBER OF DAYS CLOUDY          5

AVERAGE RH (PERCENT)     62

WEATHER CONDITIONS. NUMBER OF DAYS WITH
THUNDERSTORM              0     MIXED PRECIP               0
HEAVY RAIN                0     RAIN                       0
LIGHT RAIN                3     FREEZING RAIN              0
LT FREEZING RAIN          0     HAIL                       0
HEAVY SNOW                4     SNOW                       4
LIGHT SNOW                7     SLEET                      0
FOG                       9     FOG W/VIS <= 1/4 MILE      6
HAZE                      2

-  INDICATES NEGATIVE NUMBERS.
R  INDICATES RECORD WAS SET OR TIED.
MM INDICATES DATA IS MISSING.
T  INDICATES TRACE AMOUNT.

$$
