000
CXUS54 KMRX 011742
CLMCHA


CLIMATE REPORT
NATIONAL WEATHER SERVICE MORRISTOWN TN
142 PM EDT SAT OCT 1 2016

...................................

...THE CHATTANOOGA  ASOS CLIMATE SUMMARY FOR THE MONTH OF SEPTEMBER 2016...

CLIMATE NORMAL PERIOD 1981 TO 2010
CLIMATE RECORD PERIOD 1879 TO 2016

WEATHER         OBSERVED          NORMAL  DEPART
                 VALUE   DATE(S)  VALUE   FROM
                                          NORMAL
................................................
TEMPERATURE (F)
HIGHEST            97   09/25
                        09/15
                        09/09
LOWEST             51   09/30
AVG. MAXIMUM     90.7              83.2     7.5
AVG. MINIMUM     66.6              61.8     4.8
MEAN             78.6              72.5     6.1
DAYS MAX >= 90     20
DAYS MAX <= 32      0
DAYS MIN <= 32      0
DAYS MIN <= 0       0

PRECIPITATION (INCHES)
RECORD
 MAXIMUM        14.18   1977
 MINIMUM         0.04   1919
TOTALS           1.63              4.04   -2.41
DAYS >= .01         4
DAYS >= .10         3
DAYS >= .50         1
DAYS >= 1.00        0
GREATEST
 24 HR. TOTAL    0.95   09/18 TO 09/18
                        09/17 TO 09/18
                        09/18 TO 09/18

SNOWFALL (INCHES)
TOTALS            0.0               0.0     0.0
SINCE 7/1         0.0
SNOWDEPTH AVG.      0
DAYS >= TRACE       0
GREATEST
 SNOW DEPTH         0   MM

DEGREE_DAYS
HEATING TOTAL       2                15     -13
 SINCE 7/1          2                15     -13
COOLING TOTAL     419               239     180
 SINCE 1/1       2328              1689     639
.................................................



-  INDICATES NEGATIVE NUMBERS.
R  INDICATES RECORD WAS SET OR TIED.
MM INDICATES DATA IS MISSING.
T  INDICATES TRACE AMOUNT.

$$
