000
CXUS55 KCYS 102019
CLMCHY


CLIMATE REPORT
NATIONAL WEATHER SERVICE CHEYENNE WY
218 PM MDT SUN JUL 10 2016

...................................

...THE CHEYENNE WY CLIMATE SUMMARY FOR THE MONTH OF JUNE 2016...

CLIMATE NORMAL PERIOD 1981 TO 2010
CLIMATE RECORD PERIOD 1871 TO 2016

WEATHER         OBSERVED          NORMAL  DEPART  LAST YEAR`S
                 VALUE   DATE(S)  VALUE   FROM    VALUE
                                          NORMAL
.............................................................
TEMPERATURE (F)
RECORD
 HIGH             100   06/23/1954
 LOW               25   06/02/1951
HIGHEST            95   06/21        74      21       90
LOWEST             43   06/01        48      -5       47
AVG. MAXIMUM     82.1              75.3     6.8     77.9
AVG. MINIMUM     52.5              48.9     3.6     53.5
MEAN             67.3              62.1     5.2     65.7
DAYS MAX >= 90      2               1.2     0.8        1
DAYS MAX <= 32      0               0.0     0.0        0
DAYS MIN <= 32      0               0.1    -0.1        0
DAYS MIN <= 0       0               0.0     0.0        0

PRECIPITATION (INCHES)
RECORD
 MAXIMUM         5.32   1955
 MINIMUM         0.07   1980
                        1879
TOTALS           2.08              2.34   -0.26     1.53
DAYS >= .01         8              11.4    -3.4       14
DAYS >= .10         5               5.5    -0.5        7
DAYS >= .50         1               1.5    -0.5        0
DAYS >= 1.00        1               0.4     0.6        0
GREATEST
 24 HR. TOTAL    1.49   06/11 TO 06/12

DEGREE_DAYS
HEATING TOTAL      26               134    -108       36
 SINCE 7/1       6493              7111    -618     6527
COOLING TOTAL     102                47      55       62
 SINCE 1/1        102                50      52       62

FREEZE DATES
RECORD
 EARLIEST     08/24/1910
 LATEST       06/19/1876
EARLIEST      11/01             09/24
LATEST        12/31             05/20
..............................................................

WIND (MPH)
AVERAGE WIND SPEED              9.8
HIGHEST WIND SPEED/DIRECTION    37/220    DATE  06/28
HIGHEST GUST SPEED/DIRECTION    50/220    DATE  06/28

SKY COVER
POSSIBLE SUNSHINE (PERCENT)   MM
AVERAGE SKY COVER           0.10
NUMBER OF DAYS FAIR           25
NUMBER OF DAYS PC              5
NUMBER OF DAYS CLOUDY          0

AVERAGE RH (PERCENT)     52

WEATHER CONDITIONS. NUMBER OF DAYS WITH
THUNDERSTORM              0     MIXED PRECIP               0
HEAVY RAIN                4     RAIN                       5
LIGHT RAIN               12     FREEZING RAIN              0
LT FREEZING RAIN          0     HAIL                       0
HEAVY SNOW                0     SNOW                       0
LIGHT SNOW                0     SLEET                      0
FOG                       5     FOG W/VIS <= 1/4 MILE      0
HAZE                      2

-  INDICATES NEGATIVE NUMBERS.
R  INDICATES RECORD WAS SET OR TIED.
MM INDICATES DATA IS MISSING.
T  INDICATES TRACE AMOUNT.
...................................

...THE DOUGLAS WY AIRPORT CLIMATE SUMMARY FOR THE MONTH OF JUNE 2016...

CLIMATE NORMAL PERIOD 1981 TO 2010
CLIMATE RECORD PERIOD 1998 TO 2016

WEATHER         OBSERVED          NORMAL  DEPART  LAST YEAR`S
                 VALUE   DATE(S)  VALUE   FROM    VALUE
                                          NORMAL
.............................................................
TEMPERATURE (F)
RECORD
 HIGH             102   06/26/2012
                        06/24/2012
                        06/23/2012
 LOW               29   06/08/2007
                        06/05/2001
HIGHEST            MM                MM      MM       92
LOWEST             MM                MM      MM       45
AVG. MAXIMUM       MM              79.7      MM     81.5
AVG. MINIMUM       MM              47.7      MM     52.1
MEAN               MM              63.7      MM     66.8
DAYS MAX >= 90     MM               5.2      MM        5
DAYS MAX <= 32     MM               0.0      MM        0
DAYS MIN <= 32     MM               0.2      MM        0
DAYS MIN <= 0      MM               0.0      MM        0

PRECIPITATION (INCHES)
RECORD
 MAXIMUM           MM   MM
 MINIMUM           MM   MM
TOTALS             MMR             1.91      MM     2.08
DAYS >= .01        MM                MM      MM       12
DAYS >= .10        MM                MM      MM        6
DAYS >= .50        MM                MM      MM        1
DAYS >= 1.00       MM                MM      MM        0
GREATEST
 24 HR. TOTAL      MM

DEGREE_DAYS
HEATING TOTAL      MM               110      MM       22
 SINCE 7/1      16621              7441    9180     6845
COOLING TOTAL      MM                71      MM       84
 SINCE 1/1         MM                77      MM       85

FREEZE DATES
RECORD
 EARLIEST     MM
 LATEST       MM
EARLIEST      08/23             MM
LATEST        05/18             MM
..............................................................

WIND (MPH)
AVERAGE WIND SPEED              MM
HIGHEST WIND SPEED/DIRECTION    MM        DATE   MM
HIGHEST GUST SPEED/DIRECTION    MM        DATE   MM

SKY COVER
POSSIBLE SUNSHINE (PERCENT)   MM
AVERAGE SKY COVER             MM
NUMBER OF DAYS FAIR          MM
NUMBER OF DAYS PC            MM
NUMBER OF DAYS CLOUDY        MM

AVERAGE RH (PERCENT)     MM

WEATHER CONDITIONS. NUMBER OF DAYS WITH
THUNDERSTORM            9984    MIXED PRECIP              MM
HEAVY RAIN               MM     RAIN                      MM
LIGHT RAIN               MM     FREEZING RAIN             MM
LT FREEZING RAIN         MM     HAIL                      MM
HEAVY SNOW               MM     SNOW                      MM
LIGHT SNOW               MM     SLEET                     MM
FOG                      MM     FOG W/VIS <= 1/4 MILE     MM
HAZE                     MM

-  INDICATES NEGATIVE NUMBERS.
R  INDICATES RECORD WAS SET OR TIED.
MM INDICATES DATA IS MISSING.
T  INDICATES TRACE AMOUNT.
...................................

...THE LARAMIE WY AIRPORT CLIMATE SUMMARY FOR THE MONTH OF JUNE 2016...

CLIMATE NORMAL PERIOD 1981 TO 2010
CLIMATE RECORD PERIOD 1948 TO 2016

WEATHER         OBSERVED          NORMAL  DEPART  LAST YEAR`S
                 VALUE   DATE(S)  VALUE   FROM    VALUE
                                          NORMAL
.............................................................
TEMPERATURE (F)
RECORD
 HIGH              94   06/23/1954
 LOW               22   06/04/1984
                        06/03/1954
HIGHEST            91   06/21        MM      MM       89
LOWEST             33   06/01        MM      MM       37
AVG. MAXIMUM     78.9              72.5     6.4     77.3
AVG. MINIMUM     45.0              41.9     3.1     45.1
MEAN             62.0              57.2     4.8     61.2
DAYS MAX >= 90      1               0.2     0.8        0
DAYS MAX <= 32      0               0.0     0.0        0
DAYS MIN <= 32      0               1.3    -1.3        0
DAYS MIN <= 0       0               0.0     0.0        0

PRECIPITATION (INCHES)
RECORD
 MAXIMUM         4.75   1991
 MINIMUM         0.24   2012
TOTALS           1.68              1.54    0.14     0.77
DAYS >= .01        11               8.5     2.5        9
DAYS >= .10         6               4.0     2.0        3
DAYS >= .50         1               0.7     0.3        0
DAYS >= 1.00        0               0.2    -0.2        0
GREATEST
 24 HR. TOTAL    0.62   06/06 TO 06/06
                        06/05 TO 06/06
                        06/06 TO 06/06

DEGREE_DAYS
HEATING TOTAL     107               241    -134      120
 SINCE 7/1       8379              8830    -451     8057
COOLING TOTAL      21                 7      14       14
 SINCE 1/1         21                 7      14       14

FREEZE DATES
RECORD
 EARLIEST     MM
 LATEST       MM
EARLIEST      04/01             MM
LATEST        05/26             MM
..............................................................

WIND (MPH)
AVERAGE WIND SPEED              10.2
HIGHEST WIND SPEED/DIRECTION    46/260    DATE  06/24
HIGHEST GUST SPEED/DIRECTION    59/260    DATE  06/24

SKY COVER
POSSIBLE SUNSHINE (PERCENT)   MM
AVERAGE SKY COVER           0.10
NUMBER OF DAYS FAIR           28
NUMBER OF DAYS PC              2
NUMBER OF DAYS CLOUDY          0

AVERAGE RH (PERCENT)     55

WEATHER CONDITIONS. NUMBER OF DAYS WITH
THUNDERSTORM              0     MIXED PRECIP               0
HEAVY RAIN                5     RAIN                       3
LIGHT RAIN               12     FREEZING RAIN              0
LT FREEZING RAIN          0     HAIL                       0
HEAVY SNOW                0     SNOW                       0
LIGHT SNOW                0     SLEET                      0
FOG                       3     FOG W/VIS <= 1/4 MILE      0
HAZE                      3

-  INDICATES NEGATIVE NUMBERS.
R  INDICATES RECORD WAS SET OR TIED.
MM INDICATES DATA IS MISSING.
T  INDICATES TRACE AMOUNT.
...................................

...THE RAWLINS WY AIRPORT CLIMATE SUMMARY FOR THE MONTH OF JUNE 2016...

CLIMATE NORMAL PERIOD 1981 TO 2010
CLIMATE RECORD PERIOD 1951 TO 2016

WEATHER         OBSERVED          NORMAL  DEPART  LAST YEAR`S
                 VALUE   DATE(S)  VALUE   FROM    VALUE
                                          NORMAL
.............................................................
TEMPERATURE (F)
RECORD
 HIGH              97   06/25/2012
                        06/23/1954
                        08/05/1979
 LOW               21   06/03/1951
HIGHEST            96   06/21        MM      MM       93
LOWEST             35   06/26        MM      MM       39
AVG. MAXIMUM     83.4              75.3     8.1     81.4
AVG. MINIMUM     45.2              43.3     1.9     47.8
MEAN             64.3              59.3     5.0     64.6
DAYS MAX >= 90      4               0.5     3.5        5
DAYS MAX <= 32      0               0.0     0.0        0
DAYS MIN <= 32      0               1.1    -1.1        0
DAYS MIN <= 0       0               0.0     0.0        0

PRECIPITATION (INCHES)
RECORD
 MAXIMUM         2.46   2010
 MINIMUM         0.00   1981
TOTALS           0.19              1.03   -0.84     1.01
DAYS >= .01         6               7.0    -1.0        6
DAYS >= .10         0               3.0    -3.0        4
DAYS >= .50         0               0.6    -0.6        1
DAYS >= 1.00        0               0.0     0.0        0
GREATEST
 24 HR. TOTAL    0.07   06/29 TO 06/30

DEGREE_DAYS
HEATING TOTAL      54               190    -136       66
 SINCE 7/1       7664              8393    -729     7328
COOLING TOTAL      41                19      22       61
 SINCE 1/1         41                19      22       61

FREEZE DATES
RECORD
 EARLIEST     MM
 LATEST       MM
EARLIEST      04/01             MM
LATEST        05/26             MM
..............................................................

WIND (MPH)
AVERAGE WIND SPEED              9.5
HIGHEST WIND SPEED/DIRECTION    43/240    DATE  06/24
HIGHEST GUST SPEED/DIRECTION    60/290    DATE  06/09

SKY COVER
POSSIBLE SUNSHINE (PERCENT)   MM
AVERAGE SKY COVER           0.10
NUMBER OF DAYS FAIR           28
NUMBER OF DAYS PC              2
NUMBER OF DAYS CLOUDY          0

AVERAGE RH (PERCENT)     41

WEATHER CONDITIONS. NUMBER OF DAYS WITH
THUNDERSTORM              0     MIXED PRECIP               0
HEAVY RAIN                0     RAIN                       3
LIGHT RAIN                8     FREEZING RAIN              0
LT FREEZING RAIN          0     HAIL                       0
HEAVY SNOW                0     SNOW                       0
LIGHT SNOW                0     SLEET                      0
FOG                       0     FOG W/VIS <= 1/4 MILE      0
HAZE                      4

-  INDICATES NEGATIVE NUMBERS.
R  INDICATES RECORD WAS SET OR TIED.
MM INDICATES DATA IS MISSING.
T  INDICATES TRACE AMOUNT.
...................................

...THE TORRINGTON WY AIRPORT CLIMATE SUMMARY FOR THE MONTH OF JUNE 2016...

CLIMATE NORMAL PERIOD 1981 TO 2010
CLIMATE RECORD PERIOD 1998 TO 2016

WEATHER         OBSERVED          NORMAL  DEPART  LAST YEAR`S
                 VALUE   DATE(S)  VALUE   FROM    VALUE
                                          NORMAL
.............................................................
TEMPERATURE (F)
RECORD
 HIGH             105   06/26/2012
 LOW               27   06/08/2007
HIGHEST           101   06/21        MM      MM       97
LOWEST             42   06/01        MM      MM       47
AVG. MAXIMUM     89.8              81.5     8.3     83.8
AVG. MINIMUM     54.8              51.2     3.6     55.5
MEAN             72.3              66.3     6.0     69.7
DAYS MAX >= 90     15               6.8     8.2        6
DAYS MAX <= 32      0               0.0     0.0        0
DAYS MIN <= 32      0               0.2    -0.2        0
DAYS MIN <= 0       0               0.0     0.0        0

PRECIPITATION (INCHES)
RECORD
 MAXIMUM           MM   MM
 MINIMUM           MM   MM
TOTALS           0.06              2.41   -2.35     2.54
DAYS >= .01         5                MM      MM        9
DAYS >= .10         0                MM      MM        5
DAYS >= .50         0                MM      MM        2
DAYS >= 1.00        0                MM      MM        1
GREATEST
 24 HR. TOTAL    0.03   06/23 TO 06/24

DEGREE_DAYS
HEATING TOTAL       7                75     -68        3
 SINCE 7/1       5892              6586    -694     6263
COOLING TOTAL     233               116     117      150
 SINCE 1/1        233               134      99      150

FREEZE DATES
RECORD
 EARLIEST     MM
 LATEST       MM
EARLIEST      05/02             MM
LATEST        05/17             MM
..............................................................

WIND (MPH)
AVERAGE WIND SPEED              8.6
HIGHEST WIND SPEED/DIRECTION    63/220    DATE  06/24
HIGHEST GUST SPEED/DIRECTION    89/220    DATE  06/24

SKY COVER
POSSIBLE SUNSHINE (PERCENT)   MM
AVERAGE SKY COVER           0.10
NUMBER OF DAYS FAIR           30
NUMBER OF DAYS PC              0
NUMBER OF DAYS CLOUDY          0

AVERAGE RH (PERCENT)     51

WEATHER CONDITIONS. NUMBER OF DAYS WITH
THUNDERSTORM              0     MIXED PRECIP               0
HEAVY RAIN                1     RAIN                       0
LIGHT RAIN                8     FREEZING RAIN              0
LT FREEZING RAIN          0     HAIL                       0
HEAVY SNOW                0     SNOW                       0
LIGHT SNOW                0     SLEET                      0
FOG                       2     FOG W/VIS <= 1/4 MILE      0
HAZE                      1

-  INDICATES NEGATIVE NUMBERS.
R  INDICATES RECORD WAS SET OR TIED.
MM INDICATES DATA IS MISSING.
T  INDICATES TRACE AMOUNT.

$$
