000
CXUS54 KHGX 012206
CLMCLL

CLIMATE REPORT NATIONAL WEATHER SERVICE HOUSTON/GALVESTON TX

359 PM CST WED FEB 1 2017

...................................

...THE COLLEGE STATION CLIMATE SUMMARY FOR THE MONTH OF JANUARY 2017...

CLIMATE NORMAL PERIOD 1981 TO 2010
CLIMATE RECORD PERIOD 1902 TO 2017

WEATHER         OBSERVED          NORMAL  DEPART  LAST YEAR`S
                 VALUE   DATE(S)  VALUE   FROM    VALUE  DATE(S)
                                          NORMAL
................................................................
TEMPERATURE (F)
RECORD
 HIGH              86   01/23/1972
                        01/30/1911
 LOW               -3   01/31/1949
HIGHEST            82   01/13                         80  01/31
LOWEST             17   01/07                         29  01/28
AVG. MAXIMUM     66.9              61.0     5.9     61.6
AVG. MINIMUM     46.9              41.2     5.7     40.2
MEAN             56.9              51.1     5.8     50.9
DAYS MAX >= 90      0               0.0     0.0        0
DAYS MAX <= 32      0               0.1    -0.1        0
DAYS MIN <= 32      3               4.9    -1.9        5
DAYS MIN <= 0       0               0.0     0.0        0

PRECIPITATION (INCHES)
RECORD
 MAXIMUM        15.60   1991
 MINIMUM         0.21   1936
TOTALS           3.74              3.24    0.50     1.30
DAILY AVG.       0.12              0.10    0.02     0.04
DAYS >= .01        10               8.4     1.6        8
DAYS >= .10         5               4.9     0.1        2
DAYS >= .50         4               1.9     2.1        1
DAYS >= 1.00        2               0.9     1.1        0
GREATEST
 24 HR. TOTAL    1.25   01/17 TO 01/18

SNOWFALL (INCHES)
RECORDS
 TOTAL              T   2014
TOTALS              TR                T     0.0      0.0
SINCE 7/1           T                 T     0.0      0.0
SNOWDEPTH AVG.      0                                  0
DAYS >= 1.0         0               0.1    -0.1        0
GREATEST
 SNOW DEPTH         0                                  0
 24 HR TOTAL        TR  01/06 TO 01/06

DEGREE_DAYS
HEATING TOTAL     278               442    -164      431
 SINCE 7/1        666              1078    -412      833
COOLING TOTAL      35                11      24        4
 SINCE 1/1         35                 0      35        4
.................................................................

WIND (MPH)
AVERAGE WIND SPEED              9.8
HIGHEST WIND SPEED/DIRECTION    36/300    DATE  01/22
HIGHEST GUST SPEED/DIRECTION    48/290    DATE  01/22

SKY COVER
AVERAGE SKY COVER           0.50

AVERAGE RH (PERCENT)     67

WEATHER CONDITIONS. NUMBER OF DAYS WITH
THUNDERSTORM              4     MIXED PRECIP               0
HEAVY RAIN                5     RAIN                       3
LIGHT RAIN               12     FREEZING RAIN              0
LT FREEZING RAIN          0     HAIL                       0
HEAVY SNOW                0     SNOW                       0
LIGHT SNOW                0     SLEET                      1
FOG                      13     FOG W/VIS <= 1/4 MILE      0
HAZE                      6

-  INDICATES NEGATIVE NUMBERS.
R  INDICATES RECORD WAS SET OR TIED.
MM INDICATES DATA IS MISSING.
T  INDICATES TRACE AMOUNT.

$$
