000
CXUS51 KILN 011208
CLMCMH


CLIMATE REPORT
NATIONAL WEATHER SERVICE WILMINGTON OH
807 AM EDT FRI APR 1 2016

...................................

...THE COLUMBUS CLIMATE SUMMARY FOR THE MONTH OF MARCH 2016...

CLIMATE NORMAL PERIOD 1981 TO 2010
CLIMATE RECORD PERIOD 1869 TO 2016

WEATHER         OBSERVED          NORMAL  DEPART  LAST YEAR`S
                 VALUE   DATE(S)  VALUE   FROM    VALUE  DATE(S)
                                          NORMAL
................................................................
TEMPERATURE (F)
RECORD
 HIGH              85   03/22/2012
                        03/21/2012
 LOW               -6   03/09/1984
HIGHEST            75   03/27        50      25       69  03/16
LOWEST             22   03/03        31      -9        4  03/06
                        03/02
AVG. MAXIMUM     57.8              51.1     6.7     47.6
AVG. MINIMUM     39.1              32.7     6.4     28.1
MEAN             48.5              41.9     6.6     37.9
DAYS MAX >= 90      0               0.0     0.0        0
DAYS MAX <= 32      0               1.8    -1.8        3
DAYS MIN <= 32      8              15.3    -7.3       18
DAYS MIN <= 0       0               0.0     0.0        0

PRECIPITATION (INCHES)
TOTALS           4.27              3.02    1.25     3.92
DAILY AVG.       0.14              0.10    0.04     0.13
DAYS >= .01        14              12.8     1.2       12
DAYS >= .10         9               7.1     1.9        9
DAYS >= .50         3               1.9     1.1        3
DAYS >= 1.00        0               0.4    -0.4        0
GREATEST
 24 HR. TOTAL    0.98   03/10 TO 03/10           03/14 TO 03/14
                        03/09 TO 03/10                    03/01 TO 03/01
                        03/10 TO 03/10                    03/01 TO 03/01
 STORM TOTAL       MM                                 MM
 (MM/DD(HH))            MM                    03/14(00) TO 03/14(00)
                                                 03/01(00) TO 03/01(00)1
                                                 03/01(00) TO 03/01(00)1

SNOWFALL (INCHES)
TOTALS            2.3               4.2    -1.9      5.4
SINCE 7/1        16.8              25.6    -8.8     33.4
DAYS >= TRACE       6               4.5     1.5        7
DAYS >= 1.0         1               1.1    -0.1        1
GREATEST
 24 HR TOTAL      1.5   03/04 TO 03/04           03/01 TO 03/01
                                                          03/01 TO 03/01
                                                          03/01 TO 03/01
 STORM TOTAL       MM                                 MM
 (MM/DD(HH))            MM                    03/01(00) TO 03/01(00)
                                                 03/01(00) TO 03/01(00)1
                                                 03/01(00) TO 03/01(00)1

DEGREE_DAYS
HEATING TOTAL     504               716    -212      834
 SINCE 7/1       3945              4711    -766     5388
COOLING TOTAL       0                 0       0        0
 SINCE 1/1          0                 0       0        0
..................................................

WIND (MPH)
AVERAGE WIND SPEED              8.8
RESULTANT WIND SPEED/DIRECTION   3/239
HIGHEST WIND SPEED/DIRECTION    38/220    DATE  03/14
HIGHEST GUST SPEED/DIRECTION    49/220    DATE  03/31

SKY COVER
AVERAGE SKY COVER           0.80

AVERAGE RH (PERCENT)     62

WEATHER CONDITIONS. NUMBER OF DAYS WITH
THUNDERSTORM              0     MIXED PRECIP               0
HEAVY RAIN                6     RAIN                       7
LIGHT RAIN               16     FREEZING RAIN              0
LT FREEZING RAIN          0     HAIL                       0
HEAVY SNOW                1     SNOW                       1
LIGHT SNOW                6     SLEET                      0
FOG                      15     FOG W/VIS <= 1/4 MILE      2
HAZE                      4

-  INDICATES NEGATIVE NUMBERS.
R  INDICATES RECORD WAS SET OR TIED.
MM INDICATES DATA IS MISSING.
T  INDICATES TRACE AMOUNT.

$$
