357
CXUS51 KILN 011016
CLMCMH


CLIMATE REPORT
NATIONAL WEATHER SERVICE WILMINGTON OH
510 AM EST MON FEB 1 2016

...................................

...THE COLUMBUS CLIMATE SUMMARY FOR THE MONTH OF JANUARY 2016...

CLIMATE NORMAL PERIOD 1981 TO 2010
CLIMATE RECORD PERIOD 1869 TO 2016

WEATHER         OBSERVED          NORMAL  DEPART  LAST YEAR`S
                 VALUE   DATE(S)  VALUE   FROM    VALUE  DATE(S)
                                          NORMAL
................................................................
TEMPERATURE (F)
RECORD
 HIGH              74   01/25/1950
 LOW              -22   01/19/1994
HIGHEST            60   01/31        36      24       59  01/03
LOWEST              2   01/13        20     -18       -6  01/08
AVG. MAXIMUM     36.7              36.5     0.2     33.8
AVG. MINIMUM     20.1              22.6    -2.5     18.1
MEAN             28.4              29.6    -1.2     26.0
DAYS MAX >= 90      0               0.0     0.0        0
DAYS MAX <= 32     14              10.8     3.2       12
DAYS MIN <= 32     28              23.9     4.1       29
DAYS MIN <= 0       0               1.4    -1.4        2

PRECIPITATION (INCHES)
TOTALS           1.12              2.73   -1.61     2.87
DAILY AVG.       0.04              0.09   -0.05     0.09
DAYS >= .01        11              14.0    -3.0       14
DAYS >= .10         4               6.0    -2.0        6
DAYS >= .50         0               1.4    -1.4        1
DAYS >= 1.00        0               0.4    -0.4        1
GREATEST
 24 HR. TOTAL    0.51   01/09 TO 01/10

SNOWFALL (INCHES)
TOTALS            5.4               9.2    -3.8      8.4
SINCE 7/1         5.4              15.3    -9.9     12.5
DAYS >= TRACE      13               9.1     3.9       16
DAYS >= 1.0         3               2.7     0.3        3
GREATEST
 24 HR TOTAL      2.4   01/12 TO 01/12

DEGREE_DAYS
HEATING TOTAL    1126              1101      25     1203
 SINCE 7/1       2555              3092    -537     3281
COOLING TOTAL       0                 0       0        0
 SINCE 1/1          0                 0       0        0
.......................................................

WIND (MPH)
AVERAGE WIND SPEED              8.9
RESULTANT WIND SPEED/DIRECTION   4/243
HIGHEST WIND SPEED/DIRECTION    35/290    DATE  01/10
HIGHEST GUST SPEED/DIRECTION    43/300    DATE  01/12

SKY COVER
AVERAGE SKY COVER           0.70

AVERAGE RH (PERCENT)     65

WEATHER CONDITIONS. NUMBER OF DAYS WITH
THUNDERSTORM              0     MIXED PRECIP               1
HEAVY RAIN                0     RAIN                       3
LIGHT RAIN                9     FREEZING RAIN              0
LT FREEZING RAIN          0     HAIL                       0
HEAVY SNOW                1     SNOW                       2
LIGHT SNOW               13     SLEET                      0
FOG                       7     FOG W/VIS <= 1/4 MILE      1
HAZE                      8

-  INDICATES NEGATIVE NUMBERS.
R  INDICATES RECORD WAS SET OR TIED.
MM INDICATES DATA IS MISSING.
T  INDICATES TRACE AMOUNT.

$$
