000
CXUS55 KPUB 011627
CLMCOS


CLIMATE REPORT
NATIONAL WEATHER SERVICE PUEBLO
1026 AM MDT MON MAY 1 2017

...................................

...THE COLORADO SPRINGS CO CLIMATE SUMMARY FOR THE MONTH OF APRIL 2017...

CLIMATE NORMAL PERIOD 1981 TO 2010
CLIMATE RECORD PERIOD 1872 TO 2017

WEATHER         OBSERVED          NORMAL  DEPART  LAST YEAR`S
                 VALUE   DATE(S)  VALUE   FROM    VALUE  DATE(S)
                                          NORMAL
................................................................
TEMPERATURE (F)
RECORD
 HIGH              87   04/30/1992
 LOW               -3   04/10/1959
HIGHEST            80   04/14        63      17       78  04/23
LOWEST             22   04/05        28      -6       20  04/01
AVG. MAXIMUM     61.1              59.8     1.3     59.4
AVG. MINIMUM     36.5              33.3     3.2     34.0
MEAN             48.8              46.5     2.3     46.7
DAYS MAX >= 90      0               0.0     0.0
DAYS MAX <= 32      0               0.5    -0.5
DAYS MIN <= 32     11              12.7    -1.7
DAYS MIN <= 0       0               0.0     0.0

PRECIPITATION (INCHES)
RECORD
 MAXIMUM         7.50   1999
 MINIMUM         0.01   1964
TOTALS           2.14              1.42    0.72     2.28
DAILY AVG.       0.07              0.05    0.02
DAYS >= .01        11               8.3     2.7
DAYS >= .10         7               3.5     3.5
DAYS >= .50         2               0.6     1.4
DAYS >= 1.00        0               0.1    -0.1
GREATEST
 24 HR. TOTAL    0.85   04/20 TO 04/21              0.97

SNOWFALL (INCHES)
RECORDS
 TOTAL           42.7   1957
TOTALS            9.7               4.9     4.8     13.1
SINCE 7/1        25.1              37.0   -11.9     50.7
SNOWDEPTH AVG.      0
DAYS >= 1.0         2               1.4     0.6
GREATEST
 SNOW DEPTH         5   04/04                          5
 24 HR TOTAL      5.5   04/03 TO 04/04               6.6

DEGREE_DAYS
HEATING TOTAL     481               554     -73      543
 SINCE 7/1       4794              5922   -1128     5156
COOLING TOTAL       0                 1      -1        0
 SINCE 1/1          0                 1      -1        0
.................................................................

WIND (MPH)
AVERAGE WIND SPEED              11.2
HIGHEST WIND SPEED/DIRECTION    37/270    DATE  04/19
HIGHEST GUST SPEED/DIRECTION    47/350    DATE  04/29

SKY COVER
POSSIBLE SUNSHINE (PERCENT)   MM
AVERAGE SKY COVER           0.60
NUMBER OF DAYS FAIR            5
NUMBER OF DAYS PC             19
NUMBER OF DAYS CLOUDY          6

AVERAGE RH (PERCENT)     52

WEATHER CONDITIONS. NUMBER OF DAYS WITH
THUNDERSTORM              4     MIXED PRECIP               0
HEAVY RAIN                2     RAIN                       3
LIGHT RAIN               10     FREEZING RAIN              0
LT FREEZING RAIN          0     HAIL                       0
HEAVY SNOW                1     SNOW                       2
LIGHT SNOW                7     SLEET                      1
FOG                      11     FOG W/VIS <= 1/4 MILE      2
HAZE                      3

-  INDICATES NEGATIVE NUMBERS.
R  INDICATES RECORD WAS SET OR TIED.
MM INDICATES DATA IS MISSING.
T  INDICATES TRACE AMOUNT.

$$
