000
CXUS52 KILM 021006
CLMCRE


CLIMATE REPORT
NATIONAL WEATHER SERVICE WILMINGTON NC
504 AM EST MON MAR 2 2015

...................................

...THE NORTH MYRTLE BEACH SC CLIMATE SUMMARY FOR THE MONTH OF FEBRUARY 2015...

CLIMATE NORMAL PERIOD 1981 TO 2010
CLIMATE RECORD PERIOD 1949 TO 2015

WEATHER         OBSERVED          NORMAL  DEPART  LAST YEAR`S
                 VALUE   DATE(S)  VALUE   FROM    VALUE  DATE(S)
                                          NORMAL
................................................................
TEMPERATURE (F)
RECORD
 HIGH              82   02/27/1996
 LOW               11   02/05/1996
HIGHEST            67   02/12                         69  02/18
                        02/09
LOWEST             15   02/20                         29  02/12
                                                          02/01
AVG. MAXIMUM     52.0              57.4    -5.4     56.1
AVG. MINIMUM     31.3              38.6    -7.3     37.6
MEAN             41.7              48.0    -6.3     46.9
DAYS MAX >= 90      0               0.0     0.0        0
DAYS MAX <= 32      0               0.0     0.0        0
DAYS MIN <= 32     18               5.6    12.4        8
DAYS MIN <= 0       0               0.0     0.0        0

PRECIPITATION (INCHES)
TOTALS           3.07              3.42   -0.35     2.31
DAILY AVG.       0.11              0.12   -0.01     0.08
DAYS >= .01        11                                 11
DAYS >= .10         9                                  6
DAYS >= .50         2                                  1
DAYS >= 1.00        0                                  0
GREATEST
 24 HR. TOTAL    1.38   02/25 TO 02/26

DEGREE_DAYS
HEATING TOTAL     645               476     169      501
COOLING TOTAL       0                 0       0        0
....................................................

WIND (MPH)
AVERAGE WIND SPEED              8.4
RESULTANT WIND SPEED/DIRECTION   2/332
HIGHEST WIND SPEED/DIRECTION    29/270    DATE  02/02
HIGHEST GUST SPEED/DIRECTION    43/270    DATE  02/02

SKY COVER
POSSIBLE SUNSHINE (PERCENT)   MM
AVERAGE SKY COVER           0.40
NUMBER OF DAYS FAIR           16
NUMBER OF DAYS PC              7
NUMBER OF DAYS CLOUDY          5

AVERAGE RH (PERCENT)     66

WEATHER CONDITIONS. NUMBER OF DAYS WITH
THUNDERSTORM              0     MIXED PRECIP              MM
HEAVY RAIN                4     RAIN                       9
LIGHT RAIN               13     FREEZING RAIN              1
LT FREEZING RAIN          2     HAIL                       0
HEAVY SNOW                0     SNOW                       0
LIGHT SNOW                1     SLEET                     MM
FOG                      14     FOG W/VIS <= 1/4 MILE      2
HAZE                      3

-  INDICATES NEGATIVE NUMBERS.
R  INDICATES RECORD WAS SET OR TIED.
MM INDICATES DATA IS MISSING.
T  INDICATES TRACE AMOUNT.

$$
