055
CXUS54 KCRP 011810
CLMCRP

CLIMATE REPORT
NATIONAL WEATHER SERVICE CORPUS CHRISTI TX
1140 AM CST MON FEB 1 2016

...................................

...THE CORPUS CHRISTI CLIMATE SUMMARY FOR THE MONTH OF JANUARY 2016...

CLIMATE NORMAL PERIOD 1981 TO 2010
CLIMATE RECORD PERIOD 1887 TO 2016

WEATHER         OBSERVED          NORMAL  DEPART  LAST YEAR`S
                 VALUE   DATE(S)  VALUE   FROM    VALUE  DATE(S)
                                          NORMAL
................................................................
TEMPERATURE (F)
RECORD
 HIGH              91   01/29/2013
                        01/30/1971
 LOW               14   01/12/1962
                        01/18/1930
HIGHEST            88   01/31        66      22       82  01/27
LOWEST             32   01/28        47     -15       35  01/24
                                                          01/10
                                                          01/08
AVG. MAXIMUM     67.5              66.9     0.6     61.7
AVG. MINIMUM     45.3              47.2    -1.9     42.8
MEAN             56.4              57.1    -0.7     52.3
DAYS MAX >= 90      0               0.0     0.0        0
DAYS MAX <= 32      0               0.0     0.0        0
DAYS MIN <= 32      1               1.5    -0.5        0
DAYS MIN <= 0       0               0.0     0.0        0

PRECIPITATION (INCHES)
RECORD
 MAXIMUM        10.78   1958
 MINIMUM            T   1909
TOTALS           2.08              1.54    0.54     2.04
DAILY AVG.       0.07              0.05    0.02     0.07
DAYS >= .01         5               7.1    -2.1       11
DAYS >= .10         3               3.2    -0.2        4
DAYS >= .50         2               0.8     1.2        2
DAYS >= 1.00        1               0.3     0.7        0
GREATEST
 24 HR. TOTAL    1.29   01/01 TO 01/02              0.97

SNOWFALL (INCHES)
RECORDS
 TOTAL            3.0   1897
 24 HR TOTAL      3.0   01/29/1897 TO 01/29/1897
TOTALS            0.0               0.0     0.0      0.0
SINCE 7/1         0.0               0.2    -0.2      0.0
SNOWDEPTH AVG.      0                MM      MM        0
DAYS >= 1.0         0               0.0     0.0        0
GREATEST
 SNOW DEPTH         0   MM                             0
 24 HR TOTAL      0.0   MM                           0.0

DEGREE_DAYS
HEATING TOTAL     273               276      -3      391
 SINCE 7/1        506               627    -121      706
COOLING TOTAL      13                30     -17        3
 SINCE 1/1         13                31     -18        3
.................................................................

WIND (MPH)
AVERAGE WIND SPEED              11.0
HIGHEST WIND SPEED/DIRECTION    39/350    DATE  01/16
HIGHEST GUST SPEED/DIRECTION    52/350    DATE  01/16

SKY COVER
AVERAGE SKY COVER           0.50

AVERAGE RH (PERCENT)     70

WEATHER CONDITIONS. NUMBER OF DAYS WITH
THUNDERSTORM              1     MIXED PRECIP               0
HEAVY RAIN                3     RAIN                       3
LIGHT RAIN               10     FREEZING RAIN              0
LT FREEZING RAIN          0     HAIL                       0
HEAVY SNOW                0     SNOW                       0
LIGHT SNOW                0     SLEET                      0
FOG                      14     FOG W/VIS <= 1/4 MILE      7
HAZE                      1

-  INDICATES NEGATIVE NUMBERS.
R  INDICATES RECORD WAS SET OR TIED.
MM INDICATES DATA IS MISSING.
T  INDICATES TRACE AMOUNT.

$$

ANM
