000
CXUS54 KCRP 012128
CLMCRP

CLIMATE REPORT
NATIONAL WEATHER SERVICE CORPUS CHRISTI TX
412 PM CDT MON JUN 1 2015

...................................

...THE CORPUS CHRISTI CLIMATE SUMMARY FOR THE MONTH OF MAY 2015...

CLIMATE NORMAL PERIOD 1981 TO 2010
CLIMATE RECORD PERIOD 1887 TO 2015

WEATHER         OBSERVED          NORMAL  DEPART  LAST YEAR`S
                 VALUE   DATE(S)  VALUE   FROM    VALUE  DATE(S)
                                          NORMAL
................................................................
TEMPERATURE (F)
RECORD
 HIGH             103   05/10/2006
                        05/03/1984
 LOW               44   05/19/1888
HIGHEST            88   05/30        86       2       95  05/31
                        05/29
                        05/28
LOWEST             58   05/01        70     -12       53  05/15
                                                          05/03
AVG. MAXIMUM     85.2              86.6    -1.4     85.9
AVG. MINIMUM     73.0              70.0     3.0     67.0
MEAN             79.1              78.3     0.8     76.5
DAYS MAX >= 90      0               6.2    -6.2        8
DAYS MAX <= 32      0               0.0     0.0        0
DAYS MIN <= 32      0               0.0     0.0        0
DAYS MIN <= 0       0               0.0     0.0        0

PRECIPITATION (INCHES)
RECORD
 MAXIMUM        10.44   1941
 MINIMUM         0.00   1998
TOTALS          14.32R             3.07   11.25     4.04
DAILY AVG.       0.46              0.10    0.36     0.13
DAYS >= .01        10               6.0     4.0        8
DAYS >= .10         9               4.0     5.0        3
DAYS >= .50         6               1.8     4.2        2
DAYS >= 1.00        4               1.1     2.9        2
GREATEST
 24 HR. TOTAL    4.81   05/11 TO 05/12              2.32

SNOWFALL (INCHES)
RECORDS
 TOTAL            0.0   MM
 24 HR TOTAL      0.0   MM
TOTALS            0.0               0.0     0.0      0.0
SINCE 7/1         0.0               0.2    -0.2        T
SNOWDEPTH AVG.      0                MM      MM        0
DAYS >= 1.0         0               0.0     0.0        0
GREATEST
 SNOW DEPTH         0   MM                             0
 24 HR TOTAL      0.0   MM                           0.0

DEGREE_DAYS
HEATING TOTAL       0                 0       0        0
 SINCE 7/1       1053               898     155     1145
COOLING TOTAL     446               413      33      360
 SINCE 1/1        830               841     -11      806
.................................................................

WIND (MPH)
AVERAGE WIND SPEED              14.7
HIGHEST WIND SPEED/DIRECTION    45/020    DATE  05/12
HIGHEST GUST SPEED/DIRECTION    59/010    DATE  05/12

SKY COVER
AVERAGE SKY COVER           0.80

AVERAGE RH (PERCENT)     79

WEATHER CONDITIONS. NUMBER OF DAYS WITH
THUNDERSTORM             11     MIXED PRECIP               0
HEAVY RAIN                7     RAIN                       8
LIGHT RAIN               15     FREEZING RAIN              0
LT FREEZING RAIN          0     HAIL                       0
HEAVY SNOW                0     SNOW                       0
LIGHT SNOW                0     SLEET                      0
FOG                      15     FOG W/VIS <= 1/4 MILE      0
HAZE                      5

-  INDICATES NEGATIVE NUMBERS.
R  INDICATES RECORD WAS SET OR TIED.
MM INDICATES DATA IS MISSING.
T  INDICATES TRACE AMOUNT.

$$

88
