000
CXUS42 KFFC 011637
CLMCSG


CLIMATE REPORT
NATIONAL WEATHER SERVICE PEACHTREE CITY GA
1136 AM EST SUN JAN 1 2017

...................................

...THE COLUMBUS CLIMATE SUMMARY FOR THE MONTH OF DECEMBER 2016...

CLIMATE NORMAL PERIOD 1981 TO 2010
CLIMATE RECORD PERIOD 1948 TO 2016

WEATHER         OBSERVED          NORMAL  DEPART  LAST YEAR`S
                 VALUE   DATE(S)  VALUE   FROM    VALUE  DATE(S)
                                          NORMAL
................................................................
TEMPERATURE (F)
RECORD
 HIGH              82   12/05/1977
                        12/16/1971
 LOW                4   12/13/1962
HIGHEST            77   12/25        69       8       79  12/27
LOWEST             29   12/10        31      -2       29  12/19
AVG. MAXIMUM     61.9              59.3     2.6     68.3
AVG. MINIMUM     43.1              38.9     4.2     49.9
MEAN             52.5              49.1     3.4     59.1
DAYS MAX >= 90      0               0.0     0.0        0
DAYS MAX <= 32      0               0.1    -0.1        0
DAYS MIN <= 32      4               8.0    -4.0        2
DAYS MIN <= 0       0               0.0     0.0        0

PRECIPITATION (INCHES)
RECORD
 MAXIMUM        17.38   2015
 MINIMUM         0.43   1955
TOTALS           4.37              4.27    0.10    17.38
DAILY AVG.       0.14              0.14    0.00     0.56
DAYS >= .01        12               9.2     2.8       15
DAYS >= .10         9               6.3     2.7       13
DAYS >= .50         3               2.9     0.1       10
DAYS >= 1.00        2               1.3     0.7        8
GREATEST
 24 HR. TOTAL    1.38   12/05 TO 12/06           12/24 TO 12/25
                                                          12/31 TO 12/31
                                                          12/31 TO 12/31

SNOWFALL (INCHES)
RECORDS
 TOTAL            9.0   2004
 24 HR TOTAL      9.0   12/22/2004 TO 12/22/2004
TOTALS            0.0               0.1    -0.1      0.0
SINCE 7/1         0.0               0.1    -0.1      0.0
SNOWDEPTH AVG.      0                MM      MM        0
DAYS >= TRACE       0               0.2    -0.2        0
DAYS >= 1.0         0               0.1    -0.1        0
GREATEST
 24 HR TOTAL      0.0   12/31 TO 12/31           12/31 TO 12/31
                                                          12/31 TO 12/31
                                                          12/31 TO 12/31

DEGREE_DAYS
HEATING TOTAL     387               497    -110      209
 SINCE 7/1        574               829    -255      405
COOLING TOTAL       5                 4       1       34
 SINCE 1/1       2760              2368     392     2523
..................................................

WIND (MPH)
AVERAGE WIND SPEED              5.9
HIGHEST WIND SPEED/DIRECTION    29/340    DATE  12/29
HIGHEST GUST SPEED/DIRECTION    38/330    DATE  12/29

SKY COVER
POSSIBLE SUNSHINE (PERCENT)   MM
AVERAGE SKY COVER           0.50
NUMBER OF DAYS FAIR           12
NUMBER OF DAYS PC              6
NUMBER OF DAYS CLOUDY         13

AVERAGE RH (PERCENT)     68

WEATHER CONDITIONS. NUMBER OF DAYS WITH
THUNDERSTORM              0     MIXED PRECIP               0
HEAVY RAIN                5     RAIN                       6
LIGHT RAIN               12     FREEZING RAIN              0
LT FREEZING RAIN          0     HAIL                       0
HEAVY SNOW                0     SNOW                       0
LIGHT SNOW                0     SLEET                      0
FOG                      15     FOG W/VIS <= 1/4 MILE      1
HAZE                      2

-  INDICATES NEGATIVE NUMBERS.
R  INDICATES RECORD WAS SET OR TIED.
MM INDICATES DATA IS MISSING.
T  INDICATES TRACE AMOUNT.

$$
