491
CXUS53 KUNR 011610
CLMCUT


CLIMATE REPORT
NATIONAL WEATHER SERVICE RAPID CITY SD
1010 AM MDT WED NOV 1 2017

...................................

...THE CUSTER COUNTY AIRPORT SD CLIMATE SUMMARY FOR THE MONTH OF OCTOBER 2017...

CLIMATE NORMAL PERIOD 1981 TO 2010
CLIMATE RECORD PERIOD 9999 TO 9999

WEATHER         OBSERVED          NORMAL  DEPART  LAST YEAR`S
                 VALUE   DATE(S)  VALUE   FROM    VALUE  DATE(S)
                                          NORMAL
................................................................
TEMPERATURE (F)
HIGHEST            72   10/20                         76  10/01
                        10/19
LOWEST              8R  10/31                         19  10/12
                        10/30
AVG. MAXIMUM     54.1              54.4    -0.3     61.2
AVG. MINIMUM     29.9              30.9    -1.0     36.6
MEAN             42.0              42.7    -0.7     48.9
DAYS MAX >= 90      0                                  0
DAYS MAX <= 32      1                                  0
DAYS MIN <= 32     19                                 10
DAYS MIN <= 0       0                                  0

PRECIPITATION (INCHES)
TOTALS           0.76              1.47   -0.71     0.54
DAILY AVG.       0.02              0.05   -0.03     0.02
DAYS >= .01         6                                  5
DAYS >= .10         4                                  1
DAYS >= .50         0                                  0
DAYS >= 1.00        0                                  0
GREATEST
 24 HR. TOTAL    0.24   10/14 TO 10/14              0.43

DEGREE_DAYS
HEATING TOTAL     705               693      12      495
 SINCE 7/1       1090              1179     -89      885
COOLING TOTAL       0                 0       0        0
 SINCE 1/1        235               177      58      259
.................................................................

WIND (MPH)
AVERAGE WIND SPEED              7.3
HIGHEST WIND SPEED/DIRECTION    26/290    DATE  10/21
HIGHEST GUST SPEED/DIRECTION    41/280    DATE  10/21

AVERAGE RH (PERCENT)     51

WEATHER CONDITIONS. NUMBER OF DAYS WITH
THUNDERSTORM              0     MIXED PRECIP               0
HEAVY RAIN                1     RAIN                       0
LIGHT RAIN               10     FREEZING RAIN              0
LT FREEZING RAIN          0     HAIL                       0
HEAVY SNOW                0     SNOW                       1
LIGHT SNOW                7     SLEET                      0
FOG                       8     FOG W/VIS <= 1/4 MILE      5
HAZE                      1

-  INDICATES NEGATIVE NUMBERS.
R  INDICATES RECORD WAS SET OR TIED.
MM INDICATES DATA IS MISSING.
T  INDICATES TRACE AMOUNT.

$$
