000
CXUS51 KILN 011318
CLMCVG


CLIMATE REPORT
NATIONAL WEATHER SERVICE WILMINGTON OH
817 AM EST FRI DEC 1 2017

...................................

...THE CINCINNATI CLIMATE SUMMARY FOR THE MONTH OF NOVEMBER 2017...

CLIMATE NORMAL PERIOD 1981 TO 2010
CLIMATE RECORD PERIOD 1869 TO 2017

WEATHER         OBSERVED          NORMAL  DEPART  LAST YEAR`S
                 VALUE   DATE(S)  VALUE   FROM    VALUE  DATE(S)
                                          NORMAL
................................................................
TEMPERATURE (F)
RECORD
 HIGH              82   11/01/2016
 LOW                0   11/25/1950
HIGHEST            75   11/05        53      22       82  11/01
LOWEST             22   11/23        35     -13       24  11/22
                        11/20                             11/13
AVG. MAXIMUM     54.1              54.0     0.1     58.7
AVG. MINIMUM     36.2              36.2     0.0     37.0
MEAN             45.2              45.1     0.1     47.9
DAYS MAX >= 90      0               0.0     0.0        0
DAYS MAX <= 32      0               0.5    -0.5        0
DAYS MIN <= 32     10              11.0    -1.0       11
DAYS MIN <= 0       0               0.0     0.0        0

PRECIPITATION (INCHES)
TOTALS           4.06              3.43    0.63     1.51
DAILY AVG.       0.14              0.11    0.03     0.05
DAYS >= .01        12              10.6     1.4        7
DAYS >= .10         8               6.7     1.3        4
DAYS >= .50         4               2.5     1.5        1
DAYS >= 1.00        0               0.7    -0.7        0
GREATEST
 24 HR. TOTAL    0.91   11/06 TO 11/06           11/28 TO 11/28
                                                          11/19 TO 11/19
                                                          11/19 TO 11/19
 STORM TOTAL       MM                                 MM
 (MM/DD(HH))            MM                    11/28(00) TO 11/28(00)
                                                 11/19(00) TO 11/19(00)9
                                                 11/19(00) TO 11/19(00)9

SNOWFALL (INCHES)
TOTALS            0.0               0.4    -0.4        T
SINCE 7/1           T               0.8    -0.8        T
DAYS >= TRACE       0               0.8    -0.8        1
DAYS >= 1.0         0               0.1    -0.1        0
GREATEST
 24 HR TOTAL      0.0   11/30 TO 11/30           11/19 TO 11/19
                                                          11/19 TO 11/19
                                                          11/19 TO 11/19
 STORM TOTAL       MM                                 MM
 (MM/DD(HH))            MM                    11/19(00) TO 11/19(00)
                                                 11/19(00) TO 11/19(00)9
                                                 11/19(00) TO 11/19(00)9

DEGREE_DAYS
HEATING TOTAL     591               598      -7      513
 SINCE 7/1        891               960     -69      682
COOLING TOTAL       3                 0       3        6
 SINCE 1/1       1111              1121     -10     1477
..........................................................

WIND (MPH)
AVERAGE WIND SPEED              9.1
RESULTANT WIND SPEED/DIRECTION   2/200
HIGHEST WIND SPEED/DIRECTION    35/200    DATE  11/18
HIGHEST GUST SPEED/DIRECTION    50/190    DATE  11/18

SKY COVER
AVERAGE SKY COVER           0.60

AVERAGE RH (PERCENT)     74

WEATHER CONDITIONS. NUMBER OF DAYS WITH
THUNDERSTORM              0     MIXED PRECIP               0
HEAVY RAIN                5     RAIN                       6
LIGHT RAIN               13     FREEZING RAIN              0
LT FREEZING RAIN          0     HAIL                       0
HEAVY SNOW                0     SNOW                       0
LIGHT SNOW                0     SLEET                      0
FOG                      16     FOG W/VIS <= 1/4 MILE      1
HAZE                      2

-  INDICATES NEGATIVE NUMBERS.
R  INDICATES RECORD WAS SET OR TIED.
MM INDICATES DATA IS MISSING.
T  INDICATES TRACE AMOUNT.

$$
