000
CXUS51 KILN 011318
CLMDAY


CLIMATE REPORT
NATIONAL WEATHER SERVICE WILMINGTON OH
817 AM EST FRI DEC 1 2017

...................................

...THE DAYTON CLIMATE SUMMARY FOR THE MONTH OF NOVEMBER 2017...

CLIMATE NORMAL PERIOD 1981 TO 2010
CLIMATE RECORD PERIOD 1869 TO 2017

WEATHER         OBSERVED          NORMAL  DEPART  LAST YEAR`S
                 VALUE   DATE(S)  VALUE   FROM    VALUE  DATE(S)
                                          NORMAL
................................................................
TEMPERATURE (F)
RECORD
 HIGH              79   11/01/2016
                        11/09/1975
                        07/21/1934
 LOW               -2   11/30/1958
HIGHEST            71   11/05        51      20       79  11/01
LOWEST             21   11/11        34     -13       24  11/22
AVG. MAXIMUM     51.5              51.1     0.4     57.4
AVG. MINIMUM     33.9              34.6    -0.7     37.1
MEAN             42.7              42.8    -0.1     47.2
DAYS MAX >= 90      0               0.0     0.0        0
DAYS MAX <= 32      1               1.2    -0.2        0
DAYS MIN <= 32     13              12.4     0.6        8
DAYS MIN <= 0       0               0.0     0.0        0

PRECIPITATION (INCHES)
TOTALS           6.02              3.39    2.63     1.08
DAILY AVG.       0.20              0.11    0.09     0.04
DAYS >= .01         9              11.5    -2.5        5
DAYS >= .10         6               6.7    -0.7        2
DAYS >= .50         3               2.1     0.9        1
DAYS >= 1.00        1               0.9     0.1        0
GREATEST
 24 HR. TOTAL    3.57   11/05 TO 11/05           11/28 TO 11/28
                                                          11/19 TO 11/19
                                                          11/19 TO 11/19
 STORM TOTAL       MM                                 MM
 (MM/DD(HH))            MM                    11/28(00) TO 11/28(00)
                                                 11/19(00) TO 11/19(00)9
                                                 11/19(00) TO 11/19(00)9

SNOWFALL (INCHES)
TOTALS              T               0.6    -0.6        T
SINCE 7/1           T               1.0    -1.0        T
DAYS >= TRACE       2               1.1     0.9        1
DAYS >= 1.0         0               0.2    -0.2        0
GREATEST
 24 HR TOTAL        T   11/21 TO 11/21           11/19 TO 11/19
                                                          11/19 TO 11/19
                                                          11/19 TO 11/19
 STORM TOTAL       MM                                 MM
 (MM/DD(HH))            MM                    11/19(00) TO 11/19(00)
                                                 11/19(00) TO 11/19(00)9
                                                 11/19(00) TO 11/19(00)9

DEGREE_DAYS
HEATING TOTAL     662               664      -2      532
 SINCE 7/1       1007              1111    -104      773
COOLING TOTAL       0                 0       0        5
 SINCE 1/1        899               891       8     1247
..........................................................

WIND (MPH)
AVERAGE WIND SPEED              10.8
RESULTANT WIND SPEED/DIRECTION   3/213
HIGHEST WIND SPEED/DIRECTION    31/320    DATE  11/18
HIGHEST GUST SPEED/DIRECTION    40/330    DATE  11/18

SKY COVER
AVERAGE SKY COVER           0.60

AVERAGE RH (PERCENT)     75

WEATHER CONDITIONS. NUMBER OF DAYS WITH
THUNDERSTORM              0     MIXED PRECIP               0
HEAVY RAIN                3     RAIN                       6
LIGHT RAIN               15     FREEZING RAIN              0
LT FREEZING RAIN          0     HAIL                       0
HEAVY SNOW                0     SNOW                       0
LIGHT SNOW                2     SLEET                      0
FOG                      14     FOG W/VIS <= 1/4 MILE      0
HAZE                      2

-  INDICATES NEGATIVE NUMBERS.
R  INDICATES RECORD WAS SET OR TIED.
MM INDICATES DATA IS MISSING.
T  INDICATES TRACE AMOUNT.

$$
