000
CXUS53 KDVN 012100
CLMDBQ


CLIMATE REPORT
NATIONAL WEATHER SERVICE QUAD CITIES IA IL
400 PM CDT TUE JUL 1 2014

...................................

...THE DUBUQUE CLIMATE SUMMARY FOR THE MONTH OF JUNE 2014...

CLIMATE NORMAL PERIOD 1981 TO 2010
CLIMATE RECORD PERIOD 1873 TO 2014

WEATHER         OBSERVED          NORMAL  DEPART
                 VALUE   DATE(S)  VALUE   FROM
                                          NORMAL
................................................
TEMPERATURE (F)
RECORD
 HIGH             104   06/28/1934
 LOW               36   06/11/1972
HIGHEST            84   06/17        81       3
                        06/16
                        06/01
LOWEST             50   06/13        54      -4
AVG. MAXIMUM     78.6              78.5     0.1
AVG. MINIMUM     60.5              58.1     2.4
MEAN             69.6              68.3     1.3
DAYS MAX >= 90      0               1.2    -1.2
DAYS MAX <= 32      0               0.0     0.0
DAYS MIN <= 32      0               0.0     0.0
DAYS MIN <= 0       0               0.0     0.0

PRECIPITATION (INCHES)
RECORD
 MAXIMUM        14.16   1892
 MINIMUM         0.70   1988
TOTALS          12.57              4.40    8.17
DAILY AVG.       0.42              0.15    0.27
DAYS >= .01        15              11.3     3.7
DAYS >= .10        11
DAYS >= .50         8
DAYS >= 1.00        4               1.2     2.8
GREATEST
 24 HR. TOTAL    4.73   06/18 TO 06/19

SNOWFALL (INCHES)
RECORDS
 TOTAL             MM   MM
TOTALS            0.0               0.0     0.0
SINCE 7/1        63.3              41.9    21.4
SNOWDEPTH AVG.      0
DAYS >= TRACE       0               0.0     0.0
DAYS >= 1.0         0               0.0     0.0
GREATEST
 SNOW DEPTH         0   MM
 24 HR TOTAL      0.0   MM

DEGREE_DAYS
HEATING TOTAL      10                40     -30
 SINCE 7/1       8334              7086    1248
COOLING TOTAL     154               139      15
 SINCE 1/1        208               176      32
.................................................

WIND (MPH)
AVERAGE WIND SPEED              9.2
HIGHEST WIND SPEED/DIRECTION    37/280    DATE  06/30
HIGHEST GUST SPEED/DIRECTION    50/290    DATE  06/30

SKY COVER
POSSIBLE SUNSHINE (PERCENT)   MM
AVERAGE SKY COVER           0.40
NUMBER OF DAYS FAIR           13
NUMBER OF DAYS PC             16
NUMBER OF DAYS CLOUDY          1

AVERAGE RH (PERCENT)     75

WEATHER CONDITIONS. NUMBER OF DAYS WITH
THUNDERSTORM             12     HAIL                       0
SLEET                     0     FOG                       21
FOG W/VIS <= 1/4 MILE     3     HAZE                       5

-  INDICATES NEGATIVE NUMBERS.
R  INDICATES RECORD WAS SET OR TIED.
MM INDICATES DATA IS MISSING.
T  INDICATES TRACE AMOUNT.

$$
