000
CXUS55 KBOU 022017
CLMDEN

CLIMATE REPORT
NATIONAL WEATHER SERVICE DENVER/BOULDER CO
303 AM MDT WED NOV 1  2017

...................................

...THE DENVER CO CLIMATE SUMMARY FOR THE MONTH OF OCTOBER 2017...

CLIMATE NORMAL PERIOD 1981 TO 2010
CLIMATE RECORD PERIOD 1872 TO 2017

WEATHER         OBSERVED          NORMAL  DEPART  LAST YEAR`S
                 VALUE   DATE(S)  VALUE   FROM    VALUE  DATE(S)
                                          NORMAL
................................................................
TEMPERATURE (F)
RECORD
 HIGH              89   10/16/1991
                        10/10/1910
 LOW               -2   10/29/1917
HIGHEST            84   10/25        83       1       86  10/16
LOWEST             13   10/27        22      -9       25  10/20
AVG. MAXIMUM     64.5              65.3    -0.8     74.5
AVG. MINIMUM     35.7              36.6    -0.9     41.2
MEAN             50.1              50.9    -0.8     57.8
DAYS MAX >= 90      0               0.0     0.0        0
DAYS MAX <= 32      0               0.4    -0.4        0
DAYS MIN <= 32     11               8.5     2.5        3
DAYS MIN <= 0       0               0.0     0.0        0

PRECIPITATION (INCHES)
RECORD
 MAXIMUM         4.17   1969
 MINIMUM            T   1934
TOTALS           0.96              1.02   -0.06     0.26
DAILY AVG.       0.03              0.03    0.00     0.01
DAYS >= .01         5               5.3    -0.3        3
DAYS >= .10         4               2.4     1.6        1
DAYS >= .50         0               0.5    -0.5        0
DAYS >= 1.00        0               0.1    -0.1        0
GREATEST
 24 HR. TOTAL    0.35   10/09 TO 10/09           10/05 TO 10/06

SNOWFALL (INCHES)
RECORDS
 TOTAL             2.8
TOTALS            2.8               4.0

DEGREE_DAYS
HEATING TOTAL     455               440      15      231
 SINCE 7/1        585               581       4      310
COOLING TOTAL       1                 5      -4       17
 SINCE 1/1        881               769     112      878

FREEZE DATES
RECORD
 EARLIEST     09/08/1962
 LATEST       06/08/2007
EARLIEST      10/09             10/07
LATEST                          05/05
.................................................................

WIND (MPH)
AVERAGE WIND SPEED              10.3
RESULTANT WIND SPEED/DIRECTION   2/232
HIGHEST WIND SPEED/DIRECTION    46/300    DATE  10/14
HIGHEST GUST SPEED/DIRECTION    59/300    DATE  10/14

SKY COVER
POSSIBLE SUNSHINE (PERCENT)   MM
AVERAGE SKY COVER           0.50
NUMBER OF DAYS FAIR           11
NUMBER OF DAYS PC             15
NUMBER OF DAYS CLOUDY          5

AVERAGE RH (PERCENT)     48

WEATHER CONDITIONS. NUMBER OF DAYS WITH
THUNDERSTORM              3     MIXED PRECIP               0
HEAVY RAIN                0     RAIN                       1
LIGHT RAIN                8     FREEZING RAIN              1
LT FREEZING RAIN          1     HAIL                       0
HEAVY SNOW                0     SNOW                       4
LIGHT SNOW                4     SLEET                      0
FOG                      10     FOG W/VIS <= 1/4 MILE      5
HAZE                      6

-  INDICATES NEGATIVE NUMBERS.
R  INDICATES RECORD WAS SET OR TIED.
MM INDICATES DATA IS MISSING.
T  INDICATES TRACE AMOUNT.

...OCTOBER 2017...SLIGHTLY DRIER AND COOLER THAN NORMAL...

OCTOBER WAS A MONTH WITH NUMEROUS LARGE TEMPERATURE SWINGS WITH MOST
SWINGS STARTING WITH WARM AND DRY WEATHER AND ENDING WITH COLD AND
WET WEATHER. THE MOST NOTEWORTHY TEMPERATURE SWING OCCURRED FROM THE
24TH THROUGH THE 26TH AS TEMPERATURES DROPPED 71 DEGREES IN LESS
THAN 48 HOURS. THE WARMTH ON THE 24TH SET A RECORD HIGH OF 84
DEGREES AND WAS THE WARMEST TEMPERATURE OF THE MONTH. THE COLD
TEMPERATURES ON THE 26TH ENDED UP BEING THE COLDEST TEMPERATURE OF
THE MONTH AT 13 DEGREES. THE MONTH BEGAN WETTER THAN NORMAL WITH
0.38 INCHES OF PRECIPITATION FALLING BETWEEN THE 1ST AND 2ND WHILE
0.56 INCHES OF PRECIPITATION FELL BETWEEN THE 8TH AND 9TH. THE
SYSTEM ON THE 8TH AND 9TH PRODUCED THE FIRST MEASURABLE SNOWFALL OF
THE SEASON IN DENVER AS 2.8 INCHES FELL. AFTER THE 9TH, CONDITIONS
DRIED OUT AS DENVER ONLY RECEIVED 0.02 INCHES OF PRECIPITATION
INCLUDING A TRACE OF SNOW FOR THE REST OF THE MONTH. IN THE END, THE
TEMPERATURE SWINGS AND PERIODS OF WET AND DRY WEATHER EVENED
THEMSELVES OUT SUCH THAT OCTOBER WAS 0.8 DEGREES BELOW NORMAL FOR
THE MONTH AND 0.06 INCHES DRIER THAN AVERAGE.

TEMPERATURES:

THE AVERAGE TEMPERATURE AT DENVER INTERNATIONAL AIRPORT FOR THE
MONTH WAS 50.1 DEGREES F, WHICH IS -0.8 DEGREES BELOW NORMAL. THE
WARMEST OCTOBER ON RECORD OCCURRED IN 1950 WITH AN AVERAGE MONTHLY
TEMPERATURE OF 59.9 DEGREES F. THE COLDEST OCTOBER ON RECORD WAS
38.9 DEGREES BACK IN 1969. ON THE 25TH...THE TEMPERATURE CLIMBED TO
84 DEGREES F WHICH IS THE HIGHEST TEMPERATURE RECORDED DURING THE
MONTH. THE COLDEST TEMPERATURE OF 13 DEGREES F OCCURRED ON THE
MORNING OF THE 27TH.

TEN WARMEST OCTOBER`S IN DENVER WEATHER HISTORY SINCE 1872:

59.9 1950
57.9 1963...1934
57.8 2016
57.4 1993
57.0 1947
56.5 2015
56.3 1875
55.9 1956...1940...1938...1921

TEN COLDEST OCTOBER`S IN DENVER WEATHER HISTORY SINCE 1872:

38.9 1969
42.9 2009
43.3 1925
44.0 2002
44.3 1923
44.7 1984
45.9 1970
46.3 1887
46.5 1919...1913

PRECIPITATION:

PRECIPITATION FOR THE MONTH OF OCTOBER AT DENVER INTERNATIONAL
AIRPORT WAS 0.96 INCHES, WHICH IS 0.06 INCHES BELOW THE NORMAL OF
1.02 INCHES. THERE WERE 5 DAYS WITH MEASURABLE PRECIPITATION DURING
THE MONTH. 0.35 INCHES OF PRECIPITATION FELL ON THE 9TH, WHICH IS
THE GREATEST DAILY AMOUNT FOR THE MONTH.

TEN WETTEST OCTOBER`S IN DENVER WEATHER HISTORY SINCE 1872:

4.17 INCHES 1969
3.92 INCHES 1892
3.72 INCHES 1942
3.50 INCHES 1923
3.47 INCHES 1984
3.05 INCHES 1914
3.03 INCHES 2007
2.84 INCHES 1947
2.62 INCHES 1957
2.46 INCHES 1960...1959

TEN DRIEST OCTOBER`S IN DENVER WEATHER HISTORY SINCE 1872:

TRACE 1934
0.01 INCHES 1933
0.05 INCHES 1962...1944
0.06 INCHES 1988...1954...1948
0.08 INCHES 2003...2001
0.10 INCHES 1980

THERE WERE 3 DAYS IN WHICH THUNDER WAS OBSERVED AT DENVER
INTERNATIONAL AIRPORT AND 5 DAYS WITH DENSE FOG WITH A VISIBILITY AT
OR BELOW 1/4 MILE DURING THE MONTH. THE PEAK WIND GUST OF 46 MPH
FROM THE NORTHWEST OCCURRED ON THE 14TH.

$$
