000
CXUS53 KDDC 011445
CLMDGC


CLIMATE REPORT
NATIONAL WEATHER SERVICE DODGE CITY KS
837 AM CST SUN FEB 1 2015

...................................

...THE DODGE CITY KS CLIMATE SUMMARY FOR THE MONTH OF JANUARY 2015...

CLIMATE NORMAL PERIOD 1981 TO 2010
CLIMATE RECORD PERIOD 1875 TO 2015

WEATHER         OBSERVED          NORMAL  DEPART  LAST YEAR`S
                 VALUE   DATE(S)  VALUE   FROM    VALUE  DATE(S)
                                          NORMAL
................................................................
TEMPERATURE (F)
RECORD
 HIGH              80   01/27/2015
                        01/31/1989
                        59/03/2445
 LOW              -20   01/19/1883
HIGHEST            80R  01/27        42      38       66  01/19
LOWEST              2   01/04        18     -16      -11  01/06
AVG. MAXIMUM     46.1              44.2     1.9     44.9
AVG. MINIMUM     21.6              20.1     1.5     18.4
MEAN             33.9              32.2     1.7     31.7
DAYS MAX >= 90      0               0.0     0.0        0
DAYS MAX <= 32      7               6.5     0.5        6
DAYS MIN <= 32     28              28.5    -0.5       29
DAYS MIN <= 0       0               0.7    -0.7        1

PRECIPITATION (INCHES)
RECORD
 MAXIMUM         1.96   1949
 MINIMUM         0.00   1986
TOTALS           0.66              0.58    0.08     0.24
DAYS >= .01         4               3.5     0.5        5
DAYS >= .10         3               1.5     1.5        1
DAYS >= .50         0               0.3    -0.3        0
DAYS >= 1.00        0               0.0     0.0        0
GREATEST
 24 HR. TOTAL    0.34   01/30 TO 01/31           01/04 TO 01/04

SNOWFALL (INCHES)
RECORDS
 TOTAL           19.7   1898
 24 HR TOTAL     11.3   01/19/1990
 SNOW DEPTH        12   01/07/1988
TOTALS            4.5               4.9    -0.4      4.0
SINCE 7/1        10.5              11.2    -0.7     14.5
SNOWDEPTH AVG.      0                 2      -2        0
DAYS >= 1.0         2               1.3     0.7        2
GREATEST
 SNOW DEPTH         2   01/05                          2  01/07
                        01/04                             01/06
                        01/01                             01/05
 24 HR TOTAL      3.3   01/03 TO 01/03           01/04 TO 01/04

DEGREE_DAYS
HEATING TOTAL     955              1018     -63     1027
 SINCE 7/1       2885              3032    -147     3135
COOLING TOTAL       0                 0       0        0
 SINCE 1/1          0                 0       0        0
.....................................................

WIND (MPH)
AVERAGE WIND SPEED              11.8
RESULTANT WIND SPEED/DIRECTION   4/288
HIGHEST WIND SPEED/DIRECTION    39/360    DATE  01/03
HIGHEST GUST SPEED/DIRECTION    48/350    DATE  01/03

SKY COVER
POSSIBLE SUNSHINE (PERCENT)   MM
AVERAGE SKY COVER           0.30
NUMBER OF DAYS FAIR           19
NUMBER OF DAYS PC              7
NUMBER OF DAYS CLOUDY          5


WEATHER CONDITIONS. NUMBER OF DAYS WITH
THUNDERSTORM              0     MIXED PRECIP               0
HEAVY RAIN                0     RAIN                       0
LIGHT RAIN                4     FREEZING RAIN              0
LT FREEZING RAIN          0     HAIL                       0
HEAVY SNOW                0     SNOW                       1
LIGHT SNOW                2     SLEET                      0
FOG                       6     FOG W/VIS <= 1/4 MILE      1
HAZE                      5

-  INDICATES NEGATIVE NUMBERS.
R  INDICATES RECORD WAS SET OR TIED.
MM INDICATES DATA IS MISSING.
T  INDICATES TRACE AMOUNT.

$$
